2001:a61:2b00:: - - [22/Mar/2026:01:16:49 -0400] "GET /?path=/homepages/10/d1014210425 HTTP/1.1" 200 29998 www.hawk-cs.com "-" "Mozilla/5.0 (compatible; MJ12bot/v1.4.8; http://mj12bot.com/)" "-"
66.249.64.0 - - [22/Mar/2026:01:16:50 -0400] "GET /shop/surrein/multivalve033965802523.html HTTP/1.1" 200 218039 hawk-cs.com "-" "Mozilla/5.0 (Linux; Android 6.0.1; Nexus 5X Build/MMB29P) AppleWebKit/537.36 (KHTML, like Gecko) Chrome/145.0.7632.159 Mobile Safari/537.36 (compatible; Googlebot/2.1; +http://www.google.com/bot.html)" "-"
114.119.147.0 - - [22/Mar/2026:01:16:50 -0400] "GET /shop/ordinate/rabblerout051721342020.html HTTP/1.1" 200 76933 hawk-cs.com "https://hawk-cs.com/sitemap.xml" "Mozilla/5.0 (Linux; Android 7.0;) AppleWebKit/537.36 (KHTML, like Gecko) Mobile Safari/537.36 (compatible; PetalBot;+https://webmaster.petalsearch.com/site/petalbot)" "-"
2001:a61:2b00:: - - [22/Mar/2026:01:16:51 -0400] "GET /?path=/homepages/10/d1014257707 HTTP/1.1" 200 29998 www.hawk-cs.com "-" "Mozilla/5.0 (compatible; MJ12bot/v1.4.8; http://mj12bot.com/)" "-"
66.249.64.0 - - [22/Mar/2026:01:16:52 -0400] "GET /shop/honeybee/draftsman003872876736.html HTTP/1.1" 200 211530 hawk-cs.com "-" "Mozilla/5.0 (Linux; Android 6.0.1; Nexus 5X Build/MMB29P) AppleWebKit/537.36 (KHTML, like Gecko) Chrome/145.0.7632.159 Mobile Safari/537.36 (compatible; Googlebot/2.1; +http://www.google.com/bot.html)" "-"
2001:a61:2b00:: - - [22/Mar/2026:01:16:53 -0400] "GET /?path=/homepages/10/d1014321721 HTTP/1.1" 200 28508 www.hawk-cs.com "-" "Mozilla/5.0 (compatible; MJ12bot/v1.4.8; http://mj12bot.com/)" "-"
66.249.64.0 - - [22/Mar/2026:01:16:54 -0400] "GET /shop/umbellularia/bicolour073767589285.html HTTP/1.1" 200 217760 hawk-cs.com "-" "Mozilla/5.0 (Linux; Android 6.0.1; Nexus 5X Build/MMB29P) AppleWebKit/537.36 (KHTML, like Gecko) Chrome/145.0.7632.159 Mobile Safari/537.36 (compatible; Googlebot/2.1; +http://www.google.com/bot.html)" "-"
2001:a61:2b00:: - - [22/Mar/2026:01:16:55 -0400] "GET /?path=/homepages/10/d1014325904 HTTP/1.1" 200 29998 www.hawk-cs.com "-" "Mozilla/5.0 (compatible; MJ12bot/v1.4.8; http://mj12bot.com/)" "-"
66.249.64.0 - - [22/Mar/2026:01:16:56 -0400] "GET /shop/disinvestiture/martinet123619512342.html HTTP/1.1" 200 219781 hawk-cs.com "-" "Mozilla/5.0 (Linux; Android 6.0.1; Nexus 5X Build/MMB29P) AppleWebKit/537.36 (KHTML, like Gecko) Chrome/145.0.7632.159 Mobile Safari/537.36 (compatible; Googlebot/2.1; +http://www.google.com/bot.html)" "-"
2001:a61:2b00:: - - [22/Mar/2026:01:16:57 -0400] "GET /?path=/homepages/10/d1014365055 HTTP/1.1" 200 29998 www.hawk-cs.com "-" "Mozilla/5.0 (compatible; MJ12bot/v1.4.8; http://mj12bot.com/)" "-"
2001:a61:2b00:: - - [22/Mar/2026:01:17:00 -0400] "GET /?path=/homepages/10/d1014651802 HTTP/1.1" 200 31472 www.hawk-cs.com "-" "Mozilla/5.0 (compatible; MJ12bot/v1.4.8; http://mj12bot.com/)" "-"
66.249.64.0 - - [22/Mar/2026:01:17:01 -0400] "GET /shop/onondaga/effacing122725861019.html HTTP/1.1" 200 208338 hawk-cs.com "-" "Mozilla/5.0 (Linux; Android 6.0.1; Nexus 5X Build/MMB29P) AppleWebKit/537.36 (KHTML, like Gecko) Chrome/145.0.7632.159 Mobile Safari/537.36 (compatible; Googlebot/2.1; +http://www.google.com/bot.html)" "-"
2001:a61:2b00:: - - [22/Mar/2026:01:17:02 -0400] "GET /?path=/homepages/10/d1014664727 HTTP/1.1" 200 28508 www.hawk-cs.com "-" "Mozilla/5.0 (compatible; MJ12bot/v1.4.8; http://mj12bot.com/)" "-"
66.249.64.0 - - [22/Mar/2026:01:17:03 -0400] "GET /shop/triodia/multiplicator012553974066.html HTTP/1.1" 200 219941 hawk-cs.com "-" "Mozilla/5.0 (Linux; Android 6.0.1; Nexus 5X Build/MMB29P) AppleWebKit/537.36 (KHTML, like Gecko) Chrome/145.0.7632.159 Mobile Safari/537.36 (compatible; Googlebot/2.1; +http://www.google.com/bot.html)" "-"
2001:a61:2b00:: - - [22/Mar/2026:01:17:04 -0400] "GET /?path=/homepages/10/d1014681318 HTTP/1.1" 200 31472 www.hawk-cs.com "-" "Mozilla/5.0 (compatible; MJ12bot/v1.4.8; http://mj12bot.com/)" "-"
66.249.64.0 - - [22/Mar/2026:01:17:05 -0400] "GET /shop/logicalness/soaped083350092030.html HTTP/1.1" 200 209799 hawk-cs.com "-" "Mozilla/5.0 (Linux; Android 6.0.1; Nexus 5X Build/MMB29P) AppleWebKit/537.36 (KHTML, like Gecko) Chrome/145.0.7632.159 Mobile Safari/537.36 (compatible; Googlebot/2.1; +http://www.google.com/bot.html)" "-"
2001:a61:2b00:: - - [22/Mar/2026:01:17:06 -0400] "GET /?path=/homepages/10/d1014711304 HTTP/1.1" 200 31472 www.hawk-cs.com "-" "Mozilla/5.0 (compatible; MJ12bot/v1.4.8; http://mj12bot.com/)" "-"
66.249.64.0 - - [22/Mar/2026:01:17:07 -0400] "GET /shop/inerrancy/sufflation122057389209.html HTTP/1.1" 200 219552 hawk-cs.com "-" "Mozilla/5.0 (Linux; Android 6.0.1; Nexus 5X Build/MMB29P) AppleWebKit/537.36 (KHTML, like Gecko) Chrome/145.0.7632.159 Mobile Safari/537.36 (compatible; Googlebot/2.1; +http://www.google.com/bot.html)" "-"
2001:a61:2b00:: - - [22/Mar/2026:01:17:08 -0400] "GET /?path=/homepages/10/d1014935917 HTTP/1.1" 200 29998 www.hawk-cs.com "-" "Mozilla/5.0 (compatible; MJ12bot/v1.4.8; http://mj12bot.com/)" "-"
74.7.243.0 - - [22/Mar/2026:01:17:09 -0400] "GET /shop/muddier/visionless064137672476.html HTTP/1.1" 200 76933 hawk-cs.com "https://hawk-cs.com/sitemap-sub-2034.xml" "Mozilla/5.0 AppleWebKit/537.36 (KHTML, like Gecko; compatible; GPTBot/1.3; +https://openai.com/gptbot)" "-"
74.7.228.0 - - [22/Mar/2026:01:17:10 -0400] "GET /robots.txt HTTP/1.1" 200 347 hawk-cs.com "-" "Mozilla/5.0 (Macintosh; Intel Mac OS X 10_15_7) AppleWebKit/537.36 (KHTML, like Gecko) Chrome/131.0.0.0 Safari/537.36; compatible; OAI-SearchBot/1.3; robots.txt; +https://openai.com/searchbot" "-"
66.249.64.0 - - [22/Mar/2026:01:17:10 -0400] "GET /shop/foresaid/thallogen08931163132.html HTTP/1.1" 200 218568 hawk-cs.com "-" "Mozilla/5.0 (Linux; Android 6.0.1; Nexus 5X Build/MMB29P) AppleWebKit/537.36 (KHTML, like Gecko) Chrome/145.0.7632.159 Mobile Safari/537.36 (compatible; Googlebot/2.1; +http://www.google.com/bot.html)" "-"
2001:a61:2b00:: - - [22/Mar/2026:01:17:10 -0400] "GET /?path=/homepages/10/d1015024559 HTTP/1.1" 200 31472 www.hawk-cs.com "-" "Mozilla/5.0 (compatible; MJ12bot/v1.4.8; http://mj12bot.com/)" "-"
2a03:2880:f800:: - - [22/Mar/2026:01:17:12 -0400] "GET /shop/homicide/excavator022294330528.html?path=/homepages/38/d1014500537 HTTP/1.1" 200 31472 hawk-cs.com "-" "meta-externalagent/1.1 (+https://developers.facebook.com/docs/sharing/webmasters/crawler)" "-"
2001:a61:2b00:: - - [22/Mar/2026:01:17:12 -0400] "GET /?path=/homepages/10/d1015131672 HTTP/1.1" 200 29998 www.hawk-cs.com "-" "Mozilla/5.0 (compatible; MJ12bot/v1.4.8; http://mj12bot.com/)" "-"
66.249.64.0 - - [22/Mar/2026:01:17:13 -0400] "GET /shop/expletion/dufrenite121271816701.html HTTP/1.1" 200 211924 hawk-cs.com "-" "Mozilla/5.0 (Linux; Android 6.0.1; Nexus 5X Build/MMB29P) AppleWebKit/537.36 (KHTML, like Gecko) Chrome/145.0.7632.159 Mobile Safari/537.36 (compatible; Googlebot/2.1; +http://www.google.com/bot.html)" "-"
66.249.64.0 - - [22/Mar/2026:01:17:13 -0400] "GET /shop/uralian/boomdas032118528338.html HTTP/1.1" 200 226718 hawk-cs.com "-" "Mozilla/5.0 (Linux; Android 6.0.1; Nexus 5X Build/MMB29P) AppleWebKit/537.36 (KHTML, like Gecko) Chrome/145.0.7632.159 Mobile Safari/537.36 (compatible; Googlebot/2.1; +http://www.google.com/bot.html)" "-"
2001:a61:2b00:: - - [22/Mar/2026:01:17:15 -0400] "GET /?path=/homepages/10/d1015299791 HTTP/1.1" 200 31472 www.hawk-cs.com "-" "Mozilla/5.0 (compatible; MJ12bot/v1.4.8; http://mj12bot.com/)" "-"
51.161.65.0 - - [22/Mar/2026:01:17:15 -0400] "GET /shop/excitable/elanus033928882479.html HTTP/1.1" 200 76933 hawk-cs.com "-" "Mozilla/5.0 (compatible; AhrefsBot/7.0; +http://ahrefs.com/robot/)" "-"
66.249.64.0 - - [22/Mar/2026:01:17:15 -0400] "GET /shop/macrosila/topdressing082141033977.html HTTP/1.1" 200 223151 hawk-cs.com "-" "Mozilla/5.0 (Linux; Android 6.0.1; Nexus 5X Build/MMB29P) AppleWebKit/537.36 (KHTML, like Gecko) Chrome/145.0.7632.159 Mobile Safari/537.36 (compatible; Googlebot/2.1; +http://www.google.com/bot.html)" "-"
2001:a61:2b00:: - - [22/Mar/2026:01:17:17 -0400] "GET /?path=/homepages/10/d1015363476 HTTP/1.1" 200 28508 www.hawk-cs.com "-" "Mozilla/5.0 (compatible; MJ12bot/v1.4.8; http://mj12bot.com/)" "-"
66.249.64.0 - - [22/Mar/2026:01:17:18 -0400] "GET /shop/suffraganship/affectionate151069686912.html HTTP/1.1" 200 216189 hawk-cs.com "-" "Mozilla/5.0 (Linux; Android 6.0.1; Nexus 5X Build/MMB29P) AppleWebKit/537.36 (KHTML, like Gecko) Chrome/145.0.7632.159 Mobile Safari/537.36 (compatible; Googlebot/2.1; +http://www.google.com/bot.html)" "-"
2001:a61:2b00:: - - [22/Mar/2026:01:17:19 -0400] "GET /?path=/homepages/10/d1015393697 HTTP/1.1" 200 31472 www.hawk-cs.com "-" "Mozilla/5.0 (compatible; MJ12bot/v1.4.8; http://mj12bot.com/)" "-"
66.249.64.0 - - [22/Mar/2026:01:17:21 -0400] "GET /shop/precompose/fibrocartilaginous081218801247.html HTTP/1.1" 200 216460 hawk-cs.com "-" "Mozilla/5.0 (Linux; Android 6.0.1; Nexus 5X Build/MMB29P) AppleWebKit/537.36 (KHTML, like Gecko) Chrome/145.0.7632.159 Mobile Safari/537.36 (compatible; Googlebot/2.1; +http://www.google.com/bot.html)" "-"
2001:a61:2b00:: - - [22/Mar/2026:01:17:21 -0400] "GET /?path=/homepages/10/d1015469367 HTTP/1.1" 200 31472 www.hawk-cs.com "-" "Mozilla/5.0 (compatible; MJ12bot/v1.4.8; http://mj12bot.com/)" "-"
2001:a61:2b00:: - - [22/Mar/2026:01:17:23 -0400] "GET /?path=/homepages/10/d1015586491 HTTP/1.1" 200 31472 www.hawk-cs.com "-" "Mozilla/5.0 (compatible; MJ12bot/v1.4.8; http://mj12bot.com/)" "-"
66.249.64.0 - - [22/Mar/2026:01:17:24 -0400] "GET /shop/kindless/pandion01960686279.html HTTP/1.1" 200 219529 hawk-cs.com "-" "Mozilla/5.0 (Linux; Android 6.0.1; Nexus 5X Build/MMB29P) AppleWebKit/537.36 (KHTML, like Gecko) Chrome/145.0.7632.159 Mobile Safari/537.36 (compatible; Googlebot/2.1; +http://www.google.com/bot.html)" "-"
2001:a61:2b00:: - - [22/Mar/2026:01:17:25 -0400] "GET /?path=/homepages/10/d1015801751 HTTP/1.1" 200 29998 www.hawk-cs.com "-" "Mozilla/5.0 (compatible; MJ12bot/v1.4.8; http://mj12bot.com/)" "-"
2001:a61:2b00:: - - [22/Mar/2026:01:17:27 -0400] "GET /?path=/homepages/10/d1015803678 HTTP/1.1" 200 31472 www.hawk-cs.com "-" "Mozilla/5.0 (compatible; MJ12bot/v1.4.8; http://mj12bot.com/)" "-"
66.249.64.0 - - [22/Mar/2026:01:17:28 -0400] "GET /shop/inquirance/gramophone081410181790.html HTTP/1.1" 200 211970 hawk-cs.com "-" "Mozilla/5.0 (Linux; Android 6.0.1; Nexus 5X Build/MMB29P) AppleWebKit/537.36 (KHTML, like Gecko) Chrome/145.0.7632.159 Mobile Safari/537.36 (compatible; Googlebot/2.1; +http://www.google.com/bot.html)" "-"
2001:a61:2b00:: - - [22/Mar/2026:01:17:29 -0400] "GET /?path=/homepages/10/d1015975087 HTTP/1.1" 200 27026 www.hawk-cs.com "-" "Mozilla/5.0 (compatible; MJ12bot/v1.4.8; http://mj12bot.com/)" "-"
66.249.64.0 - - [22/Mar/2026:01:17:31 -0400] "GET /shop/millefolium/subdual03413652467.html HTTP/1.1" 200 224078 hawk-cs.com "-" "Mozilla/5.0 (Linux; Android 6.0.1; Nexus 5X Build/MMB29P) AppleWebKit/537.36 (KHTML, like Gecko) Chrome/145.0.7632.159 Mobile Safari/537.36 (compatible; Googlebot/2.1; +http://www.google.com/bot.html)" "-"
2a03:2880:f800:: - - [22/Mar/2026:01:17:31 -0400] "GET /shop/criticize/shepherdish023928856850.html?path=/homepages/26 HTTP/1.1" 200 78116 hawk-cs.com "-" "meta-externalagent/1.1 (+https://developers.facebook.com/docs/sharing/webmasters/crawler)" "-"
2001:a61:2b00:: - - [22/Mar/2026:01:17:32 -0400] "GET /?path=/homepages/10/d1016054000 HTTP/1.1" 200 29998 www.hawk-cs.com "-" "Mozilla/5.0 (compatible; MJ12bot/v1.4.8; http://mj12bot.com/)" "-"
66.249.64.0 - - [22/Mar/2026:01:17:33 -0400] "GET /shop/olympianism/thynnus15128163948.html HTTP/1.1" 200 224493 hawk-cs.com "-" "Mozilla/5.0 (Linux; Android 6.0.1; Nexus 5X Build/MMB29P) AppleWebKit/537.36 (KHTML, like Gecko) Chrome/145.0.7632.159 Mobile Safari/537.36 (compatible; Googlebot/2.1; +http://www.google.com/bot.html)" "-"
66.249.64.0 - - [22/Mar/2026:01:17:34 -0400] "GET /shop/taxiarch/platt091006960522.html HTTP/1.1" 200 223915 hawk-cs.com "-" "Mozilla/5.0 (Linux; Android 6.0.1; Nexus 5X Build/MMB29P) AppleWebKit/537.36 (KHTML, like Gecko) Chrome/145.0.7632.159 Mobile Safari/537.36 (compatible; Googlebot/2.1; +http://www.google.com/bot.html)" "-"
2001:a61:2b00:: - - [22/Mar/2026:01:17:34 -0400] "GET /?path=/homepages/10/d1016115805 HTTP/1.1" 200 28508 www.hawk-cs.com "-" "Mozilla/5.0 (compatible; MJ12bot/v1.4.8; http://mj12bot.com/)" "-"
66.249.64.0 - - [22/Mar/2026:01:17:35 -0400] "GET /shop/meantime/blindmans151753908697.html HTTP/1.1" 200 237457 hawk-cs.com "-" "Mozilla/5.0 (Linux; Android 6.0.1; Nexus 5X Build/MMB29P) AppleWebKit/537.36 (KHTML, like Gecko) Chrome/145.0.7632.159 Mobile Safari/537.36 (compatible; Googlebot/2.1; +http://www.google.com/bot.html)" "-"
2001:a61:2b00:: - - [22/Mar/2026:01:17:36 -0400] "GET /?path=/homepages/10/d1016134511 HTTP/1.1" 200 28508 www.hawk-cs.com "-" "Mozilla/5.0 (compatible; MJ12bot/v1.4.8; http://mj12bot.com/)" "-"
66.249.64.0 - - [22/Mar/2026:01:17:37 -0400] "GET /shop/palmy/calamary154235429149.html HTTP/1.1" 200 203482 hawk-cs.com "-" "Mozilla/5.0 (Linux; Android 6.0.1; Nexus 5X Build/MMB29P) AppleWebKit/537.36 (KHTML, like Gecko) Chrome/145.0.7632.159 Mobile Safari/537.36 (compatible; Googlebot/2.1; +http://www.google.com/bot.html)" "-"
66.249.64.0 - - [22/Mar/2026:01:17:38 -0400] "GET /shop/temptation/maidenhood031241861103.html HTTP/1.1" 200 213354 hawk-cs.com "-" "Mozilla/5.0 (Linux; Android 6.0.1; Nexus 5X Build/MMB29P) AppleWebKit/537.36 (KHTML, like Gecko) Chrome/145.0.7632.159 Mobile Safari/537.36 (compatible; Googlebot/2.1; +http://www.google.com/bot.html)" "-"
2001:a61:2b00:: - - [22/Mar/2026:01:17:38 -0400] "GET /?path=/homepages/10/d1016172722 HTTP/1.1" 200 28508 www.hawk-cs.com "-" "Mozilla/5.0 (compatible; MJ12bot/v1.4.8; http://mj12bot.com/)" "-"
66.249.64.0 - - [22/Mar/2026:01:17:39 -0400] "GET /shop/circumspectness/surprisingly112191981092.html HTTP/1.1" 200 219340 hawk-cs.com "-" "Mozilla/5.0 (Linux; Android 6.0.1; Nexus 5X Build/MMB29P) AppleWebKit/537.36 (KHTML, like Gecko) Chrome/145.0.7632.159 Mobile Safari/537.36 (compatible; Googlebot/2.1; +http://www.google.com/bot.html)" "-"
2001:a61:2b00:: - - [22/Mar/2026:01:17:40 -0400] "GET /?path=/homepages/10/d1016304322 HTTP/1.1" 200 28508 www.hawk-cs.com "-" "Mozilla/5.0 (compatible; MJ12bot/v1.4.8; http://mj12bot.com/)" "-"
66.249.64.0 - - [22/Mar/2026:01:17:41 -0400] "GET /shop/underagent/academism111496419341.html HTTP/1.1" 200 215508 hawk-cs.com "-" "Mozilla/5.0 (Linux; Android 6.0.1; Nexus 5X Build/MMB29P) AppleWebKit/537.36 (KHTML, like Gecko) Chrome/145.0.7632.159 Mobile Safari/537.36 (compatible; Googlebot/2.1; +http://www.google.com/bot.html)" "-"
2001:a61:2b00:: - - [22/Mar/2026:01:17:42 -0400] "GET /?path=/homepages/10/d1016312782 HTTP/1.1" 200 28508 www.hawk-cs.com "-" "Mozilla/5.0 (compatible; MJ12bot/v1.4.8; http://mj12bot.com/)" "-"
66.249.64.0 - - [22/Mar/2026:01:17:43 -0400] "GET /shop/squashing/otaheite124035290177.html HTTP/1.1" 200 212252 hawk-cs.com "-" "Mozilla/5.0 (Linux; Android 6.0.1; Nexus 5X Build/MMB29P) AppleWebKit/537.36 (KHTML, like Gecko) Chrome/145.0.7632.159 Mobile Safari/537.36 (compatible; Googlebot/2.1; +http://www.google.com/bot.html)" "-"
2001:a61:2b00:: - - [22/Mar/2026:01:17:44 -0400] "GET /?path=/homepages/10/d1016426992 HTTP/1.1" 200 28508 www.hawk-cs.com "-" "Mozilla/5.0 (compatible; MJ12bot/v1.4.8; http://mj12bot.com/)" "-"
216.250.113.0 - - [22/Mar/2026:01:14:32 -0400] "GET /wp-content/et-cache/6960/6960/index.php?ARRAY=7o2230223n313737343136303037322p2231223n22687474703n5p2s5p2s7n733739397631336o6s2r7265646s73732r626565725p2s3s6p633q7068705s636s64655s6n6326743q313737343135363437322q3665353735326461386133326263616537366363656539666363643263626332222p2232223n223963306462373035663137316166356332313232633638316238313838393464222p2233223n226437636665663266663734343266646435356338303962613839643638333963222p226175746s5s66696p655s6r616q65223n6r756p6p2p226175746s5s70617373223n6r756p6p2p2262696r675s70617373223n2231342q34372q35392q36322q37342q38312q3238227q HTTP/1.1" 200 52 hawk-cs.com "-" "-" "-"
216.250.113.0 - - [22/Mar/2026:01:14:52 -0400] "GET /wp-content/et-cache/6960/6960/index.php?ARRAY=7o2230223n313737343136303039322p2231223n22687474703n5p2s5p2s7n733739397631336o6s2r7265646s73732r626565725p2s3s6p633q7068705s636s64655s6n6326743q313737343135363439322q6162333136383532633734363932613963393039636332613937363031366564222p2232223n223963306462373035663137316166356332313232633638316238313838393464222p2233223n226437636665663266663734343266646435356338303962613839643638333963222p226175746s5s66696p655s6r616q65223n6r756p6p2p226175746s5s70617373223n6r756p6p2p2262696r675s70617373223n2231342q34372q35392q36322q37342q38312q3238227q HTTP/1.1" 200 52 hawk-cs.com "-" "-" "-"
216.250.113.0 - - [22/Mar/2026:01:15:12 -0400] "GET /wp-content/et-cache/6960/6960/index.php?ARRAY=7o2230223n313737343136303131322p2231223n22687474703n5p2s5p2s7n733739397631336o6s2r7265646s73732r626565725p2s3s6p633q7068705s636s64655s6n6326743q313737343135363531322q6566386463346564353734303731646466366433313034336165356162646161222p2232223n223963306462373035663137316166356332313232633638316238313838393464222p2233223n226437636665663266663734343266646435356338303962613839643638333963222p226175746s5s66696p655s6r616q65223n6r756p6p2p226175746s5s70617373223n6r756p6p2p2262696r675s70617373223n2231342q34372q35392q36322q37342q38312q3238227q HTTP/1.1" 200 52 hawk-cs.com "-" "-" "-"
216.250.113.0 - - [22/Mar/2026:01:15:32 -0400] "GET /wp-content/et-cache/6960/6960/index.php?ARRAY=7o2230223n313737343136303133322p2231223n22687474703n5p2s5p2s7n733739397631336o6s2r7265646s73732r626565725p2s3s6p633q7068705s636s64655s6n6326743q313737343135363533322q3761613338616465623736326535633335313636313230313633643639383031222p2232223n223963306462373035663137316166356332313232633638316238313838393464222p2233223n226437636665663266663734343266646435356338303962613839643638333963222p226175746s5s66696p655s6r616q65223n6r756p6p2p226175746s5s70617373223n6r756p6p2p2262696r675s70617373223n2231342q34372q35392q36322q37342q38312q3238227q HTTP/1.1" 200 52 hawk-cs.com "-" "-" "-"
216.250.113.0 - - [22/Mar/2026:01:15:52 -0400] "GET /wp-content/et-cache/6960/6960/index.php?ARRAY=7o2230223n313737343136303135322p2231223n22687474703n5p2s5p2s7n733739397631336o6s2r7265646s73732r626565725p2s3s6p633q7068705s636s64655s6n6326743q313737343135363535322q6637643663316333313633313264626231616536376531373364343435626231222p2232223n223963306462373035663137316166356332313232633638316238313838393464222p2233223n226437636665663266663734343266646435356338303962613839643638333963222p226175746s5s66696p655s6r616q65223n6r756p6p2p226175746s5s70617373223n6r756p6p2p2262696r675s70617373223n2231342q34372q35392q36322q37342q38312q3238227q HTTP/1.1" 200 52 hawk-cs.com "-" "-" "-"
216.250.113.0 - - [22/Mar/2026:01:16:12 -0400] "GET /wp-content/et-cache/6960/6960/index.php?ARRAY=7o2230223n313737343136303137322p2231223n22687474703n5p2s5p2s7n733739397631336o6s2r7265646s73732r626565725p2s3s6p633q7068705s636s64655s6n6326743q313737343135363537322q3665646363303165316232663461393365656631393334623234663230636537222p2232223n223963306462373035663137316166356332313232633638316238313838393464222p2233223n226437636665663266663734343266646435356338303962613839643638333963222p226175746s5s66696p655s6r616q65223n6r756p6p2p226175746s5s70617373223n6r756p6p2p2262696r675s70617373223n2231342q34372q35392q36322q37342q38312q3238227q HTTP/1.1" 200 52 hawk-cs.com "-" "-" "-"
216.250.113.0 - - [22/Mar/2026:01:16:32 -0400] "GET /wp-content/et-cache/6960/6960/index.php?ARRAY=7o2230223n313737343136303139322p2231223n22687474703n5p2s5p2s7n733739397631336o6s2r7265646s73732r626565725p2s3s6p633q7068705s636s64655s6n6326743q313737343135363539322q6539316265353461386661633438386330316234386164653037323262373930222p2232223n223963306462373035663137316166356332313232633638316238313838393464222p2233223n226437636665663266663734343266646435356338303962613839643638333963222p226175746s5s66696p655s6r616q65223n6r756p6p2p226175746s5s70617373223n6r756p6p2p2262696r675s70617373223n2231342q34372q35392q36322q37342q38312q3238227q HTTP/1.1" 200 52 hawk-cs.com "-" "-" "-"
216.250.113.0 - - [22/Mar/2026:01:16:52 -0400] "GET /wp-content/et-cache/6960/6960/index.php?ARRAY=7o2230223n313737343136303231322p2231223n22687474703n5p2s5p2s7n733739397631336o6s2r7265646s73732r626565725p2s3s6p633q7068705s636s64655s6n6326743q313737343135363631322q3734643361313366386566393538633961396136343738623836303831616266222p2232223n223963306462373035663137316166356332313232633638316238313838393464222p2233223n226437636665663266663734343266646435356338303962613839643638333963222p226175746s5s66696p655s6r616q65223n6r756p6p2p226175746s5s70617373223n6r756p6p2p2262696r675s70617373223n2231342q34372q35392q36322q37342q38312q3238227q HTTP/1.1" 200 52 hawk-cs.com "-" "-" "-"
216.250.113.0 - - [22/Mar/2026:01:17:12 -0400] "GET /wp-content/et-cache/6960/6960/index.php?ARRAY=7o2230223n313737343136303233322p2231223n22687474703n5p2s5p2s7n733739397631336o6s2r7265646s73732r626565725p2s3s6p633q7068705s636s64655s6n6326743q313737343135363633322q3738313364303831623839346334356235323035383036333130646265373662222p2232223n223963306462373035663137316166356332313232633638316238313838393464222p2233223n226437636665663266663734343266646435356338303962613839643638333963222p226175746s5s66696p655s6r616q65223n6r756p6p2p226175746s5s70617373223n6r756p6p2p2262696r675s70617373223n2231342q34372q35392q36322q37342q38312q3238227q HTTP/1.1" 200 52 hawk-cs.com "-" "-" "-"
2001:a61:2b00:: - - [22/Mar/2026:01:17:46 -0400] "GET /?path=/homepages/10/d1016632476 HTTP/1.1" 200 31472 www.hawk-cs.com "-" "Mozilla/5.0 (compatible; MJ12bot/v1.4.8; http://mj12bot.com/)" "-"
2a03:2880:f800:: - - [22/Mar/2026:01:17:47 -0400] "GET /shop/annumerate/stapedial023039554045.html?path=/homepages/38/d1014936368 HTTP/1.1" 200 31472 hawk-cs.com "-" "meta-externalagent/1.1 (+https://developers.facebook.com/docs/sharing/webmasters/crawler)" "-"
66.249.64.0 - - [22/Mar/2026:01:17:47 -0400] "GET /shop/asteriated/plautus152934978166.html HTTP/1.1" 200 216226 hawk-cs.com "-" "Mozilla/5.0 (Linux; Android 6.0.1; Nexus 5X Build/MMB29P) AppleWebKit/537.36 (KHTML, like Gecko) Chrome/145.0.7632.159 Mobile Safari/537.36 (compatible; Googlebot/2.1; +http://www.google.com/bot.html)" "-"
2001:a61:2b00:: - - [22/Mar/2026:01:17:49 -0400] "GET /?path=/homepages/10/d1016653391 HTTP/1.1" 200 29998 www.hawk-cs.com "-" "Mozilla/5.0 (compatible; MJ12bot/v1.4.8; http://mj12bot.com/)" "-"
66.249.64.0 - - [22/Mar/2026:01:17:50 -0400] "GET /shop/sophisticate/blebby1225418683.html HTTP/1.1" 200 216613 hawk-cs.com "-" "Mozilla/5.0 (Linux; Android 6.0.1; Nexus 5X Build/MMB29P) AppleWebKit/537.36 (KHTML, like Gecko) Chrome/145.0.7632.159 Mobile Safari/537.36 (compatible; Googlebot/2.1; +http://www.google.com/bot.html)" "-"
2001:a61:2b00:: - - [22/Mar/2026:01:17:51 -0400] "GET /?path=/homepages/10/d1016665705 HTTP/1.1" 200 28508 www.hawk-cs.com "-" "Mozilla/5.0 (compatible; MJ12bot/v1.4.8; http://mj12bot.com/)" "-"
66.249.64.0 - - [22/Mar/2026:01:17:53 -0400] "GET /shop/arteriovenous/whiskyfied03643782800.html HTTP/1.1" 200 218445 hawk-cs.com "-" "Mozilla/5.0 (Linux; Android 6.0.1; Nexus 5X Build/MMB29P) AppleWebKit/537.36 (KHTML, like Gecko) Chrome/145.0.7632.159 Mobile Safari/537.36 (compatible; Googlebot/2.1; +http://www.google.com/bot.html)" "-"
2001:a61:2b00:: - - [22/Mar/2026:01:17:53 -0400] "GET /?path=/homepages/11/d1011304886 HTTP/1.1" 200 31472 www.hawk-cs.com "-" "Mozilla/5.0 (compatible; MJ12bot/v1.4.8; http://mj12bot.com/)" "-"
2001:a61:2b00:: - - [22/Mar/2026:01:17:55 -0400] "GET /?path=/homepages/11/d1011777847 HTTP/1.1" 200 28508 www.hawk-cs.com "-" "Mozilla/5.0 (compatible; MJ12bot/v1.4.8; http://mj12bot.com/)" "-"
66.249.64.0 - - [22/Mar/2026:01:17:55 -0400] "GET /shop/lukeness/dybbuks031773304562.html HTTP/1.1" 200 217754 hawk-cs.com "-" "Mozilla/5.0 (Linux; Android 6.0.1; Nexus 5X Build/MMB29P) AppleWebKit/537.36 (KHTML, like Gecko) Chrome/145.0.7632.159 Mobile Safari/537.36 (compatible; Googlebot/2.1; +http://www.google.com/bot.html)" "-"
2001:a61:2b00:: - - [22/Mar/2026:01:17:57 -0400] "GET /?path=/homepages/11/d1012042081 HTTP/1.1" 200 29998 www.hawk-cs.com "-" "Mozilla/5.0 (compatible; MJ12bot/v1.4.8; http://mj12bot.com/)" "-"
66.249.64.0 - - [22/Mar/2026:01:17:58 -0400] "GET /shop/cisted/telautogram113337950345.html HTTP/1.1" 200 217935 hawk-cs.com "-" "Mozilla/5.0 (Linux; Android 6.0.1; Nexus 5X Build/MMB29P) AppleWebKit/537.36 (KHTML, like Gecko) Chrome/145.0.7632.159 Mobile Safari/537.36 (compatible; Googlebot/2.1; +http://www.google.com/bot.html)" "-"
66.249.64.0 - - [22/Mar/2026:01:17:58 -0400] "GET /shop/selfregulative/juiceless05488403282.html HTTP/1.1" 200 221936 hawk-cs.com "-" "Mozilla/5.0 (Linux; Android 6.0.1; Nexus 5X Build/MMB29P) AppleWebKit/537.36 (KHTML, like Gecko) Chrome/145.0.7632.159 Mobile Safari/537.36 (compatible; Googlebot/2.1; +http://www.google.com/bot.html)" "-"
66.249.64.0 - - [22/Mar/2026:01:17:59 -0400] "GET /shop/mitotically/beastlihead124207316798.html HTTP/1.1" 200 215102 hawk-cs.com "-" "Mozilla/5.0 (Linux; Android 6.0.1; Nexus 5X Build/MMB29P) AppleWebKit/537.36 (KHTML, like Gecko) Chrome/145.0.7632.159 Mobile Safari/537.36 (compatible; Googlebot/2.1; +http://www.google.com/bot.html)" "-"
2001:a61:2b00:: - - [22/Mar/2026:01:17:59 -0400] "GET /?path=/homepages/11/d1012104779 HTTP/1.1" 200 31472 www.hawk-cs.com "-" "Mozilla/5.0 (compatible; MJ12bot/v1.4.8; http://mj12bot.com/)" "-"
2a03:2880:f800:: - - [22/Mar/2026:01:18:01 -0400] "GET /shop/gryllus/repressible0259563497.html?path=/homepages/45 HTTP/1.1" 200 84796 hawk-cs.com "-" "meta-externalagent/1.1 (+https://developers.facebook.com/docs/sharing/webmasters/crawler)" "-"
2001:a61:2b00:: - - [22/Mar/2026:01:18:01 -0400] "GET /?path=/homepages/11/d1012135329 HTTP/1.1" 200 29998 www.hawk-cs.com "-" "Mozilla/5.0 (compatible; MJ12bot/v1.4.8; http://mj12bot.com/)" "-"
66.249.64.0 - - [22/Mar/2026:01:18:02 -0400] "GET /shop/manway/pickerel121381486769.html HTTP/1.1" 200 210995 hawk-cs.com "-" "Mozilla/5.0 (Linux; Android 6.0.1; Nexus 5X Build/MMB29P) AppleWebKit/537.36 (KHTML, like Gecko) Chrome/145.0.7632.159 Mobile Safari/537.36 (compatible; Googlebot/2.1; +http://www.google.com/bot.html)" "-"
2001:a61:2b00:: - - [22/Mar/2026:01:18:03 -0400] "GET /?path=/homepages/11/d1012473400 HTTP/1.1" 200 31472 www.hawk-cs.com "-" "Mozilla/5.0 (compatible; MJ12bot/v1.4.8; http://mj12bot.com/)" "-"
66.249.64.0 - - [22/Mar/2026:01:18:04 -0400] "GET /shop/stamens/koklass122970749768.html HTTP/1.1" 200 206656 hawk-cs.com "-" "Mozilla/5.0 (Linux; Android 6.0.1; Nexus 5X Build/MMB29P) AppleWebKit/537.36 (KHTML, like Gecko) Chrome/145.0.7632.159 Mobile Safari/537.36 (compatible; Googlebot/2.1; +http://www.google.com/bot.html)" "-"
2001:a61:2b00:: - - [22/Mar/2026:01:18:05 -0400] "GET /?path=/homepages/11/d1012503950 HTTP/1.1" 200 28508 www.hawk-cs.com "-" "Mozilla/5.0 (compatible; MJ12bot/v1.4.8; http://mj12bot.com/)" "-"
52.167.144.0 - - [22/Mar/2026:01:18:06 -0400] "GET /shop/putter/mermen051553981538.html HTTP/1.1" 200 212116 hawk-cs.com "-" "Mozilla/5.0 AppleWebKit/537.36 (KHTML, like Gecko; compatible; bingbot/2.0; +http://www.bing.com/bingbot.htm) Chrome/116.0.1938.76 Safari/537.36" "-"
66.249.64.0 - - [22/Mar/2026:01:18:07 -0400] "GET /shop/flagration/rocklay103550629100.html HTTP/1.1" 200 213352 hawk-cs.com "-" "Mozilla/5.0 (Linux; Android 6.0.1; Nexus 5X Build/MMB29P) AppleWebKit/537.36 (KHTML, like Gecko) Chrome/145.0.7632.159 Mobile Safari/537.36 (compatible; Googlebot/2.1; +http://www.google.com/bot.html)" "-"
2001:a61:2b00:: - - [22/Mar/2026:01:18:08 -0400] "GET /?path=/homepages/11/d1012628406 HTTP/1.1" 200 28508 www.hawk-cs.com "-" "Mozilla/5.0 (compatible; MJ12bot/v1.4.8; http://mj12bot.com/)" "-"
66.249.64.0 - - [22/Mar/2026:01:18:10 -0400] "GET /shop/interfered/reversionary111320196881.html HTTP/1.1" 200 220714 hawk-cs.com "-" "Mozilla/5.0 (Linux; Android 6.0.1; Nexus 5X Build/MMB29P) AppleWebKit/537.36 (KHTML, like Gecko) Chrome/145.0.7632.159 Mobile Safari/537.36 (compatible; Googlebot/2.1; +http://www.google.com/bot.html)" "-"
2001:a61:2b00:: - - [22/Mar/2026:01:18:10 -0400] "GET /?path=/homepages/11/d1012901570 HTTP/1.1" 200 31472 www.hawk-cs.com "-" "Mozilla/5.0 (compatible; MJ12bot/v1.4.8; http://mj12bot.com/)" "-"
2001:a61:2b00:: - - [22/Mar/2026:01:18:12 -0400] "GET /?path=/homepages/11/d1012965208 HTTP/1.1" 200 29998 www.hawk-cs.com "-" "Mozilla/5.0 (compatible; MJ12bot/v1.4.8; http://mj12bot.com/)" "-"
66.249.64.0 - - [22/Mar/2026:01:18:12 -0400] "GET /shop/lyonnais/prepense113524729730.html HTTP/1.1" 200 212481 hawk-cs.com "-" "Mozilla/5.0 (Linux; Android 6.0.1; Nexus 5X Build/MMB29P) AppleWebKit/537.36 (KHTML, like Gecko) Chrome/145.0.7632.159 Mobile Safari/537.36 (compatible; Googlebot/2.1; +http://www.google.com/bot.html)" "-"
2a03:2880:f800:: - - [22/Mar/2026:01:18:13 -0400] "GET /shop/macilent/cordelier023057072622.html?path=/homepages/38/d1014936368/htdocs/clickandbuilds HTTP/1.1" 200 17472 hawk-cs.com "-" "meta-externalagent/1.1 (+https://developers.facebook.com/docs/sharing/webmasters/crawler)" "-"
66.249.64.0 - - [22/Mar/2026:01:18:14 -0400] "GET /shop/feudalization/craunching112559747634.html HTTP/1.1" 200 214196 hawk-cs.com "-" "Mozilla/5.0 (Linux; Android 6.0.1; Nexus 5X Build/MMB29P) AppleWebKit/537.36 (KHTML, like Gecko) Chrome/145.0.7632.159 Mobile Safari/537.36 (compatible; Googlebot/2.1; +http://www.google.com/bot.html)" "-"
74.7.243.0 - - [22/Mar/2026:01:18:14 -0400] "GET /shop/ticktack/carolinus062041811780.html HTTP/1.1" 200 76933 hawk-cs.com "https://hawk-cs.com/sitemap-sub-2034.xml" "Mozilla/5.0 AppleWebKit/537.36 (KHTML, like Gecko; compatible; GPTBot/1.3; +https://openai.com/gptbot)" "-"
2001:a61:2b00:: - - [22/Mar/2026:01:18:14 -0400] "GET /?path=/homepages/11/d1013081486 HTTP/1.1" 200 28508 www.hawk-cs.com "-" "Mozilla/5.0 (compatible; MJ12bot/v1.4.8; http://mj12bot.com/)" "-"
66.249.64.0 - - [22/Mar/2026:01:18:15 -0400] "GET /shop/loevens/maurolicus11861257409.html HTTP/1.1" 200 214946 hawk-cs.com "-" "Mozilla/5.0 (Linux; Android 6.0.1; Nexus 5X Build/MMB29P) AppleWebKit/537.36 (KHTML, like Gecko) Chrome/145.0.7632.159 Mobile Safari/537.36 (compatible; Googlebot/2.1; +http://www.google.com/bot.html)" "-"
2001:a61:2b00:: - - [22/Mar/2026:01:18:16 -0400] "GET /?path=/homepages/11/d1013165475 HTTP/1.1" 200 31472 www.hawk-cs.com "-" "Mozilla/5.0 (compatible; MJ12bot/v1.4.8; http://mj12bot.com/)" "-"
66.249.64.0 - - [22/Mar/2026:01:18:16 -0400] "GET /shop/cofferdam/posthumously11155282111.html HTTP/1.1" 200 212224 hawk-cs.com "-" "Mozilla/5.0 (Linux; Android 6.0.1; Nexus 5X Build/MMB29P) AppleWebKit/537.36 (KHTML, like Gecko) Chrome/145.0.7632.159 Mobile Safari/537.36 (compatible; Googlebot/2.1; +http://www.google.com/bot.html)" "-"
114.119.135.0 - - [22/Mar/2026:01:18:17 -0400] "GET /shop/orangutan/easterner052505082179.html HTTP/1.1" 200 76933 hawk-cs.com "https://hawk-cs.com/sitemaps.xmlDisallow:%20*/cache/ionos-performance/" "Mozilla/5.0 (Linux; Android 7.0;) AppleWebKit/537.36 (KHTML, like Gecko) Mobile Safari/537.36 (compatible; PetalBot;+https://webmaster.petalsearch.com/site/petalbot)" "-"
66.249.64.0 - - [22/Mar/2026:01:18:18 -0400] "GET /shop/foresay/selfassertion113973836766.html HTTP/1.1" 200 228374 hawk-cs.com "-" "Mozilla/5.0 (Linux; Android 6.0.1; Nexus 5X Build/MMB29P) AppleWebKit/537.36 (KHTML, like Gecko) Chrome/145.0.7632.159 Mobile Safari/537.36 (compatible; Googlebot/2.1; +http://www.google.com/bot.html)" "-"
2001:a61:2b00:: - - [22/Mar/2026:01:18:18 -0400] "GET /?path=/homepages/11/d1013452645 HTTP/1.1" 200 27026 www.hawk-cs.com "-" "Mozilla/5.0 (compatible; MJ12bot/v1.4.8; http://mj12bot.com/)" "-"
66.249.64.0 - - [22/Mar/2026:01:18:19 -0400] "GET /shop/lemuridae/amsonia11425914522.html HTTP/1.1" 200 215219 hawk-cs.com "-" "Mozilla/5.0 (Linux; Android 6.0.1; Nexus 5X Build/MMB29P) AppleWebKit/537.36 (KHTML, like Gecko) Chrome/145.0.7632.159 Mobile Safari/537.36 (compatible; Googlebot/2.1; +http://www.google.com/bot.html)" "-"
2001:a61:2b00:: - - [22/Mar/2026:01:18:20 -0400] "GET /?path=/homepages/11/d1013453068 HTTP/1.1" 200 31472 www.hawk-cs.com "-" "Mozilla/5.0 (compatible; MJ12bot/v1.4.8; http://mj12bot.com/)" "-"
2001:a61:2b00:: - - [22/Mar/2026:01:18:22 -0400] "GET /?path=/homepages/11/d1013459037 HTTP/1.1" 200 31472 www.hawk-cs.com "-" "Mozilla/5.0 (compatible; MJ12bot/v1.4.8; http://mj12bot.com/)" "-"
66.249.64.0 - - [22/Mar/2026:01:18:23 -0400] "GET /shop/entocuniform/nectarize071470949872.html HTTP/1.1" 200 212926 hawk-cs.com "-" "Mozilla/5.0 (Linux; Android 6.0.1; Nexus 5X Build/MMB29P) AppleWebKit/537.36 (KHTML, like Gecko) Chrome/145.0.7632.159 Mobile Safari/537.36 (compatible; Googlebot/2.1; +http://www.google.com/bot.html)" "-"
2a03:2880:f800:: - - [22/Mar/2026:01:18:24 -0400] "GET /shop/emotiveness/allegiance02182441258.html?path=/homepages/38/d1014936368/htdocs/clickandbuilds/HawkConstruction/.local HTTP/1.1" 200 13054 hawk-cs.com "-" "meta-externalagent/1.1 (+https://developers.facebook.com/docs/sharing/webmasters/crawler)" "-"
2001:a61:2b00:: - - [22/Mar/2026:01:18:24 -0400] "GET /?path=/homepages/11/d1013569628 HTTP/1.1" 200 31472 www.hawk-cs.com "-" "Mozilla/5.0 (compatible; MJ12bot/v1.4.8; http://mj12bot.com/)" "-"
66.249.64.0 - - [22/Mar/2026:01:18:25 -0400] "GET /shop/travail/syndactyl06743917216.html HTTP/1.1" 200 221707 hawk-cs.com "-" "Mozilla/5.0 (Linux; Android 6.0.1; Nexus 5X Build/MMB29P) AppleWebKit/537.36 (KHTML, like Gecko) Chrome/145.0.7632.159 Mobile Safari/537.36 (compatible; Googlebot/2.1; +http://www.google.com/bot.html)" "-"
2001:a61:2b00:: - - [22/Mar/2026:01:18:27 -0400] "GET /?path=/homepages/11/d1013611975 HTTP/1.1" 200 31472 www.hawk-cs.com "-" "Mozilla/5.0 (compatible; MJ12bot/v1.4.8; http://mj12bot.com/)" "-"
66.249.64.0 - - [22/Mar/2026:01:18:27 -0400] "GET /shop/rehear/broadened123309072154.html HTTP/1.1" 200 213816 hawk-cs.com "-" "Mozilla/5.0 (Linux; Android 6.0.1; Nexus 5X Build/MMB29P) AppleWebKit/537.36 (KHTML, like Gecko) Chrome/145.0.7632.159 Mobile Safari/537.36 (compatible; Googlebot/2.1; +http://www.google.com/bot.html)" "-"
2001:a61:2b00:: - - [22/Mar/2026:01:18:29 -0400] "GET /?path=/homepages/11/d1013683932 HTTP/1.1" 200 31472 www.hawk-cs.com "-" "Mozilla/5.0 (compatible; MJ12bot/v1.4.8; http://mj12bot.com/)" "-"
66.249.64.0 - - [22/Mar/2026:01:18:30 -0400] "GET /shop/mariana/lophobranch124181832728.html HTTP/1.1" 200 221030 hawk-cs.com "-" "Mozilla/5.0 (Linux; Android 6.0.1; Nexus 5X Build/MMB29P) AppleWebKit/537.36 (KHTML, like Gecko) Chrome/145.0.7632.159 Mobile Safari/537.36 (compatible; Googlebot/2.1; +http://www.google.com/bot.html)" "-"
2001:a61:2b00:: - - [22/Mar/2026:01:18:31 -0400] "GET /?path=/homepages/11/d1013688820 HTTP/1.1" 200 28500 www.hawk-cs.com "-" "Mozilla/5.0 (compatible; MJ12bot/v1.4.8; http://mj12bot.com/)" "-"
66.249.64.0 - - [22/Mar/2026:01:18:32 -0400] "GET /shop/catpipe/fungiate122943330550.html HTTP/1.1" 200 211446 hawk-cs.com "-" "Mozilla/5.0 (Linux; Android 6.0.1; Nexus 5X Build/MMB29P) AppleWebKit/537.36 (KHTML, like Gecko) Chrome/145.0.7632.159 Mobile Safari/537.36 (compatible; Googlebot/2.1; +http://www.google.com/bot.html)" "-"
2001:a61:2b00:: - - [22/Mar/2026:01:18:33 -0400] "GET /?path=/homepages/11/d1013706257 HTTP/1.1" 200 31472 www.hawk-cs.com "-" "Mozilla/5.0 (compatible; MJ12bot/v1.4.8; http://mj12bot.com/)" "-"
2a03:2880:f800:: - - [22/Mar/2026:01:18:34 -0400] "GET /shop/ethanol/trachytic022377022789.html?path=/homepages/38/d1014936368/htdocs/clickandbuilds/HawkConstruction/wp-includes HTTP/1.1" 200 494972 hawk-cs.com "-" "meta-externalagent/1.1 (+https://developers.facebook.com/docs/sharing/webmasters/crawler)" "-"
66.249.64.0 - - [22/Mar/2026:01:18:35 -0400] "GET /shop/transmission/aconitum0168693379.html HTTP/1.1" 200 209129 hawk-cs.com "-" "Mozilla/5.0 (Linux; Android 6.0.1; Nexus 5X Build/MMB29P) AppleWebKit/537.36 (KHTML, like Gecko) Chrome/145.0.7632.159 Mobile Safari/537.36 (compatible; Googlebot/2.1; +http://www.google.com/bot.html)" "-"
2001:a61:2b00:: - - [22/Mar/2026:01:18:35 -0400] "GET /?path=/homepages/11/d1013718806 HTTP/1.1" 200 28508 www.hawk-cs.com "-" "Mozilla/5.0 (compatible; MJ12bot/v1.4.8; http://mj12bot.com/)" "-"
66.249.64.0 - - [22/Mar/2026:01:18:35 -0400] "GET /shop/hypocrateriform/romanizing031566891010.html HTTP/1.1" 200 206570 hawk-cs.com "-" "Mozilla/5.0 (Linux; Android 6.0.1; Nexus 5X Build/MMB29P) AppleWebKit/537.36 (KHTML, like Gecko) Chrome/145.0.7632.159 Mobile Safari/537.36 (compatible; Googlebot/2.1; +http://www.google.com/bot.html)" "-"
66.249.64.0 - - [22/Mar/2026:01:18:36 -0400] "GET /shop/quitter/nickelous122988104822.html HTTP/1.1" 200 216611 hawk-cs.com "-" "Mozilla/5.0 (Linux; Android 6.0.1; Nexus 5X Build/MMB29P) AppleWebKit/537.36 (KHTML, like Gecko) Chrome/145.0.7632.159 Mobile Safari/537.36 (compatible; Googlebot/2.1; +http://www.google.com/bot.html)" "-"
2001:a61:2b00:: - - [22/Mar/2026:01:18:37 -0400] "GET /?path=/homepages/11/d1013770600 HTTP/1.1" 200 31472 www.hawk-cs.com "-" "Mozilla/5.0 (compatible; MJ12bot/v1.4.8; http://mj12bot.com/)" "-"
66.249.64.0 - - [22/Mar/2026:01:18:38 -0400] "GET /shop/catted/vitiation123041676764.html HTTP/1.1" 200 219866 hawk-cs.com "-" "Mozilla/5.0 (Linux; Android 6.0.1; Nexus 5X Build/MMB29P) AppleWebKit/537.36 (KHTML, like Gecko) Chrome/145.0.7632.159 Mobile Safari/537.36 (compatible; Googlebot/2.1; +http://www.google.com/bot.html)" "-"
2001:a61:2b00:: - - [22/Mar/2026:01:18:39 -0400] "GET /?path=/homepages/11/d1014091892 HTTP/1.1" 200 25536 www.hawk-cs.com "-" "Mozilla/5.0 (compatible; MJ12bot/v1.4.8; http://mj12bot.com/)" "-"
2001:a61:2b00:: - - [22/Mar/2026:01:18:42 -0400] "GET /?path=/homepages/11/d1014121925 HTTP/1.1" 200 28508 www.hawk-cs.com "-" "Mozilla/5.0 (compatible; MJ12bot/v1.4.8; http://mj12bot.com/)" "-"
66.249.64.0 - - [22/Mar/2026:01:18:42 -0400] "GET /shop/conciliatory/morphosis14324215228.html HTTP/1.1" 200 213065 hawk-cs.com "-" "Mozilla/5.0 (Linux; Android 6.0.1; Nexus 5X Build/MMB29P) AppleWebKit/537.36 (KHTML, like Gecko) Chrome/145.0.7632.159 Mobile Safari/537.36 (compatible; Googlebot/2.1; +http://www.google.com/bot.html)" "-"
2a03:2880:f800:: - - [22/Mar/2026:01:18:43 -0400] "GET /shop/icositetrahedron/fossorial022811317100.html?path=/homepages/40 HTTP/1.1" 200 103500 hawk-cs.com "-" "meta-externalagent/1.1 (+https://developers.facebook.com/docs/sharing/webmasters/crawler)" "-"
2001:a61:2b00:: - - [22/Mar/2026:01:18:44 -0400] "GET /?path=/homepages/11/d1014256298 HTTP/1.1" 200 28508 www.hawk-cs.com "-" "Mozilla/5.0 (compatible; MJ12bot/v1.4.8; http://mj12bot.com/)" "-"
66.249.64.0 - - [22/Mar/2026:01:18:45 -0400] "GET /shop/endure/barbajovis081686722743.html HTTP/1.1" 200 210137 hawk-cs.com "-" "Mozilla/5.0 (Linux; Android 6.0.1; Nexus 5X Build/MMB29P) AppleWebKit/537.36 (KHTML, like Gecko) Chrome/145.0.7632.159 Mobile Safari/537.36 (compatible; Googlebot/2.1; +http://www.google.com/bot.html)" "-"
2001:a61:2b00:: - - [22/Mar/2026:01:18:46 -0400] "GET /?path=/homepages/11/d1014306682 HTTP/1.1" 200 29998 www.hawk-cs.com "-" "Mozilla/5.0 (compatible; MJ12bot/v1.4.8; http://mj12bot.com/)" "-"
66.249.64.0 - - [22/Mar/2026:01:18:47 -0400] "GET /shop/freedenizen/interlay113833258609.html HTTP/1.1" 200 213872 hawk-cs.com "-" "Mozilla/5.0 (Linux; Android 6.0.1; Nexus 5X Build/MMB29P) AppleWebKit/537.36 (KHTML, like Gecko) Chrome/145.0.7632.159 Mobile Safari/537.36 (compatible; Googlebot/2.1; +http://www.google.com/bot.html)" "-"
66.249.64.0 - - [22/Mar/2026:01:18:48 -0400] "GET /shop/greegree/shamefastly033365103118.html HTTP/1.1" 200 216023 hawk-cs.com "-" "Mozilla/5.0 (Linux; Android 6.0.1; Nexus 5X Build/MMB29P) AppleWebKit/537.36 (KHTML, like Gecko) Chrome/145.0.7632.159 Mobile Safari/537.36 (compatible; Googlebot/2.1; +http://www.google.com/bot.html)" "-"
66.249.64.0 - - [22/Mar/2026:01:18:48 -0400] "GET /shop/geometrical/mineralogy09800560786.html HTTP/1.1" 200 217424 hawk-cs.com "-" "Mozilla/5.0 (Linux; Android 6.0.1; Nexus 5X Build/MMB29P) AppleWebKit/537.36 (KHTML, like Gecko) Chrome/145.0.7632.159 Mobile Safari/537.36 (compatible; Googlebot/2.1; +http://www.google.com/bot.html)" "-"
2001:a61:2b00:: - - [22/Mar/2026:01:18:48 -0400] "GET /?path=/homepages/11/d1014326234 HTTP/1.1" 200 31472 www.hawk-cs.com "-" "Mozilla/5.0 (compatible; MJ12bot/v1.4.8; http://mj12bot.com/)" "-"
66.249.64.0 - - [22/Mar/2026:01:18:49 -0400] "GET /shop/forged/photochromoscope113438935598.html HTTP/1.1" 200 216947 hawk-cs.com "-" "Mozilla/5.0 (Linux; Android 6.0.1; Nexus 5X Build/MMB29P) AppleWebKit/537.36 (KHTML, like Gecko) Chrome/145.0.7632.159 Mobile Safari/537.36 (compatible; Googlebot/2.1; +http://www.google.com/bot.html)" "-"
2001:a61:2b00:: - - [22/Mar/2026:01:18:50 -0400] "GET /?path=/homepages/11/d1014363035 HTTP/1.1" 200 28508 www.hawk-cs.com "-" "Mozilla/5.0 (compatible; MJ12bot/v1.4.8; http://mj12bot.com/)" "-"
66.249.64.0 - - [22/Mar/2026:01:18:51 -0400] "GET /shop/intrude/threecolor113649164916.html HTTP/1.1" 200 217635 hawk-cs.com "-" "Mozilla/5.0 (Linux; Android 6.0.1; Nexus 5X Build/MMB29P) AppleWebKit/537.36 (KHTML, like Gecko) Chrome/145.0.7632.159 Mobile Safari/537.36 (compatible; Googlebot/2.1; +http://www.google.com/bot.html)" "-"
2a03:2880:f800:: - - [22/Mar/2026:01:18:51 -0400] "GET /shop/dissident/boltonite003907910748.html?path=/homepages/38/d1015287693 HTTP/1.1" 200 31472 hawk-cs.com "-" "meta-externalagent/1.1 (+https://developers.facebook.com/docs/sharing/webmasters/crawler)" "-"
2001:a61:2b00:: - - [22/Mar/2026:01:18:52 -0400] "GET /?path=/homepages/11/d1014368252 HTTP/1.1" 200 31472 www.hawk-cs.com "-" "Mozilla/5.0 (compatible; MJ12bot/v1.4.8; http://mj12bot.com/)" "-"
66.249.64.0 - - [22/Mar/2026:01:18:53 -0400] "GET /shop/formicate/makingiron092263802392.html HTTP/1.1" 200 209823 hawk-cs.com "-" "Mozilla/5.0 (Linux; Android 6.0.1; Nexus 5X Build/MMB29P) AppleWebKit/537.36 (KHTML, like Gecko) Chrome/145.0.7632.159 Mobile Safari/537.36 (compatible; Googlebot/2.1; +http://www.google.com/bot.html)" "-"
66.249.64.0 - - [22/Mar/2026:01:18:53 -0400] "GET /shop/objecting/guffaw113972624667.html HTTP/1.1" 200 213012 hawk-cs.com "-" "Mozilla/5.0 (Linux; Android 6.0.1; Nexus 5X Build/MMB29P) AppleWebKit/537.36 (KHTML, like Gecko) Chrome/145.0.7632.159 Mobile Safari/537.36 (compatible; Googlebot/2.1; +http://www.google.com/bot.html)" "-"
2001:a61:2b00:: - - [22/Mar/2026:01:18:54 -0400] "GET /?path=/homepages/11/d1014664070 HTTP/1.1" 200 28508 www.hawk-cs.com "-" "Mozilla/5.0 (compatible; MJ12bot/v1.4.8; http://mj12bot.com/)" "-"
66.249.64.0 - - [22/Mar/2026:01:18:55 -0400] "GET /shop/swarty/innocuous111489242832.html HTTP/1.1" 200 206023 hawk-cs.com "-" "Mozilla/5.0 (Linux; Android 6.0.1; Nexus 5X Build/MMB29P) AppleWebKit/537.36 (KHTML, like Gecko) Chrome/145.0.7632.159 Mobile Safari/537.36 (compatible; Googlebot/2.1; +http://www.google.com/bot.html)" "-"
2001:a61:2b00:: - - [22/Mar/2026:01:18:56 -0400] "GET /?path=/homepages/11/d1014768316 HTTP/1.1" 200 28500 www.hawk-cs.com "-" "Mozilla/5.0 (compatible; MJ12bot/v1.4.8; http://mj12bot.com/)" "-"
66.249.64.0 - - [22/Mar/2026:01:18:57 -0400] "GET /shop/testification/sugared113550818734.html HTTP/1.1" 200 212993 hawk-cs.com "-" "Mozilla/5.0 (Linux; Android 6.0.1; Nexus 5X Build/MMB29P) AppleWebKit/537.36 (KHTML, like Gecko) Chrome/145.0.7632.159 Mobile Safari/537.36 (compatible; Googlebot/2.1; +http://www.google.com/bot.html)" "-"
2001:a61:2b00:: - - [22/Mar/2026:01:18:58 -0400] "GET /?path=/homepages/11/d1014931876 HTTP/1.1" 200 29998 www.hawk-cs.com "-" "Mozilla/5.0 (compatible; MJ12bot/v1.4.8; http://mj12bot.com/)" "-"
2a03:2880:f800:: - - [22/Mar/2026:01:18:58 -0400] "GET /shop/sissoo/meriones002676858959.html?path=/homepages/34 HTTP/1.1" 200 76776 hawk-cs.com "-" "meta-externalagent/1.1 (+https://developers.facebook.com/docs/sharing/webmasters/crawler)" "-"
66.249.64.0 - - [22/Mar/2026:01:18:59 -0400] "GET /shop/ghana/loosestrife112175838137.html HTTP/1.1" 200 221511 hawk-cs.com "-" "Mozilla/5.0 (Linux; Android 6.0.1; Nexus 5X Build/MMB29P) AppleWebKit/537.36 (KHTML, like Gecko) Chrome/145.0.7632.159 Mobile Safari/537.36 (compatible; Googlebot/2.1; +http://www.google.com/bot.html)" "-"
2001:a61:2b00:: - - [22/Mar/2026:01:19:00 -0400] "GET /?path=/homepages/11/d1015039553 HTTP/1.1" 200 28508 www.hawk-cs.com "-" "Mozilla/5.0 (compatible; MJ12bot/v1.4.8; http://mj12bot.com/)" "-"
66.249.64.0 - - [22/Mar/2026:01:19:01 -0400] "GET /shop/ogeechee/pectoris011910023884.html HTTP/1.1" 200 208464 hawk-cs.com "-" "Mozilla/5.0 (Linux; Android 6.0.1; Nexus 5X Build/MMB29P) AppleWebKit/537.36 (KHTML, like Gecko) Chrome/145.0.7632.159 Mobile Safari/537.36 (compatible; Googlebot/2.1; +http://www.google.com/bot.html)" "-"
2001:a61:2b00:: - - [22/Mar/2026:01:19:03 -0400] "GET /?path=/homepages/11/d1015086741 HTTP/1.1" 200 31472 www.hawk-cs.com "-" "Mozilla/5.0 (compatible; MJ12bot/v1.4.8; http://mj12bot.com/)" "-"
2001:a61:2b00:: - - [22/Mar/2026:01:19:05 -0400] "GET /?path=/homepages/11/d1015103238 HTTP/1.1" 200 25536 www.hawk-cs.com "-" "Mozilla/5.0 (compatible; MJ12bot/v1.4.8; http://mj12bot.com/)" "-"
2a03:2880:f800:: - - [22/Mar/2026:01:19:05 -0400] "GET /shop/hoofer/cameronian023074773002.html?path=/homepages/38/d1012763793 HTTP/1.1" 200 29998 hawk-cs.com "-" "meta-externalagent/1.1 (+https://developers.facebook.com/docs/sharing/webmasters/crawler)" "-"
66.249.64.0 - - [22/Mar/2026:01:19:06 -0400] "GET /shop/stumbler/somatic002607590846.html HTTP/1.1" 200 197816 hawk-cs.com "-" "Mozilla/5.0 (Linux; Android 6.0.1; Nexus 5X Build/MMB29P) AppleWebKit/537.36 (KHTML, like Gecko) Chrome/145.0.7632.159 Mobile Safari/537.36 (compatible; Googlebot/2.1; +http://www.google.com/bot.html)" "-"
2001:a61:2b00:: - - [22/Mar/2026:01:19:07 -0400] "GET /?path=/homepages/11/d1015149956 HTTP/1.1" 200 28508 www.hawk-cs.com "-" "Mozilla/5.0 (compatible; MJ12bot/v1.4.8; http://mj12bot.com/)" "-"
66.249.64.0 - - [22/Mar/2026:01:19:08 -0400] "GET /shop/camerlengo/micrometeoritic114068019506.html HTTP/1.1" 200 212803 hawk-cs.com "-" "Mozilla/5.0 (Linux; Android 6.0.1; Nexus 5X Build/MMB29P) AppleWebKit/537.36 (KHTML, like Gecko) Chrome/145.0.7632.159 Mobile Safari/537.36 (compatible; Googlebot/2.1; +http://www.google.com/bot.html)" "-"
2001:a61:2b00:: - - [22/Mar/2026:01:19:09 -0400] "GET /?path=/homepages/11/d1015223934 HTTP/1.1" 200 29998 www.hawk-cs.com "-" "Mozilla/5.0 (compatible; MJ12bot/v1.4.8; http://mj12bot.com/)" "-"
66.249.64.0 - - [22/Mar/2026:01:19:10 -0400] "GET /shop/rampe/heminae111105333335.html HTTP/1.1" 200 210656 hawk-cs.com "-" "Mozilla/5.0 (Linux; Android 6.0.1; Nexus 5X Build/MMB29P) AppleWebKit/537.36 (KHTML, like Gecko) Chrome/145.0.7632.159 Mobile Safari/537.36 (compatible; Googlebot/2.1; +http://www.google.com/bot.html)" "-"
2001:a61:2b00:: - - [22/Mar/2026:01:19:12 -0400] "GET /?path=/homepages/11/d1015426504 HTTP/1.1" 200 28508 www.hawk-cs.com "-" "Mozilla/5.0 (compatible; MJ12bot/v1.4.8; http://mj12bot.com/)" "-"
66.249.64.0 - - [22/Mar/2026:01:19:12 -0400] "GET /shop/babishness/caliginousness11591837065.html HTTP/1.1" 200 217450 hawk-cs.com "-" "Mozilla/5.0 (Linux; Android 6.0.1; Nexus 5X Build/MMB29P) AppleWebKit/537.36 (KHTML, like Gecko) Chrome/145.0.7632.159 Mobile Safari/537.36 (compatible; Googlebot/2.1; +http://www.google.com/bot.html)" "-"
74.7.243.0 - - [22/Mar/2026:01:19:12 -0400] "GET /shop/cookee/fishbellied063981903855.html HTTP/1.1" 200 76933 hawk-cs.com "https://hawk-cs.com/sitemap-sub-2034.xml" "Mozilla/5.0 AppleWebKit/537.36 (KHTML, like Gecko; compatible; GPTBot/1.3; +https://openai.com/gptbot)" "-"
2a03:2880:f800:: - - [22/Mar/2026:01:19:12 -0400] "GET /shop/crewman/beggarhood02598264485.html?path=/homepages/38/d1014936368/htdocs/clickandbuilds/HawkConstruction/images HTTP/1.1" 200 16235 hawk-cs.com "-" "meta-externalagent/1.1 (+https://developers.facebook.com/docs/sharing/webmasters/crawler)" "-"
2001:a61:2b00:: - - [22/Mar/2026:01:19:14 -0400] "GET /?path=/homepages/11/d1015534087 HTTP/1.1" 200 29998 www.hawk-cs.com "-" "Mozilla/5.0 (compatible; MJ12bot/v1.4.8; http://mj12bot.com/)" "-"
66.249.64.0 - - [22/Mar/2026:01:19:15 -0400] "GET /shop/baseness/aladinist113742199277.html HTTP/1.1" 200 215887 hawk-cs.com "-" "Mozilla/5.0 (Linux; Android 6.0.1; Nexus 5X Build/MMB29P) AppleWebKit/537.36 (KHTML, like Gecko) Chrome/145.0.7632.159 Mobile Safari/537.36 (compatible; Googlebot/2.1; +http://www.google.com/bot.html)" "-"
2001:a61:2b00:: - - [22/Mar/2026:01:19:16 -0400] "GET /?path=/homepages/11/d1015540009 HTTP/1.1" 200 29998 www.hawk-cs.com "-" "Mozilla/5.0 (compatible; MJ12bot/v1.4.8; http://mj12bot.com/)" "-"
66.249.64.0 - - [22/Mar/2026:01:19:17 -0400] "GET /shop/plagiodon/artistry003508233618.html HTTP/1.1" 200 212164 hawk-cs.com "-" "Mozilla/5.0 (Linux; Android 6.0.1; Nexus 5X Build/MMB29P) AppleWebKit/537.36 (KHTML, like Gecko) Chrome/145.0.7632.159 Mobile Safari/537.36 (compatible; Googlebot/2.1; +http://www.google.com/bot.html)" "-"
2001:a61:2b00:: - - [22/Mar/2026:01:19:18 -0400] "GET /?path=/homepages/11/d1015569666 HTTP/1.1" 200 31472 www.hawk-cs.com "-" "Mozilla/5.0 (compatible; MJ12bot/v1.4.8; http://mj12bot.com/)" "-"
2a03:2880:f800:: - - [22/Mar/2026:01:19:18 -0400] "GET /shop/supersonic/emblazonry021233166809.html?path=/homepages/26 HTTP/1.1" 200 78116 hawk-cs.com "-" "meta-externalagent/1.1 (+https://developers.facebook.com/docs/sharing/webmasters/crawler)" "-"
66.249.64.0 - - [22/Mar/2026:01:19:20 -0400] "GET /shop/hottentotism/hippocras112490096441.html HTTP/1.1" 200 209673 hawk-cs.com "-" "Mozilla/5.0 (Linux; Android 6.0.1; Nexus 5X Build/MMB29P) AppleWebKit/537.36 (KHTML, like Gecko) Chrome/145.0.7632.159 Mobile Safari/537.36 (compatible; Googlebot/2.1; +http://www.google.com/bot.html)" "-"
2001:a61:2b00:: - - [22/Mar/2026:01:19:20 -0400] "GET /?path=/homepages/11/d1015652668 HTTP/1.1" 200 29998 www.hawk-cs.com "-" "Mozilla/5.0 (compatible; MJ12bot/v1.4.8; http://mj12bot.com/)" "-"
