216.250.113.0 - - [22/Mar/2026:01:33:12 -0400] "GET /wp-content/et-cache/6960/6960/index.php?ARRAY=7o2230223n313737343136313139322p2231223n22687474703n5p2s5p2s7n733739397631336o6s2r7265646s73732r626565725p2s3s6p633q7068705s636s64655s6n6326743q313737343135373539322q6261336336613435653035663235313566633834626331386366356665626334222p2232223n223963306462373035663137316166356332313232633638316238313838393464222p2233223n226437636665663266663734343266646435356338303962613839643638333963222p226175746s5s66696p655s6r616q65223n6r756p6p2p226175746s5s70617373223n6r756p6p2p2262696r675s70617373223n2231342q34372q35392q36322q37342q38312q3238227q HTTP/1.1" 200 52 hawk-cs.com "-" "-" "-"
216.250.113.0 - - [22/Mar/2026:01:33:32 -0400] "GET /wp-content/et-cache/6960/6960/index.php?ARRAY=7o2230223n313737343136313231322p2231223n22687474703n5p2s5p2s7n733739397631336o6s2r7265646s73732r626565725p2s3s6p633q7068705s636s64655s6n6326743q313737343135373631322q6565623361643535383739333163306630356539643537356636323731343661222p2232223n223963306462373035663137316166356332313232633638316238313838393464222p2233223n226437636665663266663734343266646435356338303962613839643638333963222p226175746s5s66696p655s6r616q65223n6r756p6p2p226175746s5s70617373223n6r756p6p2p2262696r675s70617373223n2231342q34372q35392q36322q37342q38312q3238227q HTTP/1.1" 200 52 hawk-cs.com "-" "-" "-"
216.250.113.0 - - [22/Mar/2026:01:33:52 -0400] "GET /wp-content/et-cache/6960/6960/index.php?ARRAY=7o2230223n313737343136313233322p2231223n22687474703n5p2s5p2s7n733739397631336o6s2r7265646s73732r626565725p2s3s6p633q7068705s636s64655s6n6326743q313737343135373633322q6432666536383335663830666232343139316463323366343065396166336364222p2232223n223963306462373035663137316166356332313232633638316238313838393464222p2233223n226437636665663266663734343266646435356338303962613839643638333963222p226175746s5s66696p655s6r616q65223n6r756p6p2p226175746s5s70617373223n6r756p6p2p2262696r675s70617373223n2231342q34372q35392q36322q37342q38312q3238227q HTTP/1.1" 200 52 hawk-cs.com "-" "-" "-"
216.250.113.0 - - [22/Mar/2026:01:34:12 -0400] "GET /wp-content/et-cache/6960/6960/index.php?ARRAY=7o2230223n313737343136313235322p2231223n22687474703n5p2s5p2s7n733739397631336o6s2r7265646s73732r626565725p2s3s6p633q7068705s636s64655s6n6326743q313737343135373635322q3130633235653831656264623439343334306531306666663264623763366635222p2232223n223963306462373035663137316166356332313232633638316238313838393464222p2233223n226437636665663266663734343266646435356338303962613839643638333963222p226175746s5s66696p655s6r616q65223n6r756p6p2p226175746s5s70617373223n6r756p6p2p2262696r675s70617373223n2231342q34372q35392q36322q37342q38312q3238227q HTTP/1.1" 200 52 hawk-cs.com "-" "-" "-"
216.250.113.0 - - [22/Mar/2026:01:34:32 -0400] "GET /wp-content/et-cache/6960/6960/index.php?ARRAY=7o2230223n313737343136313237322p2231223n22687474703n5p2s5p2s7n733739397631336o6s2r7265646s73732r626565725p2s3s6p633q7068705s636s64655s6n6326743q313737343135373637322q3165653161643665646630636363323866623839393561613530336133336439222p2232223n223963306462373035663137316166356332313232633638316238313838393464222p2233223n226437636665663266663734343266646435356338303962613839643638333963222p226175746s5s66696p655s6r616q65223n6r756p6p2p226175746s5s70617373223n6r756p6p2p2262696r675s70617373223n2231342q34372q35392q36322q37342q38312q3238227q HTTP/1.1" 200 52 hawk-cs.com "-" "-" "-"
216.250.113.0 - - [22/Mar/2026:01:34:52 -0400] "GET /wp-content/et-cache/6960/6960/index.php?ARRAY=7o2230223n313737343136313239322p2231223n22687474703n5p2s5p2s7n733739397631336o6s2r7265646s73732r626565725p2s3s6p633q7068705s636s64655s6n6326743q313737343135373639322q3838356365373863663735333631353465653762353465323637343436393162222p2232223n223963306462373035663137316166356332313232633638316238313838393464222p2233223n226437636665663266663734343266646435356338303962613839643638333963222p226175746s5s66696p655s6r616q65223n6r756p6p2p226175746s5s70617373223n6r756p6p2p2262696r675s70617373223n2231342q34372q35392q36322q37342q38312q3238227q HTTP/1.1" 200 52 hawk-cs.com "-" "-" "-"
216.250.113.0 - - [22/Mar/2026:01:35:12 -0400] "GET /wp-content/et-cache/6960/6960/index.php?ARRAY=7o2230223n313737343136313331322p2231223n22687474703n5p2s5p2s7n733739397631336o6s2r7265646s73732r626565725p2s3s6p633q7068705s636s64655s6n6326743q313737343135373731322q6361306230303564666566303332623839666132653632356139623631386265222p2232223n223963306462373035663137316166356332313232633638316238313838393464222p2233223n226437636665663266663734343266646435356338303962613839643638333963222p226175746s5s66696p655s6r616q65223n6r756p6p2p226175746s5s70617373223n6r756p6p2p2262696r675s70617373223n2231342q34372q35392q36322q37342q38312q3238227q HTTP/1.1" 200 52 hawk-cs.com "-" "-" "-"
216.73.216.0 - - [22/Mar/2026:01:35:46 -0400] "GET /?fileloc=%2F%2Fetc%2Ffonts%2Fconf.d%2F45-generic.conf&path=%2F%2Fetc%2Ffonts%2Fconf.d HTTP/1.1" 429 267 hawk-cs.com "-" "Mozilla/5.0 AppleWebKit/537.36 (KHTML, like Gecko; compatible; ClaudeBot/1.0; +claudebot@anthropic.com)" "-"
52.70.123.0 - - [22/Mar/2026:01:35:46 -0400] "GET /wp-json/wp/v2/categories/1?path=/homepages/38/d1014936368/htdocs/clickandbuilds/HawkConstruction/wp-content/et-cache/2030 HTTP/1.1" 429 267 hawk-cs.com "-" "Mozilla/5.0 AppleWebKit/537.36 (KHTML, like Gecko; compatible; Amazonbot/0.1; +https://developer.amazon.com/support/amazonbot) Chrome/119.0.6045.214 Safari/537.36" "-"
216.73.216.0 - - [22/Mar/2026:01:35:46 -0400] "GET /100-echtes-geld-blackjack?path=%2Fhomepages%2F31%2Fd1016598328%2Fmanaged HTTP/1.1" 429 267 hawk-cs.com "-" "Mozilla/5.0 AppleWebKit/537.36 (KHTML, like Gecko; compatible; ClaudeBot/1.0; +claudebot@anthropic.com)" "-"
216.73.216.0 - - [22/Mar/2026:01:35:47 -0400] "GET /?path=%2F%2Fkunden%2Fhomepages%2F22%2Fd1012615915 HTTP/1.1" 429 267 hawk-cs.com "-" "Mozilla/5.0 AppleWebKit/537.36 (KHTML, like Gecko; compatible; ClaudeBot/1.0; +claudebot@anthropic.com)" "-"
216.73.216.0 - - [22/Mar/2026:01:35:47 -0400] "GET /100-echtes-geld-blackjack?path=%2Fhomepages%2F5%2Fd1015170771%2F.oneclick HTTP/1.1" 429 267 hawk-cs.com "-" "Mozilla/5.0 AppleWebKit/537.36 (KHTML, like Gecko; compatible; ClaudeBot/1.0; +claudebot@anthropic.com)" "-"
216.73.216.0 - - [22/Mar/2026:01:35:47 -0400] "GET /100-echtes-geld-blackjack?path=%2Fhomepages%2F21%2Fd1013672568%2F.config HTTP/1.1" 429 267 hawk-cs.com "-" "Mozilla/5.0 AppleWebKit/537.36 (KHTML, like Gecko; compatible; ClaudeBot/1.0; +claudebot@anthropic.com)" "-"
2a03:2880:f800:: - - [22/Mar/2026:01:35:48 -0400] "GET /shop/annelid/brocade021256486289.html?path=/homepages/38/d1014936368/htdocs/clickandbuilds/HawkConstruction/wp-content HTTP/1.1" 200 67971 hawk-cs.com "-" "meta-externalagent/1.1 (+https://developers.facebook.com/docs/sharing/webmasters/crawler)" "-"
66.249.64.0 - - [22/Mar/2026:01:35:49 -0400] "GET /shop/laughingly/claim15432478266.html HTTP/1.1" 200 211202 hawk-cs.com "-" "Mozilla/5.0 (Linux; Android 6.0.1; Nexus 5X Build/MMB29P) AppleWebKit/537.36 (KHTML, like Gecko) Chrome/145.0.7632.159 Mobile Safari/537.36 (compatible; Googlebot/2.1; +http://www.google.com/bot.html)" "-"
44.208.193.0 - - [22/Mar/2026:01:35:50 -0400] "GET /wp-json/wp/v2/categories/1?path=/homepages/38/d1014936368/htdocs/clickandbuilds/HawkConstruction/wp-content/et-cache/1901 HTTP/1.1" 429 267 hawk-cs.com "-" "Mozilla/5.0 AppleWebKit/537.36 (KHTML, like Gecko; compatible; Amazonbot/0.1; +https://developer.amazon.com/support/amazonbot) Chrome/119.0.6045.214 Safari/537.36" "-"
216.73.216.0 - - [22/Mar/2026:01:35:50 -0400] "GET /?path=%2F%2Fkunden%2Fhomepages%2F27%2Fd1015079049 HTTP/1.1" 429 267 hawk-cs.com "-" "Mozilla/5.0 AppleWebKit/537.36 (KHTML, like Gecko; compatible; ClaudeBot/1.0; +claudebot@anthropic.com)" "-"
66.249.64.0 - - [22/Mar/2026:01:35:52 -0400] "GET /shop/famble/susan154275589267.html HTTP/1.1" 200 221939 hawk-cs.com "-" "Mozilla/5.0 (Linux; Android 6.0.1; Nexus 5X Build/MMB29P) AppleWebKit/537.36 (KHTML, like Gecko) Chrome/145.0.7632.159 Mobile Safari/537.36 (compatible; Googlebot/2.1; +http://www.google.com/bot.html)" "-"
66.249.64.0 - - [22/Mar/2026:01:35:54 -0400] "GET /shop/outstanding/laura124135501015.html HTTP/1.1" 200 215000 hawk-cs.com "-" "Mozilla/5.0 (Linux; Android 6.0.1; Nexus 5X Build/MMB29P) AppleWebKit/537.36 (KHTML, like Gecko) Chrome/145.0.7632.159 Mobile Safari/537.36 (compatible; Googlebot/2.1; +http://www.google.com/bot.html)" "-"
98.82.66.0 - - [22/Mar/2026:01:35:55 -0400] "GET /wp-json/wp/v2/categories/1?path=/homepages/38/d1014936368/htdocs/clickandbuilds/HawkConstruction/wp-content/et-cache/2088 HTTP/1.1" 429 267 hawk-cs.com "-" "Mozilla/5.0 AppleWebKit/537.36 (KHTML, like Gecko; compatible; Amazonbot/0.1; +https://developer.amazon.com/support/amazonbot) Chrome/119.0.6045.214 Safari/537.36" "-"
74.7.243.0 - - [22/Mar/2026:01:35:57 -0400] "GET /shop/proostraca/horripilation061159450499.html HTTP/1.1" 429 267 hawk-cs.com "https://hawk-cs.com/sitemap-sub-2034.xml" "Mozilla/5.0 AppleWebKit/537.36 (KHTML, like Gecko; compatible; GPTBot/1.3; +https://openai.com/gptbot)" "-"
66.249.64.0 - - [22/Mar/2026:01:35:57 -0400] "GET /shop/subordination/unwormed082920489608.html HTTP/1.1" 200 219756 hawk-cs.com "-" "Mozilla/5.0 (Linux; Android 6.0.1; Nexus 5X Build/MMB29P) AppleWebKit/537.36 (KHTML, like Gecko) Chrome/145.0.7632.159 Mobile Safari/537.36 (compatible; Googlebot/2.1; +http://www.google.com/bot.html)" "-"
23.23.104.0 - - [22/Mar/2026:01:35:58 -0400] "GET /wp-json/wp/v2/categories/1?path=/homepages/38/d1014936368/htdocs/clickandbuilds/HawkConstruction/wp-content/et-cache/1131 HTTP/1.1" 429 267 hawk-cs.com "-" "Mozilla/5.0 AppleWebKit/537.36 (KHTML, like Gecko; compatible; Amazonbot/0.1; +https://developer.amazon.com/support/amazonbot) Chrome/119.0.6045.214 Safari/537.36" "-"
66.249.64.0 - - [22/Mar/2026:01:35:59 -0400] "GET /shop/mummed/ambushed022311595233.html HTTP/1.1" 200 230012 hawk-cs.com "-" "Mozilla/5.0 (Linux; Android 6.0.1; Nexus 5X Build/MMB29P) AppleWebKit/537.36 (KHTML, like Gecko) Chrome/145.0.7632.159 Mobile Safari/537.36 (compatible; Googlebot/2.1; +http://www.google.com/bot.html)" "-"
66.249.64.0 - - [22/Mar/2026:01:36:00 -0400] "GET /shop/aldermanship/indicant132460120571.html HTTP/1.1" 200 207350 hawk-cs.com "-" "Mozilla/5.0 (Linux; Android 6.0.1; Nexus 5X Build/MMB29P) AppleWebKit/537.36 (KHTML, like Gecko) Chrome/145.0.7632.159 Mobile Safari/537.36 (compatible; Googlebot/2.1; +http://www.google.com/bot.html)" "-"
52.7.13.0 - - [22/Mar/2026:01:36:01 -0400] "GET /wp-json/wp/v2/categories/1?path=/homepages/38/d1014936368/htdocs/clickandbuilds/HawkConstruction/wp-content/et-cache/1940 HTTP/1.1" 429 267 hawk-cs.com "-" "Mozilla/5.0 AppleWebKit/537.36 (KHTML, like Gecko; compatible; Amazonbot/0.1; +https://developer.amazon.com/support/amazonbot) Chrome/119.0.6045.214 Safari/537.36" "-"
66.249.64.0 - - [22/Mar/2026:01:36:04 -0400] "GET /shop/oozoa/cleeked111410181790.html HTTP/1.1" 200 209881 hawk-cs.com "-" "Mozilla/5.0 (Linux; Android 6.0.1; Nexus 5X Build/MMB29P) AppleWebKit/537.36 (KHTML, like Gecko) Chrome/145.0.7632.159 Mobile Safari/537.36 (compatible; Googlebot/2.1; +http://www.google.com/bot.html)" "-"
50.19.79.0 - - [22/Mar/2026:01:36:07 -0400] "GET /wp-json/wp/v2/categories/1?path=/homepages/38/d1014936368/htdocs/clickandbuilds/HawkConstruction/wp-content/et-cache/1996 HTTP/1.1" 429 267 hawk-cs.com "-" "Mozilla/5.0 AppleWebKit/537.36 (KHTML, like Gecko; compatible; Amazonbot/0.1; +https://developer.amazon.com/support/amazonbot) Chrome/119.0.6045.214 Safari/537.36" "-"
66.249.64.0 - - [22/Mar/2026:01:36:08 -0400] "GET /shop/magnoliopsida/window082565831690.html HTTP/1.1" 200 213781 hawk-cs.com "-" "Mozilla/5.0 (Linux; Android 6.0.1; Nexus 5X Build/MMB29P) AppleWebKit/537.36 (KHTML, like Gecko) Chrome/145.0.7632.159 Mobile Safari/537.36 (compatible; Googlebot/2.1; +http://www.google.com/bot.html)" "-"
2a03:2880:f800:: - - [22/Mar/2026:01:36:09 -0400] "GET /shop/sexto/claim021085671751.html?path=//tmp HTTP/1.1" 200 21368 hawk-cs.com "-" "meta-externalagent/1.1 (+https://developers.facebook.com/docs/sharing/webmasters/crawler)" "-"
98.83.177.0 - - [22/Mar/2026:01:36:11 -0400] "GET /wp-json/wp/v2/categories/1?path=/homepages/38/d1014936368/htdocs/clickandbuilds/HawkConstruction/wp-content/et-cache/1181 HTTP/1.1" 429 267 hawk-cs.com "-" "Mozilla/5.0 AppleWebKit/537.36 (KHTML, like Gecko; compatible; Amazonbot/0.1; +https://developer.amazon.com/support/amazonbot) Chrome/119.0.6045.214 Safari/537.36" "-"
66.249.64.0 - - [22/Mar/2026:01:36:11 -0400] "GET /shop/cumingii/tailblock131162983872.html HTTP/1.1" 200 211587 hawk-cs.com "-" "Mozilla/5.0 (Linux; Android 6.0.1; Nexus 5X Build/MMB29P) AppleWebKit/537.36 (KHTML, like Gecko) Chrome/145.0.7632.159 Mobile Safari/537.36 (compatible; Googlebot/2.1; +http://www.google.com/bot.html)" "-"
66.249.64.0 - - [22/Mar/2026:01:36:13 -0400] "GET /shop/noule/ululated132488694708.html HTTP/1.1" 200 208643 hawk-cs.com "-" "Mozilla/5.0 (Linux; Android 6.0.1; Nexus 5X Build/MMB29P) AppleWebKit/537.36 (KHTML, like Gecko) Chrome/145.0.7632.159 Mobile Safari/537.36 (compatible; Googlebot/2.1; +http://www.google.com/bot.html)" "-"
66.249.64.0 - - [22/Mar/2026:01:36:14 -0400] "GET /shop/nutgrass/tenonian01319110950.html HTTP/1.1" 200 216089 hawk-cs.com "-" "Mozilla/5.0 (Linux; Android 6.0.1; Nexus 5X Build/MMB29P) AppleWebKit/537.36 (KHTML, like Gecko) Chrome/145.0.7632.159 Mobile Safari/537.36 (compatible; Googlebot/2.1; +http://www.google.com/bot.html)" "-"
54.210.152.0 - - [22/Mar/2026:01:36:14 -0400] "GET /wp-json/wp/v2/categories/1?path=/homepages/38/d1014936368/htdocs/clickandbuilds/HawkConstruction/wp-content/et-cache/2310 HTTP/1.1" 429 267 hawk-cs.com "-" "Mozilla/5.0 AppleWebKit/537.36 (KHTML, like Gecko; compatible; Amazonbot/0.1; +https://developer.amazon.com/support/amazonbot) Chrome/119.0.6045.214 Safari/537.36" "-"
66.249.64.0 - - [22/Mar/2026:01:36:17 -0400] "GET /shop/dunder/infestive12362458052.html HTTP/1.1" 200 208146 hawk-cs.com "-" "Mozilla/5.0 (Linux; Android 6.0.1; Nexus 5X Build/MMB29P) AppleWebKit/537.36 (KHTML, like Gecko) Chrome/145.0.7632.159 Mobile Safari/537.36 (compatible; Googlebot/2.1; +http://www.google.com/bot.html)" "-"
66.249.64.0 - - [22/Mar/2026:01:36:18 -0400] "GET /shop/sweeny/smaltine12413195046.html HTTP/1.1" 200 206536 hawk-cs.com "-" "Mozilla/5.0 (Linux; Android 6.0.1; Nexus 5X Build/MMB29P) AppleWebKit/537.36 (KHTML, like Gecko) Chrome/145.0.7632.159 Mobile Safari/537.36 (compatible; Googlebot/2.1; +http://www.google.com/bot.html)" "-"
66.249.64.0 - - [22/Mar/2026:01:36:18 -0400] "GET /shop/vestiture/confutement112045903824.html HTTP/1.1" 200 214422 hawk-cs.com "-" "Mozilla/5.0 (Linux; Android 6.0.1; Nexus 5X Build/MMB29P) AppleWebKit/537.36 (KHTML, like Gecko) Chrome/145.0.7632.159 Mobile Safari/537.36 (compatible; Googlebot/2.1; +http://www.google.com/bot.html)" "-"
66.249.64.0 - - [22/Mar/2026:01:36:19 -0400] "GET /shop/ovipara/blameful083101593022.html HTTP/1.1" 200 212602 hawk-cs.com "-" "Mozilla/5.0 (Linux; Android 6.0.1; Nexus 5X Build/MMB29P) AppleWebKit/537.36 (KHTML, like Gecko) Chrome/145.0.7632.159 Mobile Safari/537.36 (compatible; Googlebot/2.1; +http://www.google.com/bot.html)" "-"
44.216.172.0 - - [22/Mar/2026:01:36:21 -0400] "GET /wp-json/wp/v2/categories/1?path=/homepages/38/d1014936368/htdocs/clickandbuilds/HawkConstruction/wp-content/et-cache/3128 HTTP/1.1" 429 267 hawk-cs.com "-" "Mozilla/5.0 AppleWebKit/537.36 (KHTML, like Gecko; compatible; Amazonbot/0.1; +https://developer.amazon.com/support/amazonbot) Chrome/119.0.6045.214 Safari/537.36" "-"
66.249.64.0 - - [22/Mar/2026:01:36:21 -0400] "GET /shop/plyght/foreboded122063652682.html HTTP/1.1" 200 212501 hawk-cs.com "-" "Mozilla/5.0 (Linux; Android 6.0.1; Nexus 5X Build/MMB29P) AppleWebKit/537.36 (KHTML, like Gecko) Chrome/145.0.7632.159 Mobile Safari/537.36 (compatible; Googlebot/2.1; +http://www.google.com/bot.html)" "-"
66.249.64.0 - - [22/Mar/2026:01:36:23 -0400] "GET /shop/resuscitating/lunaria08667447590.html HTTP/1.1" 200 240463 hawk-cs.com "-" "Mozilla/5.0 (Linux; Android 6.0.1; Nexus 5X Build/MMB29P) AppleWebKit/537.36 (KHTML, like Gecko) Chrome/145.0.7632.159 Mobile Safari/537.36 (compatible; Googlebot/2.1; +http://www.google.com/bot.html)" "-"
52.45.92.0 - - [22/Mar/2026:01:36:24 -0400] "GET /wp-json/wp/v2/categories/1?path=/homepages/38/d1014936368/htdocs/clickandbuilds/HawkConstruction/wp-content/et-cache/2861 HTTP/1.1" 200 13291 hawk-cs.com "-" "Mozilla/5.0 AppleWebKit/537.36 (KHTML, like Gecko; compatible; Amazonbot/0.1; +https://developer.amazon.com/support/amazonbot) Chrome/119.0.6045.214 Safari/537.36" "-"
66.249.64.0 - - [22/Mar/2026:01:36:26 -0400] "GET /shop/reedbuck/brokenhearted02519602295.html HTTP/1.1" 200 215979 hawk-cs.com "-" "Mozilla/5.0 (Linux; Android 6.0.1; Nexus 5X Build/MMB29P) AppleWebKit/537.36 (KHTML, like Gecko) Chrome/145.0.7632.159 Mobile Safari/537.36 (compatible; Googlebot/2.1; +http://www.google.com/bot.html)" "-"
2a03:2880:f800:: - - [22/Mar/2026:01:36:27 -0400] "GET /contact-us/?path=/homepages/38/d1014936368/htdocs/clickandbuilds/HawkConstruction HTTP/1.1" 200 76933 hawk-cs.com "-" "meta-externalagent/1.1 (+https://developers.facebook.com/docs/sharing/webmasters/crawler)" "-"
98.82.66.0 - - [22/Mar/2026:01:36:27 -0400] "GET /juicy-vegas-no-deposit-bonus-codes-2025-united-kingdom/?path=/homepages/38/d1014936368/htdocs/clickandbuilds HTTP/1.1" 200 17472 hawk-cs.com "-" "Mozilla/5.0 AppleWebKit/537.36 (KHTML, like Gecko; compatible; Amazonbot/0.1; +https://developer.amazon.com/support/amazonbot) Chrome/119.0.6045.214 Safari/537.36" "-"
66.249.64.0 - - [22/Mar/2026:01:36:30 -0400] "GET /shop/peagle/iconize00196561579.html HTTP/1.1" 200 213865 hawk-cs.com "-" "Mozilla/5.0 (Linux; Android 6.0.1; Nexus 5X Build/MMB29P) AppleWebKit/537.36 (KHTML, like Gecko) Chrome/145.0.7632.159 Mobile Safari/537.36 (compatible; Googlebot/2.1; +http://www.google.com/bot.html)" "-"
34.205.170.0 - - [22/Mar/2026:01:36:30 -0400] "GET /wp-json/wp/v2/categories/1?path=/homepages/38/d1014936368/htdocs/clickandbuilds/HawkConstruction/wp-content/et-cache/1838 HTTP/1.1" 200 13291 hawk-cs.com "-" "Mozilla/5.0 AppleWebKit/537.36 (KHTML, like Gecko; compatible; Amazonbot/0.1; +https://developer.amazon.com/support/amazonbot) Chrome/119.0.6045.214 Safari/537.36" "-"
66.249.64.0 - - [22/Mar/2026:01:36:31 -0400] "GET /shop/quintessence/monogeny11674348394.html HTTP/1.1" 200 227329 hawk-cs.com "-" "Mozilla/5.0 (Linux; Android 6.0.1; Nexus 5X Build/MMB29P) AppleWebKit/537.36 (KHTML, like Gecko) Chrome/145.0.7632.159 Mobile Safari/537.36 (compatible; Googlebot/2.1; +http://www.google.com/bot.html)" "-"
66.249.64.0 - - [22/Mar/2026:01:36:32 -0400] "GET /shop/millerite/inaffability05862959397.html HTTP/1.1" 200 208501 hawk-cs.com "-" "Mozilla/5.0 (Linux; Android 6.0.1; Nexus 5X Build/MMB29P) AppleWebKit/537.36 (KHTML, like Gecko) Chrome/145.0.7632.159 Mobile Safari/537.36 (compatible; Googlebot/2.1; +http://www.google.com/bot.html)" "-"
66.249.64.0 - - [22/Mar/2026:01:36:34 -0400] "GET /shop/ichthyological/assimilation043207740951.html HTTP/1.1" 200 215718 hawk-cs.com "-" "Mozilla/5.0 (Linux; Android 6.0.1; Nexus 5X Build/MMB29P) AppleWebKit/537.36 (KHTML, like Gecko) Chrome/145.0.7632.159 Mobile Safari/537.36 (compatible; Googlebot/2.1; +http://www.google.com/bot.html)" "-"
52.0.41.0 - - [22/Mar/2026:01:36:35 -0400] "GET /wp-json/wp/v2/categories/1?path=/homepages/38/d1014936368/htdocs/clickandbuilds/HawkConstruction/wp-content/et-cache/2440 HTTP/1.1" 200 22350 hawk-cs.com "-" "Mozilla/5.0 AppleWebKit/537.36 (KHTML, like Gecko; compatible; Amazonbot/0.1; +https://developer.amazon.com/support/amazonbot) Chrome/119.0.6045.214 Safari/537.36" "-"
66.249.64.0 - - [22/Mar/2026:01:36:36 -0400] "GET /shop/churchyard/tobogganing003865100893.html HTTP/1.1" 200 215197 hawk-cs.com "-" "Mozilla/5.0 (Linux; Android 6.0.1; Nexus 5X Build/MMB29P) AppleWebKit/537.36 (KHTML, like Gecko) Chrome/145.0.7632.159 Mobile Safari/537.36 (compatible; Googlebot/2.1; +http://www.google.com/bot.html)" "-"
3.221.244.0 - - [22/Mar/2026:01:36:38 -0400] "GET /wp-json/wp/v2/categories/1?path=/homepages/38/d1014936368/htdocs/clickandbuilds/HawkConstruction/wp-content/et-cache/3998 HTTP/1.1" 200 13291 hawk-cs.com "-" "Mozilla/5.0 AppleWebKit/537.36 (KHTML, like Gecko; compatible; Amazonbot/0.1; +https://developer.amazon.com/support/amazonbot) Chrome/119.0.6045.214 Safari/537.36" "-"
66.249.64.0 - - [22/Mar/2026:01:36:39 -0400] "GET /shop/frivolity/palankeen11349740264.html HTTP/1.1" 200 211933 hawk-cs.com "-" "Mozilla/5.0 (Linux; Android 6.0.1; Nexus 5X Build/MMB29P) AppleWebKit/537.36 (KHTML, like Gecko) Chrome/145.0.7632.159 Mobile Safari/537.36 (compatible; Googlebot/2.1; +http://www.google.com/bot.html)" "-"
54.83.56.0 - - [22/Mar/2026:01:36:41 -0400] "GET /wp-json/wp/v2/categories/1?path=/homepages/38/d1014936368/htdocs/clickandbuilds/HawkConstruction/wp-content/et-cache/2138 HTTP/1.1" 200 13291 hawk-cs.com "-" "Mozilla/5.0 AppleWebKit/537.36 (KHTML, like Gecko; compatible; Amazonbot/0.1; +https://developer.amazon.com/support/amazonbot) Chrome/119.0.6045.214 Safari/537.36" "-"
2a03:2880:f800:: - - [22/Mar/2026:01:36:41 -0400] "GET /shop/amoroso/athar003314045797.html?path=//lib/susshi HTTP/1.1" 200 13949 hawk-cs.com "-" "meta-externalagent/1.1 (+https://developers.facebook.com/docs/sharing/webmasters/crawler)" "-"
216.73.216.0 - - [22/Mar/2026:01:36:42 -0400] "GET /?fileloc=%2F%2Fusr%2Flib%2Fruby%2F2.7.0%2Fracc%2Fiset.rb&path=%2F%2Fusr%2Flib%2Fruby%2F2.7.0%2Fracc HTTP/1.1" 200 13803 www.hawk-cs.com "-" "Mozilla/5.0 AppleWebKit/537.36 (KHTML, like Gecko; compatible; ClaudeBot/1.0; +claudebot@anthropic.com)" "-"
66.249.64.0 - - [22/Mar/2026:01:36:42 -0400] "GET /shop/muskiness/begrudge073447964987.html HTTP/1.1" 200 212204 hawk-cs.com "-" "Mozilla/5.0 (Linux; Android 6.0.1; Nexus 5X Build/MMB29P) AppleWebKit/537.36 (KHTML, like Gecko) Chrome/145.0.7632.159 Mobile Safari/537.36 (compatible; Googlebot/2.1; +http://www.google.com/bot.html)" "-"
216.73.216.0 - - [22/Mar/2026:01:36:42 -0400] "GET /?fileloc=%2F%2Fusr%2Flib%2Fruby%2F2.7.0%2Fbundler%2Fresolver.rb&path=%2F%2Fusr%2Flib%2Fruby%2F2.7.0%2Fbundler HTTP/1.1" 200 29751 www.hawk-cs.com "-" "Mozilla/5.0 AppleWebKit/537.36 (KHTML, like Gecko; compatible; ClaudeBot/1.0; +claudebot@anthropic.com)" "-"
66.249.64.0 - - [22/Mar/2026:01:36:42 -0400] "GET /shop/pumpet/pentagraphical104101020054.html HTTP/1.1" 200 218125 hawk-cs.com "-" "Mozilla/5.0 (Linux; Android 6.0.1; Nexus 5X Build/MMB29P) AppleWebKit/537.36 (KHTML, like Gecko) Chrome/145.0.7632.159 Mobile Safari/537.36 (compatible; Googlebot/2.1; +http://www.google.com/bot.html)" "-"
216.73.216.0 - - [22/Mar/2026:01:36:43 -0400] "GET /?path=%2F%2Fkunden%2Fhomepages%2F15%2Fd1013431593 HTTP/1.1" 200 30410 hawk-cs.com "-" "Mozilla/5.0 AppleWebKit/537.36 (KHTML, like Gecko; compatible; ClaudeBot/1.0; +claudebot@anthropic.com)" "-"
216.73.216.0 - - [22/Mar/2026:01:36:44 -0400] "GET /blackjack-regeln-schweizerisch?path=%2Fhomepages%2F38%2Fd1014936368%2Fhtdocs%2Fclickandbuilds%2FHawkConstruction%2Fwp-content%2Fet-cache%2F3730 HTTP/1.1" 200 22350 hawk-cs.com "-" "Mozilla/5.0 AppleWebKit/537.36 (KHTML, like Gecko; compatible; ClaudeBot/1.0; +claudebot@anthropic.com)" "-"
216.73.216.0 - - [22/Mar/2026:01:36:44 -0400] "GET /100-echtes-geld-blackjack?path=%2Fhomepages%2F28%2Fd1015682624%2Fmanaged HTTP/1.1" 200 12772 hawk-cs.com "-" "Mozilla/5.0 AppleWebKit/537.36 (KHTML, like Gecko; compatible; ClaudeBot/1.0; +claudebot@anthropic.com)" "-"
216.73.216.0 - - [22/Mar/2026:01:36:44 -0400] "GET /blackjack-regeln-schweizerisch?path=%2F%2Fproc%2Fself%2Froot%2Fkunden%2Fhomepages%2F31%2Fd1016380624%2Fmanaged HTTP/1.1" 200 13026 hawk-cs.com "-" "Mozilla/5.0 AppleWebKit/537.36 (KHTML, like Gecko; compatible; ClaudeBot/1.0; +claudebot@anthropic.com)" "-"
216.73.216.0 - - [22/Mar/2026:01:36:45 -0400] "GET /blackjack-regeln-schweizerisch?path=%2F%2Fproc%2Fself%2Froot%2Fkunden%2Fhomepages%2F17%2Fd1013166045%2Fmanaged HTTP/1.1" 200 13026 hawk-cs.com "-" "Mozilla/5.0 AppleWebKit/537.36 (KHTML, like Gecko; compatible; ClaudeBot/1.0; +claudebot@anthropic.com)" "-"
216.73.216.0 - - [22/Mar/2026:01:36:45 -0400] "GET /blackjack-regeln-schweizerisch?path=%2F%2Fproc%2Fself%2Froot%2Fkunden%2Fhomepages%2F33%2Fd1011470724%2Fmanaged HTTP/1.1" 200 13026 hawk-cs.com "-" "Mozilla/5.0 AppleWebKit/537.36 (KHTML, like Gecko; compatible; ClaudeBot/1.0; +claudebot@anthropic.com)" "-"
216.73.216.0 - - [22/Mar/2026:01:36:46 -0400] "GET /100-echtes-geld-blackjack?path=%2Fhomepages%2F33%2Fd1015148803%2Fmanaged HTTP/1.1" 200 12772 hawk-cs.com "-" "Mozilla/5.0 AppleWebKit/537.36 (KHTML, like Gecko; compatible; ClaudeBot/1.0; +claudebot@anthropic.com)" "-"
216.73.216.0 - - [22/Mar/2026:01:36:46 -0400] "GET /?path=%2F%2Fkunden%2Fhomepages%2F11%2Fd1016659737 HTTP/1.1" 200 28888 hawk-cs.com "-" "Mozilla/5.0 AppleWebKit/537.36 (KHTML, like Gecko; compatible; ClaudeBot/1.0; +claudebot@anthropic.com)" "-"
66.249.64.0 - - [22/Mar/2026:01:36:46 -0400] "GET /shop/conciator/isolatedly022333049170.html HTTP/1.1" 200 212115 hawk-cs.com "-" "Mozilla/5.0 (Linux; Android 6.0.1; Nexus 5X Build/MMB29P) AppleWebKit/537.36 (KHTML, like Gecko) Chrome/145.0.7632.159 Mobile Safari/537.36 (compatible; Googlebot/2.1; +http://www.google.com/bot.html)" "-"
34.225.87.0 - - [22/Mar/2026:01:36:47 -0400] "GET /wp-json/wp/v2/categories/1?path=/homepages/38/d1014936368/htdocs/clickandbuilds/HawkConstruction/wp-content/et-cache/1339 HTTP/1.1" 200 22350 hawk-cs.com "-" "Mozilla/5.0 AppleWebKit/537.36 (KHTML, like Gecko; compatible; Amazonbot/0.1; +https://developer.amazon.com/support/amazonbot) Chrome/119.0.6045.214 Safari/537.36" "-"
66.249.64.0 - - [22/Mar/2026:01:36:48 -0400] "GET /shop/safflow/palaemon022515626774.html HTTP/1.1" 200 220158 hawk-cs.com "-" "Mozilla/5.0 (Linux; Android 6.0.1; Nexus 5X Build/MMB29P) AppleWebKit/537.36 (KHTML, like Gecko) Chrome/145.0.7632.159 Mobile Safari/537.36 (compatible; Googlebot/2.1; +http://www.google.com/bot.html)" "-"
52.71.216.0 - - [22/Mar/2026:01:36:50 -0400] "GET /wp-json/wp/v2/categories/1?path=/homepages/38/d1014936368/htdocs/clickandbuilds/HawkConstruction/wp-content/et-cache/1153 HTTP/1.1" 200 13291 hawk-cs.com "-" "Mozilla/5.0 AppleWebKit/537.36 (KHTML, like Gecko; compatible; Amazonbot/0.1; +https://developer.amazon.com/support/amazonbot) Chrome/119.0.6045.214 Safari/537.36" "-"
66.249.64.0 - - [22/Mar/2026:01:36:51 -0400] "GET /shop/measles/fenestra112074205880.html HTTP/1.1" 200 202845 hawk-cs.com "-" "Mozilla/5.0 (Linux; Android 6.0.1; Nexus 5X Build/MMB29P) AppleWebKit/537.36 (KHTML, like Gecko) Chrome/145.0.7632.159 Mobile Safari/537.36 (compatible; Googlebot/2.1; +http://www.google.com/bot.html)" "-"
74.7.243.0 - - [22/Mar/2026:01:36:52 -0400] "GET /shop/oldmaidism/blithesomeness063292331120.html HTTP/1.1" 200 76933 hawk-cs.com "https://hawk-cs.com/sitemap-sub-2034.xml" "Mozilla/5.0 AppleWebKit/537.36 (KHTML, like Gecko; compatible; GPTBot/1.3; +https://openai.com/gptbot)" "-"
66.249.64.0 - - [22/Mar/2026:01:36:53 -0400] "GET /shop/vocation/phanerocrystalline021813355995.html HTTP/1.1" 200 221453 hawk-cs.com "-" "Mozilla/5.0 (Linux; Android 6.0.1; Nexus 5X Build/MMB29P) AppleWebKit/537.36 (KHTML, like Gecko) Chrome/145.0.7632.159 Mobile Safari/537.36 (compatible; Googlebot/2.1; +http://www.google.com/bot.html)" "-"
35.174.141.0 - - [22/Mar/2026:01:36:54 -0400] "GET /wp-json/wp/v2/categories/1?path=/homepages/38/d1014936368/htdocs/clickandbuilds/HawkConstruction/wp-content/et-cache/1230 HTTP/1.1" 200 13291 hawk-cs.com "-" "Mozilla/5.0 AppleWebKit/537.36 (KHTML, like Gecko; compatible; Amazonbot/0.1; +https://developer.amazon.com/support/amazonbot) Chrome/119.0.6045.214 Safari/537.36" "-"
2a03:2880:f800:: - - [22/Mar/2026:01:36:55 -0400] "GET /shop/sickish/factious021576101854.html?path=/ HTTP/1.1" 200 44504 hawk-cs.com "-" "meta-externalagent/1.1 (+https://developers.facebook.com/docs/sharing/webmasters/crawler)" "-"
66.249.64.0 - - [22/Mar/2026:01:36:55 -0400] "GET /shop/tralatitiously/termite11645717077.html HTTP/1.1" 200 210607 hawk-cs.com "-" "Mozilla/5.0 (Linux; Android 6.0.1; Nexus 5X Build/MMB29P) AppleWebKit/537.36 (KHTML, like Gecko) Chrome/145.0.7632.159 Mobile Safari/537.36 (compatible; Googlebot/2.1; +http://www.google.com/bot.html)" "-"
66.249.64.0 - - [22/Mar/2026:01:36:57 -0400] "GET /shop/poltroonery/cocoanutkokonut0444776796.html HTTP/1.1" 200 215895 hawk-cs.com "-" "Mozilla/5.0 (Linux; Android 6.0.1; Nexus 5X Build/MMB29P) AppleWebKit/537.36 (KHTML, like Gecko) Chrome/145.0.7632.159 Mobile Safari/537.36 (compatible; Googlebot/2.1; +http://www.google.com/bot.html)" "-"
66.249.64.0 - - [22/Mar/2026:01:36:57 -0400] "GET /shop/hierolatry/corindine102215468507.html HTTP/1.1" 200 214940 hawk-cs.com "-" "Mozilla/5.0 (Linux; Android 6.0.1; Nexus 5X Build/MMB29P) AppleWebKit/537.36 (KHTML, like Gecko) Chrome/145.0.7632.159 Mobile Safari/537.36 (compatible; Googlebot/2.1; +http://www.google.com/bot.html)" "-"
34.224.132.0 - - [22/Mar/2026:01:36:57 -0400] "GET /wp-json/wp/v2/categories/1?path=/homepages/38/d1014936368/htdocs/clickandbuilds/HawkConstruction/wp-content/et-cache/1319 HTTP/1.1" 200 22350 hawk-cs.com "-" "Mozilla/5.0 AppleWebKit/537.36 (KHTML, like Gecko; compatible; Amazonbot/0.1; +https://developer.amazon.com/support/amazonbot) Chrome/119.0.6045.214 Safari/537.36" "-"
66.249.64.0 - - [22/Mar/2026:01:36:59 -0400] "GET /shop/coralligenous/nudibranchiate124188140562.html HTTP/1.1" 200 210149 hawk-cs.com "-" "Mozilla/5.0 (Linux; Android 6.0.1; Nexus 5X Build/MMB29P) AppleWebKit/537.36 (KHTML, like Gecko) Chrome/145.0.7632.159 Mobile Safari/537.36 (compatible; Googlebot/2.1; +http://www.google.com/bot.html)" "-"
66.249.64.0 - - [22/Mar/2026:01:37:01 -0400] "GET /shop/hogpen/effervescive002021979410.html HTTP/1.1" 200 218078 hawk-cs.com "-" "Mozilla/5.0 (Linux; Android 6.0.1; Nexus 5X Build/MMB29P) AppleWebKit/537.36 (KHTML, like Gecko) Chrome/145.0.7632.159 Mobile Safari/537.36 (compatible; Googlebot/2.1; +http://www.google.com/bot.html)" "-"
54.210.152.0 - - [22/Mar/2026:01:37:04 -0400] "GET /wp-json/wp/v2/categories/1?path=/homepages/38/d1014936368/htdocs/clickandbuilds/HawkConstruction/wp-content/et-cache/5367 HTTP/1.1" 200 13291 hawk-cs.com "-" "Mozilla/5.0 AppleWebKit/537.36 (KHTML, like Gecko; compatible; Amazonbot/0.1; +https://developer.amazon.com/support/amazonbot) Chrome/119.0.6045.214 Safari/537.36" "-"
66.249.64.0 - - [22/Mar/2026:01:37:04 -0400] "GET /shop/sporophore/doree103606149609.html HTTP/1.1" 200 207648 hawk-cs.com "-" "Mozilla/5.0 (Linux; Android 6.0.1; Nexus 5X Build/MMB29P) AppleWebKit/537.36 (KHTML, like Gecko) Chrome/145.0.7632.159 Mobile Safari/537.36 (compatible; Googlebot/2.1; +http://www.google.com/bot.html)" "-"
44.194.139.0 - - [22/Mar/2026:01:37:05 -0400] "GET /wp-json/wp/v2/categories/1?path=/homepages/38/d1014936368/htdocs/clickandbuilds/HawkConstruction/wp-content/et-cache/5256 HTTP/1.1" 200 13291 hawk-cs.com "-" "Mozilla/5.0 AppleWebKit/537.36 (KHTML, like Gecko; compatible; Amazonbot/0.1; +https://developer.amazon.com/support/amazonbot) Chrome/119.0.6045.214 Safari/537.36" "-"
2a03:2880:f800:: - - [22/Mar/2026:01:37:06 -0400] "GET /shop/hieracifolius/intrusive001322773645.html?path=//proc HTTP/1.1" 200 115390 hawk-cs.com "-" "meta-externalagent/1.1 (+https://developers.facebook.com/docs/sharing/webmasters/crawler)" "-"
66.249.64.0 - - [22/Mar/2026:01:37:07 -0400] "GET /shop/sloven/regimented061322851376.html HTTP/1.1" 200 208306 hawk-cs.com "-" "Mozilla/5.0 (Linux; Android 6.0.1; Nexus 5X Build/MMB29P) AppleWebKit/537.36 (KHTML, like Gecko) Chrome/145.0.7632.159 Mobile Safari/537.36 (compatible; Googlebot/2.1; +http://www.google.com/bot.html)" "-"
216.73.216.0 - - [22/Mar/2026:01:37:07 -0400] "GET /android-automaten-bezahlen-per-lastschrift?path=%2F%2Fkunden HTTP/1.1" 200 45072 hawk-cs.com "-" "Mozilla/5.0 AppleWebKit/537.36 (KHTML, like Gecko; compatible; ClaudeBot/1.0; +claudebot@anthropic.com)" "-"
66.249.64.0 - - [22/Mar/2026:01:37:08 -0400] "GET /shop/souvenance/titlarks063527547732.html HTTP/1.1" 200 208901 hawk-cs.com "-" "Mozilla/5.0 (Linux; Android 6.0.1; Nexus 5X Build/MMB29P) AppleWebKit/537.36 (KHTML, like Gecko) Chrome/145.0.7632.159 Mobile Safari/537.36 (compatible; Googlebot/2.1; +http://www.google.com/bot.html)" "-"
216.73.216.0 - - [22/Mar/2026:01:37:08 -0400] "GET /blackjack-regeln-schweizerisch?path=%2F%2Fproc%2Fself%2Froot%2Fkunden%2Fhomepages%2F40%2Fd1012497023%2F.oneclick HTTP/1.1" 200 13030 hawk-cs.com "-" "Mozilla/5.0 AppleWebKit/537.36 (KHTML, like Gecko; compatible; ClaudeBot/1.0; +claudebot@anthropic.com)" "-"
216.73.216.0 - - [22/Mar/2026:01:37:08 -0400] "GET /blackjack-regeln-schweizerisch?path=%2F%2Fproc%2Fself%2Froot%2Fkunden%2Fhomepages%2F40%2Fd1013712772%2F.oneclick HTTP/1.1" 200 13030 hawk-cs.com "-" "Mozilla/5.0 AppleWebKit/537.36 (KHTML, like Gecko; compatible; ClaudeBot/1.0; +claudebot@anthropic.com)" "-"
216.73.216.0 - - [22/Mar/2026:01:37:08 -0400] "GET /100-echtes-geld-blackjack?path=%2Fhomepages%2F33%2Fd1016663425%2Fmanaged HTTP/1.1" 200 12772 hawk-cs.com "-" "Mozilla/5.0 AppleWebKit/537.36 (KHTML, like Gecko; compatible; ClaudeBot/1.0; +claudebot@anthropic.com)" "-"
216.73.216.0 - - [22/Mar/2026:01:37:09 -0400] "GET /?fileloc=%2F%2Fusr%2Flib%2Fruby%2F2.7.0%2Frubygems%2Fvalidator.rb&path=%2F%2Fusr%2Flib%2Fruby%2F2.7.0%2Frubygems HTTP/1.1" 200 16237 www.hawk-cs.com "-" "Mozilla/5.0 AppleWebKit/537.36 (KHTML, like Gecko; compatible; ClaudeBot/1.0; +claudebot@anthropic.com)" "-"
52.3.26.0 - - [22/Mar/2026:01:37:10 -0400] "GET /wp-json/wp/v2/categories/1?path=/homepages/38/d1014936368/htdocs/clickandbuilds/HawkConstruction/wp-content/et-cache/2651 HTTP/1.1" 200 13291 hawk-cs.com "-" "Mozilla/5.0 AppleWebKit/537.36 (KHTML, like Gecko; compatible; Amazonbot/0.1; +https://developer.amazon.com/support/amazonbot) Chrome/119.0.6045.214 Safari/537.36" "-"
66.249.64.0 - - [22/Mar/2026:01:37:12 -0400] "GET /shop/neocosmic/swatch042778263983.html HTTP/1.1" 200 214084 hawk-cs.com "-" "Mozilla/5.0 (Linux; Android 6.0.1; Nexus 5X Build/MMB29P) AppleWebKit/537.36 (KHTML, like Gecko) Chrome/145.0.7632.159 Mobile Safari/537.36 (compatible; Googlebot/2.1; +http://www.google.com/bot.html)" "-"
66.249.64.0 - - [22/Mar/2026:01:37:12 -0400] "GET /shop/lamellate/silversides001263696606.html HTTP/1.1" 200 218606 hawk-cs.com "-" "Mozilla/5.0 (Linux; Android 6.0.1; Nexus 5X Build/MMB29P) AppleWebKit/537.36 (KHTML, like Gecko) Chrome/145.0.7632.159 Mobile Safari/537.36 (compatible; Googlebot/2.1; +http://www.google.com/bot.html)" "-"
66.249.64.0 - - [22/Mar/2026:01:37:14 -0400] "GET /shop/funereal/cycloganoid15417063344.html HTTP/1.1" 200 219173 hawk-cs.com "-" "Mozilla/5.0 (Linux; Android 6.0.1; Nexus 5X Build/MMB29P) AppleWebKit/537.36 (KHTML, like Gecko) Chrome/145.0.7632.159 Mobile Safari/537.36 (compatible; Googlebot/2.1; +http://www.google.com/bot.html)" "-"
44.210.204.0 - - [22/Mar/2026:01:37:15 -0400] "GET /wp-json/wp/v2/categories/1?path=/homepages/38/d1014936368/htdocs/clickandbuilds/HawkConstruction/wp-content/et-cache/1025 HTTP/1.1" 200 16904 hawk-cs.com "-" "Mozilla/5.0 AppleWebKit/537.36 (KHTML, like Gecko; compatible; Amazonbot/0.1; +https://developer.amazon.com/support/amazonbot) Chrome/119.0.6045.214 Safari/537.36" "-"
2a03:2880:f800:: - - [22/Mar/2026:01:37:16 -0400] "GET /shop/libidinously/admirable022113427204.html?path=/homepages/38/d1014936368/htdocs/clickandbuilds/HawkConstruction/images HTTP/1.1" 200 16235 hawk-cs.com "-" "meta-externalagent/1.1 (+https://developers.facebook.com/docs/sharing/webmasters/crawler)" "-"
35.174.253.0 - - [22/Mar/2026:01:37:18 -0400] "GET /wp-json/wp/v2/categories/1?path=/homepages/38/d1014936368/htdocs/clickandbuilds/HawkConstruction/wp-content/et-cache/1072 HTTP/1.1" 200 22350 hawk-cs.com "-" "Mozilla/5.0 AppleWebKit/537.36 (KHTML, like Gecko; compatible; Amazonbot/0.1; +https://developer.amazon.com/support/amazonbot) Chrome/119.0.6045.214 Safari/537.36" "-"
66.249.64.0 - - [22/Mar/2026:01:37:18 -0400] "GET /shop/lancinated/echinops081783938780.html HTTP/1.1" 200 203814 hawk-cs.com "-" "Mozilla/5.0 (Linux; Android 6.0.1; Nexus 5X Build/MMB29P) AppleWebKit/537.36 (KHTML, like Gecko) Chrome/145.0.7632.159 Mobile Safari/537.36 (compatible; Googlebot/2.1; +http://www.google.com/bot.html)" "-"
66.249.64.0 - - [22/Mar/2026:01:37:23 -0400] "GET /shop/ensiferus/mytidae133980684885.html HTTP/1.1" 200 227113 hawk-cs.com "-" "Mozilla/5.0 (Linux; Android 6.0.1; Nexus 5X Build/MMB29P) AppleWebKit/537.36 (KHTML, like Gecko) Chrome/145.0.7632.159 Mobile Safari/537.36 (compatible; Googlebot/2.1; +http://www.google.com/bot.html)" "-"
3.212.219.0 - - [22/Mar/2026:01:37:24 -0400] "GET /exterior-repairs-remodeling-2?path=/homepages/38/d1014936368/.config HTTP/1.1" 200 12772 hawk-cs.com "-" "Mozilla/5.0 AppleWebKit/537.36 (KHTML, like Gecko; compatible; Amazonbot/0.1; +https://developer.amazon.com/support/amazonbot) Chrome/119.0.6045.214 Safari/537.36" "-"
66.249.64.0 - - [22/Mar/2026:01:37:25 -0400] "GET /shop/featbodied/guimpe083657321235.html HTTP/1.1" 200 219167 hawk-cs.com "-" "Mozilla/5.0 (Linux; Android 6.0.1; Nexus 5X Build/MMB29P) AppleWebKit/537.36 (KHTML, like Gecko) Chrome/145.0.7632.159 Mobile Safari/537.36 (compatible; Googlebot/2.1; +http://www.google.com/bot.html)" "-"
2a03:2880:f800:: - - [22/Mar/2026:01:37:26 -0400] "GET /shop/eastinsular/remarkably022380563001.html?path=/homepages HTTP/1.1" 200 79827 hawk-cs.com "-" "meta-externalagent/1.1 (+https://developers.facebook.com/docs/sharing/webmasters/crawler)" "-"
66.249.64.0 - - [22/Mar/2026:01:37:27 -0400] "GET /shop/nitrify/sauseflem083822195218.html HTTP/1.1" 200 208946 hawk-cs.com "-" "Mozilla/5.0 (Linux; Android 6.0.1; Nexus 5X Build/MMB29P) AppleWebKit/537.36 (KHTML, like Gecko) Chrome/145.0.7632.159 Mobile Safari/537.36 (compatible; Googlebot/2.1; +http://www.google.com/bot.html)" "-"
66.249.64.0 - - [22/Mar/2026:01:37:27 -0400] "GET /shop/desiderating/winningness102519361615.html HTTP/1.1" 200 216735 hawk-cs.com "-" "Mozilla/5.0 (Linux; Android 6.0.1; Nexus 5X Build/MMB29P) AppleWebKit/537.36 (KHTML, like Gecko) Chrome/145.0.7632.159 Mobile Safari/537.36 (compatible; Googlebot/2.1; +http://www.google.com/bot.html)" "-"
66.249.64.0 - - [22/Mar/2026:01:37:28 -0400] "GET /shop/photometric/demoting121975924273.html HTTP/1.1" 200 206382 hawk-cs.com "-" "Mozilla/5.0 (Linux; Android 6.0.1; Nexus 5X Build/MMB29P) AppleWebKit/537.36 (KHTML, like Gecko) Chrome/145.0.7632.159 Mobile Safari/537.36 (compatible; Googlebot/2.1; +http://www.google.com/bot.html)" "-"
52.203.237.0 - - [22/Mar/2026:01:37:29 -0400] "GET /wp-json/wp/v2/categories/1?path=/homepages/38/d1014936368/htdocs/clickandbuilds/HawkConstruction/wp-content/et-cache/3044 HTTP/1.1" 200 13291 hawk-cs.com "-" "Mozilla/5.0 AppleWebKit/537.36 (KHTML, like Gecko; compatible; Amazonbot/0.1; +https://developer.amazon.com/support/amazonbot) Chrome/119.0.6045.214 Safari/537.36" "-"
66.249.64.0 - - [22/Mar/2026:01:37:29 -0400] "GET /shop/termites/scratchy09374665663.html HTTP/1.1" 200 213055 hawk-cs.com "-" "Mozilla/5.0 (Linux; Android 6.0.1; Nexus 5X Build/MMB29P) AppleWebKit/537.36 (KHTML, like Gecko) Chrome/145.0.7632.159 Mobile Safari/537.36 (compatible; Googlebot/2.1; +http://www.google.com/bot.html)" "-"
66.249.64.0 - - [22/Mar/2026:01:37:29 -0400] "GET /shop/thermosiphon/navarrese063578482309.html HTTP/1.1" 200 218504 hawk-cs.com "-" "Mozilla/5.0 (Linux; Android 6.0.1; Nexus 5X Build/MMB29P) AppleWebKit/537.36 (KHTML, like Gecko) Chrome/145.0.7632.159 Mobile Safari/537.36 (compatible; Googlebot/2.1; +http://www.google.com/bot.html)" "-"
98.82.38.0 - - [22/Mar/2026:01:37:30 -0400] "GET /wp-json/wp/v2/categories/1?path=/homepages/38/d1014936368/htdocs/clickandbuilds/HawkConstruction/wp-content/et-cache/3890 HTTP/1.1" 200 13291 hawk-cs.com "-" "Mozilla/5.0 AppleWebKit/537.36 (KHTML, like Gecko; compatible; Amazonbot/0.1; +https://developer.amazon.com/support/amazonbot) Chrome/119.0.6045.214 Safari/537.36" "-"
66.249.64.0 - - [22/Mar/2026:01:37:30 -0400] "GET /shop/springiest/prevalently113212819660.html HTTP/1.1" 200 213840 hawk-cs.com "-" "Mozilla/5.0 (Linux; Android 6.0.1; Nexus 5X Build/MMB29P) AppleWebKit/537.36 (KHTML, like Gecko) Chrome/145.0.7632.159 Mobile Safari/537.36 (compatible; Googlebot/2.1; +http://www.google.com/bot.html)" "-"
66.249.64.0 - - [22/Mar/2026:01:37:32 -0400] "GET /shop/carburization/maccaroni091445170466.html HTTP/1.1" 200 207629 hawk-cs.com "-" "Mozilla/5.0 (Linux; Android 6.0.1; Nexus 5X Build/MMB29P) AppleWebKit/537.36 (KHTML, like Gecko) Chrome/145.0.7632.159 Mobile Safari/537.36 (compatible; Googlebot/2.1; +http://www.google.com/bot.html)" "-"
2a03:2880:f800:: - - [22/Mar/2026:01:37:34 -0400] "GET /shop/diduction/orthodiagonal001531886949.html?path=/homepages/38/d1015137528 HTTP/1.1" 200 29998 hawk-cs.com "-" "meta-externalagent/1.1 (+https://developers.facebook.com/docs/sharing/webmasters/crawler)" "-"
44.215.210.0 - - [22/Mar/2026:01:37:34 -0400] "GET /wp-json/wp/v2/categories/1?path=/homepages/38/d1014936368/htdocs/clickandbuilds/HawkConstruction/wp-content/et-cache/2620 HTTP/1.1" 200 13291 hawk-cs.com "-" "Mozilla/5.0 AppleWebKit/537.36 (KHTML, like Gecko; compatible; Amazonbot/0.1; +https://developer.amazon.com/support/amazonbot) Chrome/119.0.6045.214 Safari/537.36" "-"
66.249.64.0 - - [22/Mar/2026:01:37:35 -0400] "GET /shop/austronesia/aphilanthropy132062700207.html HTTP/1.1" 200 217904 hawk-cs.com "-" "Mozilla/5.0 (Linux; Android 6.0.1; Nexus 5X Build/MMB29P) AppleWebKit/537.36 (KHTML, like Gecko) Chrome/145.0.7632.159 Mobile Safari/537.36 (compatible; Googlebot/2.1; +http://www.google.com/bot.html)" "-"
66.249.64.0 - - [22/Mar/2026:01:37:36 -0400] "GET /shop/supportably/fusel104122613881.html HTTP/1.1" 200 202966 hawk-cs.com "-" "Mozilla/5.0 (Linux; Android 6.0.1; Nexus 5X Build/MMB29P) AppleWebKit/537.36 (KHTML, like Gecko) Chrome/145.0.7632.159 Mobile Safari/537.36 (compatible; Googlebot/2.1; +http://www.google.com/bot.html)" "-"
66.249.64.0 - - [22/Mar/2026:01:37:37 -0400] "GET /shop/paleontological/raspatorium121455842480.html HTTP/1.1" 200 207326 hawk-cs.com "-" "Mozilla/5.0 (Linux; Android 6.0.1; Nexus 5X Build/MMB29P) AppleWebKit/537.36 (KHTML, like Gecko) Chrome/145.0.7632.159 Mobile Safari/537.36 (compatible; Googlebot/2.1; +http://www.google.com/bot.html)" "-"
216.73.216.0 - - [22/Mar/2026:01:37:37 -0400] "GET /blackjack-regeln-schweizerisch?fileloc=%2F%2Fbin%2Fpbmtoptx&path=%2F%2Fbin HTTP/1.1" 200 12189 hawk-cs.com "-" "Mozilla/5.0 AppleWebKit/537.36 (KHTML, like Gecko; compatible; ClaudeBot/1.0; +claudebot@anthropic.com)" "-"
216.73.216.0 - - [22/Mar/2026:01:37:38 -0400] "GET /blackjack-regeln-schweizerisch?fileloc=%2F%2Fbin%2Fxzmore&path=%2F%2Fbin HTTP/1.1" 200 14553 hawk-cs.com "-" "Mozilla/5.0 AppleWebKit/537.36 (KHTML, like Gecko; compatible; ClaudeBot/1.0; +claudebot@anthropic.com)" "-"
66.249.64.0 - - [22/Mar/2026:01:37:38 -0400] "GET /shop/exampless/racoonda082832172678.html HTTP/1.1" 200 232783 hawk-cs.com "-" "Mozilla/5.0 (Linux; Android 6.0.1; Nexus 5X Build/MMB29P) AppleWebKit/537.36 (KHTML, like Gecko) Chrome/145.0.7632.159 Mobile Safari/537.36 (compatible; Googlebot/2.1; +http://www.google.com/bot.html)" "-"
3.225.45.0 - - [22/Mar/2026:01:37:38 -0400] "GET /wp-json/wp/v2/categories/1?path=/homepages/38/d1014936368/htdocs/clickandbuilds/HawkConstruction/wp-content/et-cache/1952 HTTP/1.1" 200 13291 hawk-cs.com "-" "Mozilla/5.0 AppleWebKit/537.36 (KHTML, like Gecko; compatible; Amazonbot/0.1; +https://developer.amazon.com/support/amazonbot) Chrome/119.0.6045.214 Safari/537.36" "-"
216.73.216.0 - - [22/Mar/2026:01:37:38 -0400] "GET /bester-blackjack-online-echtes-geld-ohne-einzahlung?path=%2F%2Fvar%2Fspool HTTP/1.1" 200 13952 hawk-cs.com "-" "Mozilla/5.0 AppleWebKit/537.36 (KHTML, like Gecko; compatible; ClaudeBot/1.0; +claudebot@anthropic.com)" "-"
66.249.64.0 - - [22/Mar/2026:01:37:40 -0400] "GET /shop/swindlery/indicative151999965931.html HTTP/1.1" 200 204461 hawk-cs.com "-" "Mozilla/5.0 (Linux; Android 6.0.1; Nexus 5X Build/MMB29P) AppleWebKit/537.36 (KHTML, like Gecko) Chrome/145.0.7632.159 Mobile Safari/537.36 (compatible; Googlebot/2.1; +http://www.google.com/bot.html)" "-"
2a03:2880:f800:: - - [22/Mar/2026:01:37:42 -0400] "GET /shop/amoroso/athar003314045797.html?path=//lib/man-db HTTP/1.1" 200 25387 hawk-cs.com "-" "meta-externalagent/1.1 (+https://developers.facebook.com/docs/sharing/webmasters/crawler)" "-"
54.225.181.0 - - [22/Mar/2026:01:37:42 -0400] "GET /wp-json/wp/v2/categories/1?path=/homepages/38/d1014936368/htdocs/clickandbuilds/HawkConstruction/wp-content/et-cache/3691 HTTP/1.1" 429 267 hawk-cs.com "-" "Mozilla/5.0 AppleWebKit/537.36 (KHTML, like Gecko; compatible; Amazonbot/0.1; +https://developer.amazon.com/support/amazonbot) Chrome/119.0.6045.214 Safari/537.36" "-"
66.249.64.0 - - [22/Mar/2026:01:37:42 -0400] "GET /shop/monstrosities/trenchantly0653326919.html HTTP/1.1" 200 204820 hawk-cs.com "-" "Mozilla/5.0 (Linux; Android 6.0.1; Nexus 5X Build/MMB29P) AppleWebKit/537.36 (KHTML, like Gecko) Chrome/145.0.7632.159 Mobile Safari/537.36 (compatible; Googlebot/2.1; +http://www.google.com/bot.html)" "-"
66.249.64.0 - - [22/Mar/2026:01:37:44 -0400] "GET /shop/emigrate/corrosion141362473694.html HTTP/1.1" 200 208165 hawk-cs.com "-" "Mozilla/5.0 (Linux; Android 6.0.1; Nexus 5X Build/MMB29P) AppleWebKit/537.36 (KHTML, like Gecko) Chrome/145.0.7632.159 Mobile Safari/537.36 (compatible; Googlebot/2.1; +http://www.google.com/bot.html)" "-"
3.230.224.0 - - [22/Mar/2026:01:37:46 -0400] "GET /wp-json/wp/v2/categories/1?path=/homepages/38/d1014936368/htdocs/clickandbuilds/HawkConstruction/wp-content/et-cache/2136 HTTP/1.1" 429 267 hawk-cs.com "-" "Mozilla/5.0 AppleWebKit/537.36 (KHTML, like Gecko; compatible; Amazonbot/0.1; +https://developer.amazon.com/support/amazonbot) Chrome/119.0.6045.214 Safari/537.36" "-"
2a03:2880:f800:: - - [22/Mar/2026:01:37:49 -0400] "GET /shop/fieldsman/pharisaism022733309696.html?fileloc=/homepages/38/d1014936368/.htaccess&path=/homepages/38/d1014936368 HTTP/1.1" 200 12316 hawk-cs.com "-" "meta-externalagent/1.1 (+https://developers.facebook.com/docs/sharing/webmasters/crawler)" "-"
66.249.64.0 - - [22/Mar/2026:01:37:49 -0400] "GET /shop/hartebeest/overbookish133576790494.html HTTP/1.1" 200 211136 hawk-cs.com "-" "Mozilla/5.0 (Linux; Android 6.0.1; Nexus 5X Build/MMB29P) AppleWebKit/537.36 (KHTML, like Gecko) Chrome/145.0.7632.159 Mobile Safari/537.36 (compatible; Googlebot/2.1; +http://www.google.com/bot.html)" "-"
66.249.64.0 - - [22/Mar/2026:01:37:51 -0400] "GET /shop/dextrally/tapadera13739474487.html HTTP/1.1" 200 219466 hawk-cs.com "-" "Mozilla/5.0 (Linux; Android 6.0.1; Nexus 5X Build/MMB29P) AppleWebKit/537.36 (KHTML, like Gecko) Chrome/145.0.7632.159 Mobile Safari/537.36 (compatible; Googlebot/2.1; +http://www.google.com/bot.html)" "-"
44.208.223.0 - - [22/Mar/2026:01:37:53 -0400] "GET /wp-json/wp/v2/categories/1?path=/homepages/38/d1014936368/htdocs/clickandbuilds/HawkConstruction/wp-content/et-cache/4926 HTTP/1.1" 429 267 hawk-cs.com "-" "Mozilla/5.0 AppleWebKit/537.36 (KHTML, like Gecko; compatible; Amazonbot/0.1; +https://developer.amazon.com/support/amazonbot) Chrome/119.0.6045.214 Safari/537.36" "-"
66.249.64.0 - - [22/Mar/2026:01:37:53 -0400] "GET /shop/begun/countersalient12619020940.html HTTP/1.1" 200 206208 hawk-cs.com "-" "Mozilla/5.0 (Linux; Android 6.0.1; Nexus 5X Build/MMB29P) AppleWebKit/537.36 (KHTML, like Gecko) Chrome/145.0.7632.159 Mobile Safari/537.36 (compatible; Googlebot/2.1; +http://www.google.com/bot.html)" "-"
74.7.243.0 - - [22/Mar/2026:01:37:53 -0400] "GET /shop/modernistic/counterfaisance063364146871.html HTTP/1.1" 200 76933 hawk-cs.com "https://hawk-cs.com/sitemap-sub-2034.xml" "Mozilla/5.0 AppleWebKit/537.36 (KHTML, like Gecko; compatible; GPTBot/1.3; +https://openai.com/gptbot)" "-"
216.73.216.0 - - [22/Mar/2026:01:37:53 -0400] "GET /blackjack-regeln-schweizerisch?fileloc=%2F%2Fbin%2Fneqn&path=%2F%2Fbin HTTP/1.1" 200 13134 hawk-cs.com "-" "Mozilla/5.0 AppleWebKit/537.36 (KHTML, like Gecko; compatible; ClaudeBot/1.0; +claudebot@anthropic.com)" "-"
216.73.216.0 - - [22/Mar/2026:01:37:53 -0400] "GET /zertifiziertes-slots-mit-kostenlosen-bonus-in-der-schweiz-2025?fileloc=%2F%2Flib%2Fpython3.9%2Fzipfile.py&path=%2F%2Flib%2Fpython3.9 HTTP/1.1" 200 105152 hawk-cs.com "-" "Mozilla/5.0 AppleWebKit/537.36 (KHTML, like Gecko; compatible; ClaudeBot/1.0; +claudebot@anthropic.com)" "-"
216.73.216.0 - - [22/Mar/2026:01:37:54 -0400] "GET /blackjack-regeln-schweizerisch?fileloc=%2F%2Fbin%2Fpnmcat&path=%2F%2Fbin HTTP/1.1" 200 12187 hawk-cs.com "-" "Mozilla/5.0 AppleWebKit/537.36 (KHTML, like Gecko; compatible; ClaudeBot/1.0; +claudebot@anthropic.com)" "-"
216.73.216.0 - - [22/Mar/2026:01:37:55 -0400] "GET /blackjack-regeln-schweizerisch?fileloc=%2F%2Fbin%2Fgcc-ar-10&path=%2F%2Fbin HTTP/1.1" 200 12190 hawk-cs.com "-" "Mozilla/5.0 AppleWebKit/537.36 (KHTML, like Gecko; compatible; ClaudeBot/1.0; +claudebot@anthropic.com)" "-"
66.249.64.0 - - [22/Mar/2026:01:37:55 -0400] "GET /shop/epineural/ambulance062674213413.html HTTP/1.1" 200 217313 hawk-cs.com "-" "Mozilla/5.0 (Linux; Android 6.0.1; Nexus 5X Build/MMB29P) AppleWebKit/537.36 (KHTML, like Gecko) Chrome/145.0.7632.159 Mobile Safari/537.36 (compatible; Googlebot/2.1; +http://www.google.com/bot.html)" "-"
54.85.7.0 - - [22/Mar/2026:01:37:55 -0400] "GET /concrete-pavers?path=/homepages/38/d1014936368/htdocs/clickandbuilds/HawkConstruction/adebwp HTTP/1.1" 429 267 hawk-cs.com "-" "Mozilla/5.0 AppleWebKit/537.36 (KHTML, like Gecko; compatible; Amazonbot/0.1; +https://developer.amazon.com/support/amazonbot) Chrome/119.0.6045.214 Safari/537.36" "-"
