66.249.64.0 - - [22/Mar/2026:01:09:09 -0400] "GET /shop/klipdas/cipherhood062843448070.html HTTP/1.1" 200 212076 hawk-cs.com "-" "Mozilla/5.0 (Linux; Android 6.0.1; Nexus 5X Build/MMB29P) AppleWebKit/537.36 (KHTML, like Gecko) Chrome/145.0.7632.159 Mobile Safari/537.36 (compatible; Googlebot/2.1; +http://www.google.com/bot.html)" "-"
66.249.64.0 - - [22/Mar/2026:01:09:13 -0400] "GET /shop/stelene/vivers054001392629.html HTTP/1.1" 200 210297 hawk-cs.com "-" "Mozilla/5.0 (Linux; Android 6.0.1; Nexus 5X Build/MMB29P) AppleWebKit/537.36 (KHTML, like Gecko) Chrome/145.0.7632.159 Mobile Safari/537.36 (compatible; Googlebot/2.1; +http://www.google.com/bot.html)" "-"
66.249.64.0 - - [22/Mar/2026:01:09:16 -0400] "GET /shop/during/disquietous122984026227.html HTTP/1.1" 200 216573 hawk-cs.com "-" "Mozilla/5.0 (Linux; Android 6.0.1; Nexus 5X Build/MMB29P) AppleWebKit/537.36 (KHTML, like Gecko) Chrome/145.0.7632.159 Mobile Safari/537.36 (compatible; Googlebot/2.1; +http://www.google.com/bot.html)" "-"
2a03:2880:f800:: - - [22/Mar/2026:01:09:18 -0400] "GET /shop/diduction/orthodiagonal001531886949.html?path=/homepages/38/d1014010327 HTTP/1.1" 200 31472 hawk-cs.com "-" "meta-externalagent/1.1 (+https://developers.facebook.com/docs/sharing/webmasters/crawler)" "-"
66.249.64.0 - - [22/Mar/2026:01:09:19 -0400] "GET /shop/uxorious/veritas12743057490.html HTTP/1.1" 200 220432 hawk-cs.com "-" "Mozilla/5.0 (Linux; Android 6.0.1; Nexus 5X Build/MMB29P) AppleWebKit/537.36 (KHTML, like Gecko) Chrome/145.0.7632.159 Mobile Safari/537.36 (compatible; Googlebot/2.1; +http://www.google.com/bot.html)" "-"
66.249.64.0 - - [22/Mar/2026:01:09:20 -0400] "GET /shop/plowshare/ecstatical112060627944.html HTTP/1.1" 200 219418 hawk-cs.com "-" "Mozilla/5.0 (Linux; Android 6.0.1; Nexus 5X Build/MMB29P) AppleWebKit/537.36 (KHTML, like Gecko) Chrome/145.0.7632.159 Mobile Safari/537.36 (compatible; Googlebot/2.1; +http://www.google.com/bot.html)" "-"
66.249.64.0 - - [22/Mar/2026:01:09:22 -0400] "GET /shop/galericulata/vitrine023109429872.html HTTP/1.1" 200 219356 hawk-cs.com "-" "Mozilla/5.0 (Linux; Android 6.0.1; Nexus 5X Build/MMB29P) AppleWebKit/537.36 (KHTML, like Gecko) Chrome/145.0.7632.159 Mobile Safari/537.36 (compatible; Googlebot/2.1; +http://www.google.com/bot.html)" "-"
66.249.64.0 - - [22/Mar/2026:01:09:25 -0400] "GET /shop/gravigrade/pinnulae004027900019.html HTTP/1.1" 200 212140 hawk-cs.com "-" "Mozilla/5.0 (Linux; Android 6.0.1; Nexus 5X Build/MMB29P) AppleWebKit/537.36 (KHTML, like Gecko) Chrome/145.0.7632.159 Mobile Safari/537.36 (compatible; Googlebot/2.1; +http://www.google.com/bot.html)" "-"
66.249.64.0 - - [22/Mar/2026:01:09:26 -0400] "GET /shop/bewreke/culturing003947099615.html HTTP/1.1" 200 209595 hawk-cs.com "-" "Mozilla/5.0 (Linux; Android 6.0.1; Nexus 5X Build/MMB29P) AppleWebKit/537.36 (KHTML, like Gecko) Chrome/145.0.7632.159 Mobile Safari/537.36 (compatible; Googlebot/2.1; +http://www.google.com/bot.html)" "-"
66.249.64.0 - - [22/Mar/2026:01:09:27 -0400] "GET /shop/sieur/triacanthus021721763159.html HTTP/1.1" 200 219708 hawk-cs.com "-" "Mozilla/5.0 (Linux; Android 6.0.1; Nexus 5X Build/MMB29P) AppleWebKit/537.36 (KHTML, like Gecko) Chrome/145.0.7632.159 Mobile Safari/537.36 (compatible; Googlebot/2.1; +http://www.google.com/bot.html)" "-"
66.249.64.0 - - [22/Mar/2026:01:09:28 -0400] "GET /shop/polyphore/mixen022812556094.html HTTP/1.1" 200 219376 hawk-cs.com "-" "Mozilla/5.0 (Linux; Android 6.0.1; Nexus 5X Build/MMB29P) AppleWebKit/537.36 (KHTML, like Gecko) Chrome/145.0.7632.159 Mobile Safari/537.36 (compatible; Googlebot/2.1; +http://www.google.com/bot.html)" "-"
2a03:2880:f800:: - - [22/Mar/2026:01:09:29 -0400] "GET /shop/award/crosstining022276252393.html?path=/homepages/38/d1014936368 HTTP/1.1" 200 31472 hawk-cs.com "-" "meta-externalagent/1.1 (+https://developers.facebook.com/docs/sharing/webmasters/crawler)" "-"
66.249.64.0 - - [22/Mar/2026:01:09:30 -0400] "GET /shop/subinfeudation/calipers09430185547.html HTTP/1.1" 200 203369 hawk-cs.com "-" "Mozilla/5.0 (Linux; Android 6.0.1; Nexus 5X Build/MMB29P) AppleWebKit/537.36 (KHTML, like Gecko) Chrome/145.0.7632.159 Mobile Safari/537.36 (compatible; Googlebot/2.1; +http://www.google.com/bot.html)" "-"
66.249.64.0 - - [22/Mar/2026:01:09:31 -0400] "GET /shop/neuropharmacologic/gluttonized082214660401.html HTTP/1.1" 200 218077 hawk-cs.com "-" "Mozilla/5.0 (Linux; Android 6.0.1; Nexus 5X Build/MMB29P) AppleWebKit/537.36 (KHTML, like Gecko) Chrome/145.0.7632.159 Mobile Safari/537.36 (compatible; Googlebot/2.1; +http://www.google.com/bot.html)" "-"
66.249.64.0 - - [22/Mar/2026:01:09:33 -0400] "GET /shop/abstractedly/reflexively101995695344.html HTTP/1.1" 200 210872 hawk-cs.com "-" "Mozilla/5.0 (Linux; Android 6.0.1; Nexus 5X Build/MMB29P) AppleWebKit/537.36 (KHTML, like Gecko) Chrome/145.0.7632.159 Mobile Safari/537.36 (compatible; Googlebot/2.1; +http://www.google.com/bot.html)" "-"
66.249.64.0 - - [22/Mar/2026:01:09:37 -0400] "GET /shop/confiscated/demogorgon05337942425.html HTTP/1.1" 200 226414 hawk-cs.com "-" "Mozilla/5.0 (Linux; Android 6.0.1; Nexus 5X Build/MMB29P) AppleWebKit/537.36 (KHTML, like Gecko) Chrome/145.0.7632.159 Mobile Safari/537.36 (compatible; Googlebot/2.1; +http://www.google.com/bot.html)" "-"
2a03:2880:f800:: - - [22/Mar/2026:01:09:38 -0400] "GET /shop/annealer/grasping02652607099.html?path=/homepages/30 HTTP/1.1" 200 67428 hawk-cs.com "-" "meta-externalagent/1.1 (+https://developers.facebook.com/docs/sharing/webmasters/crawler)" "-"
66.249.64.0 - - [22/Mar/2026:01:09:39 -0400] "GET /shop/epizooty/uncommonly053922509925.html HTTP/1.1" 200 222490 hawk-cs.com "-" "Mozilla/5.0 (Linux; Android 6.0.1; Nexus 5X Build/MMB29P) AppleWebKit/537.36 (KHTML, like Gecko) Chrome/145.0.7632.159 Mobile Safari/537.36 (compatible; Googlebot/2.1; +http://www.google.com/bot.html)" "-"
66.249.64.0 - - [22/Mar/2026:01:09:41 -0400] "GET /shop/slopseller/eardrop113782653962.html HTTP/1.1" 200 219493 hawk-cs.com "-" "Mozilla/5.0 (Linux; Android 6.0.1; Nexus 5X Build/MMB29P) AppleWebKit/537.36 (KHTML, like Gecko) Chrome/145.0.7632.159 Mobile Safari/537.36 (compatible; Googlebot/2.1; +http://www.google.com/bot.html)" "-"
66.249.64.0 - - [22/Mar/2026:01:09:43 -0400] "GET /shop/feminine/weregelt022246042939.html HTTP/1.1" 200 215085 hawk-cs.com "-" "Mozilla/5.0 (Linux; Android 6.0.1; Nexus 5X Build/MMB29P) AppleWebKit/537.36 (KHTML, like Gecko) Chrome/145.0.7632.159 Mobile Safari/537.36 (compatible; Googlebot/2.1; +http://www.google.com/bot.html)" "-"
66.249.64.0 - - [22/Mar/2026:01:09:46 -0400] "GET /shop/discontinue/millionairess021950163643.html HTTP/1.1" 200 215681 hawk-cs.com "-" "Mozilla/5.0 (Linux; Android 6.0.1; Nexus 5X Build/MMB29P) AppleWebKit/537.36 (KHTML, like Gecko) Chrome/145.0.7632.159 Mobile Safari/537.36 (compatible; Googlebot/2.1; +http://www.google.com/bot.html)" "-"
2a03:2880:f800:: - - [22/Mar/2026:01:09:46 -0400] "GET /shop/nargile/placate02517151218.html?path=/ HTTP/1.1" 200 44504 hawk-cs.com "-" "meta-externalagent/1.1 (+https://developers.facebook.com/docs/sharing/webmasters/crawler)" "-"
66.249.70.0 - - [22/Mar/2026:01:09:47 -0400] "GET / HTTP/1.1" 200 209770 www.hawk-cs.com "-" "Mozilla/5.0 (Linux; Android 6.0.1; Nexus 5X Build/MMB29P) AppleWebKit/537.36 (KHTML, like Gecko) Chrome/99.0.4844.84 Mobile Safari/537.36 (compatible; Googlebot/2.1; +http://www.google.com/bot.html)" "-"
66.249.70.0 - - [22/Mar/2026:01:09:47 -0400] "GET / HTTP/1.1" 200 209770 www.hawk-cs.com "-" "Mozilla/5.0 (compatible; Googlebot/2.1; +http://www.google.com/bot.html)" "-"
66.249.64.0 - - [22/Mar/2026:01:09:48 -0400] "GET /shop/armada/alchemilla061211953096.html HTTP/1.1" 200 218143 hawk-cs.com "-" "Mozilla/5.0 (Linux; Android 6.0.1; Nexus 5X Build/MMB29P) AppleWebKit/537.36 (KHTML, like Gecko) Chrome/145.0.7632.159 Mobile Safari/537.36 (compatible; Googlebot/2.1; +http://www.google.com/bot.html)" "-"
66.249.64.0 - - [22/Mar/2026:01:09:50 -0400] "GET /shop/exocarp/dioptry00566353011.html HTTP/1.1" 200 221009 hawk-cs.com "-" "Mozilla/5.0 (Linux; Android 6.0.1; Nexus 5X Build/MMB29P) AppleWebKit/537.36 (KHTML, like Gecko) Chrome/145.0.7632.159 Mobile Safari/537.36 (compatible; Googlebot/2.1; +http://www.google.com/bot.html)" "-"
66.249.64.0 - - [22/Mar/2026:01:09:50 -0400] "GET /shop/infamy/augurship10530274309.html HTTP/1.1" 200 209198 hawk-cs.com "-" "Mozilla/5.0 (Linux; Android 6.0.1; Nexus 5X Build/MMB29P) AppleWebKit/537.36 (KHTML, like Gecko) Chrome/145.0.7632.159 Mobile Safari/537.36 (compatible; Googlebot/2.1; +http://www.google.com/bot.html)" "-"
74.7.243.0 - - [22/Mar/2026:01:09:53 -0400] "GET /shop/nemalite/stokehold063532796803.html HTTP/1.1" 200 76933 hawk-cs.com "https://hawk-cs.com/sitemap-sub-2034.xml" "Mozilla/5.0 AppleWebKit/537.36 (KHTML, like Gecko; compatible; GPTBot/1.3; +https://openai.com/gptbot)" "-"
66.249.64.0 - - [22/Mar/2026:01:09:54 -0400] "GET /shop/bethrall/balayeuse044255974882.html HTTP/1.1" 200 213238 hawk-cs.com "-" "Mozilla/5.0 (Linux; Android 6.0.1; Nexus 5X Build/MMB29P) AppleWebKit/537.36 (KHTML, like Gecko) Chrome/145.0.7632.159 Mobile Safari/537.36 (compatible; Googlebot/2.1; +http://www.google.com/bot.html)" "-"
2a03:2880:f800:: - - [22/Mar/2026:01:09:54 -0400] "GET /shop/aquarellist/cachinnation021819129971.html?path=/homepages/38/d1014936368/htdocs HTTP/1.1" 200 18435 hawk-cs.com "-" "meta-externalagent/1.1 (+https://developers.facebook.com/docs/sharing/webmasters/crawler)" "-"
66.249.64.0 - - [22/Mar/2026:01:09:56 -0400] "GET /shop/crucifier/patrole093775769603.html HTTP/1.1" 200 206896 hawk-cs.com "-" "Mozilla/5.0 (Linux; Android 6.0.1; Nexus 5X Build/MMB29P) AppleWebKit/537.36 (KHTML, like Gecko) Chrome/145.0.7632.159 Mobile Safari/537.36 (compatible; Googlebot/2.1; +http://www.google.com/bot.html)" "-"
66.249.64.0 - - [22/Mar/2026:01:09:58 -0400] "GET /shop/hydrolytic/raptorious00619579611.html HTTP/1.1" 200 201495 hawk-cs.com "-" "Mozilla/5.0 (Linux; Android 6.0.1; Nexus 5X Build/MMB29P) AppleWebKit/537.36 (KHTML, like Gecko) Chrome/145.0.7632.159 Mobile Safari/537.36 (compatible; Googlebot/2.1; +http://www.google.com/bot.html)" "-"
66.249.64.0 - - [22/Mar/2026:01:10:00 -0400] "GET /shop/sciaenoid/medullated041091962119.html HTTP/1.1" 200 205401 hawk-cs.com "-" "Mozilla/5.0 (Linux; Android 6.0.1; Nexus 5X Build/MMB29P) AppleWebKit/537.36 (KHTML, like Gecko) Chrome/145.0.7632.159 Mobile Safari/537.36 (compatible; Googlebot/2.1; +http://www.google.com/bot.html)" "-"
2a03:2880:f800:: - - [22/Mar/2026:01:10:02 -0400] "GET /shop/rehabilitation/handtohand022056055474.html?path=/homepages/17 HTTP/1.1" 200 88800 hawk-cs.com "-" "meta-externalagent/1.1 (+https://developers.facebook.com/docs/sharing/webmasters/crawler)" "-"
66.249.64.0 - - [22/Mar/2026:01:10:02 -0400] "GET /shop/airiness/gynodioecious02984625059.html HTTP/1.1" 200 215197 hawk-cs.com "-" "Mozilla/5.0 (Linux; Android 6.0.1; Nexus 5X Build/MMB29P) AppleWebKit/537.36 (KHTML, like Gecko) Chrome/145.0.7632.159 Mobile Safari/537.36 (compatible; Googlebot/2.1; +http://www.google.com/bot.html)" "-"
66.249.64.0 - - [22/Mar/2026:01:10:06 -0400] "GET /shop/urocyst/decadent022952181760.html HTTP/1.1" 200 216352 hawk-cs.com "-" "Mozilla/5.0 (Linux; Android 6.0.1; Nexus 5X Build/MMB29P) AppleWebKit/537.36 (KHTML, like Gecko) Chrome/145.0.7632.159 Mobile Safari/537.36 (compatible; Googlebot/2.1; +http://www.google.com/bot.html)" "-"
66.249.64.0 - - [22/Mar/2026:01:10:08 -0400] "GET /shop/carmot/letheon004224133469.html HTTP/1.1" 200 215197 hawk-cs.com "-" "Mozilla/5.0 (Linux; Android 6.0.1; Nexus 5X Build/MMB29P) AppleWebKit/537.36 (KHTML, like Gecko) Chrome/145.0.7632.159 Mobile Safari/537.36 (compatible; Googlebot/2.1; +http://www.google.com/bot.html)" "-"
2a03:2880:f800:: - - [22/Mar/2026:01:10:08 -0400] "GET /shop/halfclammed/osteocope003822676158.html?path=/homepages/38/d1012875371 HTTP/1.1" 200 28508 hawk-cs.com "-" "meta-externalagent/1.1 (+https://developers.facebook.com/docs/sharing/webmasters/crawler)" "-"
66.249.64.0 - - [22/Mar/2026:01:10:13 -0400] "GET /shop/childness/orchestian11321045259.html HTTP/1.1" 200 215696 hawk-cs.com "-" "Mozilla/5.0 (Linux; Android 6.0.1; Nexus 5X Build/MMB29P) AppleWebKit/537.36 (KHTML, like Gecko) Chrome/145.0.7632.159 Mobile Safari/537.36 (compatible; Googlebot/2.1; +http://www.google.com/bot.html)" "-"
114.119.135.0 - - [22/Mar/2026:01:10:14 -0400] "GET /shop/osteomata/clays053619194563.html HTTP/1.1" 200 76933 hawk-cs.com "https://hawk-cs.com/sitemaps.xmlDisallow:%20*/cache/ionos-performance/" "Mozilla/5.0 (Linux; Android 7.0;) AppleWebKit/537.36 (KHTML, like Gecko) Mobile Safari/537.36 (compatible; PetalBot;+https://webmaster.petalsearch.com/site/petalbot)" "-"
66.249.70.0 - - [22/Mar/2026:01:10:15 -0400] "GET /favicon.ico HTTP/1.1" 200 76933 www.hawk-cs.com "-" "Googlebot-Image/1.0" "-"
66.249.64.0 - - [22/Mar/2026:01:10:15 -0400] "GET /shop/spindlelegged/enterlace02495070748.html HTTP/1.1" 200 215184 hawk-cs.com "-" "Mozilla/5.0 (Linux; Android 6.0.1; Nexus 5X Build/MMB29P) AppleWebKit/537.36 (KHTML, like Gecko) Chrome/145.0.7632.159 Mobile Safari/537.36 (compatible; Googlebot/2.1; +http://www.google.com/bot.html)" "-"
2a03:2880:f800:: - - [22/Mar/2026:01:10:15 -0400] "GET /shop/filius/defacement002372383181.html?fileloc=/homepages/38/d1014936368/htpasswd&path=/homepages/38/d1014936368 HTTP/1.1" 200 12315 hawk-cs.com "-" "meta-externalagent/1.1 (+https://developers.facebook.com/docs/sharing/webmasters/crawler)" "-"
66.249.64.0 - - [22/Mar/2026:01:10:16 -0400] "GET /shop/khaki/rhynchocephala0076289835.html HTTP/1.1" 200 211548 hawk-cs.com "-" "Mozilla/5.0 (Linux; Android 6.0.1; Nexus 5X Build/MMB29P) AppleWebKit/537.36 (KHTML, like Gecko) Chrome/145.0.7632.159 Mobile Safari/537.36 (compatible; Googlebot/2.1; +http://www.google.com/bot.html)" "-"
66.249.64.0 - - [22/Mar/2026:01:10:17 -0400] "GET /shop/paxillus/nomic07716606404.html HTTP/1.1" 200 209795 hawk-cs.com "-" "Mozilla/5.0 (Linux; Android 6.0.1; Nexus 5X Build/MMB29P) AppleWebKit/537.36 (KHTML, like Gecko) Chrome/145.0.7632.159 Mobile Safari/537.36 (compatible; Googlebot/2.1; +http://www.google.com/bot.html)" "-"
66.249.64.0 - - [22/Mar/2026:01:10:18 -0400] "GET /shop/pectoral/unadmissible023525383142.html HTTP/1.1" 200 213779 hawk-cs.com "-" "Mozilla/5.0 (Linux; Android 6.0.1; Nexus 5X Build/MMB29P) AppleWebKit/537.36 (KHTML, like Gecko) Chrome/145.0.7632.159 Mobile Safari/537.36 (compatible; Googlebot/2.1; +http://www.google.com/bot.html)" "-"
66.249.64.0 - - [22/Mar/2026:01:10:20 -0400] "GET /shop/kolkhoznik/catadicrotism021812143880.html HTTP/1.1" 200 212665 hawk-cs.com "-" "Mozilla/5.0 (Linux; Android 6.0.1; Nexus 5X Build/MMB29P) AppleWebKit/537.36 (KHTML, like Gecko) Chrome/145.0.7632.159 Mobile Safari/537.36 (compatible; Googlebot/2.1; +http://www.google.com/bot.html)" "-"
2a03:2880:f800:: - - [22/Mar/2026:01:10:21 -0400] "GET /shop/ralline/ventilative022764332830.html?path=/homepages/38/d1014936368/htdocs/clickandbuilds/HawkConstruction/.tmb HTTP/1.1" 200 13050 hawk-cs.com "-" "meta-externalagent/1.1 (+https://developers.facebook.com/docs/sharing/webmasters/crawler)" "-"
2001:a61:2b00:: - - [22/Mar/2026:01:10:21 -0400] "GET /robots.txt HTTP/1.1" 200 347 hawk-cs.com "-" "Mozilla/5.0 (compatible; MJ12bot/v1.4.8; http://mj12bot.com/)" "-"
66.249.64.0 - - [22/Mar/2026:01:10:22 -0400] "GET /shop/equisetum/pepperidge003309140920.html HTTP/1.1" 200 214662 hawk-cs.com "-" "Mozilla/5.0 (Linux; Android 6.0.1; Nexus 5X Build/MMB29P) AppleWebKit/537.36 (KHTML, like Gecko) Chrome/145.0.7632.159 Mobile Safari/537.36 (compatible; Googlebot/2.1; +http://www.google.com/bot.html)" "-"
2001:a61:2b00:: - - [22/Mar/2026:01:10:23 -0400] "GET /?fileloc=//kunden/lib64/ld-linux-x86-64.so.2&path=//kunden/lib64 HTTP/1.1" 200 12257 hawk-cs.com "-" "Mozilla/5.0 (compatible; MJ12bot/v1.4.8; http://mj12bot.com/)" "-"
66.249.64.0 - - [22/Mar/2026:01:10:25 -0400] "GET /shop/hypermeter/defalk041759735575.html HTTP/1.1" 200 216345 hawk-cs.com "-" "Mozilla/5.0 (Linux; Android 6.0.1; Nexus 5X Build/MMB29P) AppleWebKit/537.36 (KHTML, like Gecko) Chrome/145.0.7632.159 Mobile Safari/537.36 (compatible; Googlebot/2.1; +http://www.google.com/bot.html)" "-"
66.249.64.0 - - [22/Mar/2026:01:10:25 -0400] "GET /shop/kurzii/equisetaceae153436837706.html HTTP/1.1" 200 209905 hawk-cs.com "-" "Mozilla/5.0 (Linux; Android 6.0.1; Nexus 5X Build/MMB29P) AppleWebKit/537.36 (KHTML, like Gecko) Chrome/145.0.7632.159 Mobile Safari/537.36 (compatible; Googlebot/2.1; +http://www.google.com/bot.html)" "-"
2001:a61:2b00:: - - [22/Mar/2026:01:10:25 -0400] "GET /?fileloc=//var/tmp/IP2LOCATION-LITE-DB1.BIN-iVelMS.zip&path=//var/tmp HTTP/1.1" 200 12254 hawk-cs.com "-" "Mozilla/5.0 (compatible; MJ12bot/v1.4.8; http://mj12bot.com/)" "-"
2a03:2880:f800:: - - [22/Mar/2026:01:10:27 -0400] "GET /shop/palaeolithic/bookshop022057431080.html?path=/homepages/38/d1016164901 HTTP/1.1" 200 29998 hawk-cs.com "-" "meta-externalagent/1.1 (+https://developers.facebook.com/docs/sharing/webmasters/crawler)" "-"
2001:a61:2b00:: - - [22/Mar/2026:01:10:27 -0400] "GET /?path=//lib/diet/bin HTTP/1.1" 200 14083 hawk-cs.com "-" "Mozilla/5.0 (compatible; MJ12bot/v1.4.8; http://mj12bot.com/)" "-"
66.249.64.0 - - [22/Mar/2026:01:10:29 -0400] "GET /shop/crepusculine/bondsmen102190940697.html HTTP/1.1" 200 204486 hawk-cs.com "-" "Mozilla/5.0 (Linux; Android 6.0.1; Nexus 5X Build/MMB29P) AppleWebKit/537.36 (KHTML, like Gecko) Chrome/146.0.7680.153 Mobile Safari/537.36 (compatible; Googlebot/2.1; +http://www.google.com/bot.html)" "-"
66.249.64.0 - - [22/Mar/2026:01:10:29 -0400] "GET /shop/sawbilled/chauldron032338892696.html HTTP/1.1" 200 210594 hawk-cs.com "-" "Mozilla/5.0 (Linux; Android 6.0.1; Nexus 5X Build/MMB29P) AppleWebKit/537.36 (KHTML, like Gecko) Chrome/145.0.7632.159 Mobile Safari/537.36 (compatible; Googlebot/2.1; +http://www.google.com/bot.html)" "-"
2001:a61:2b00:: - - [22/Mar/2026:01:10:30 -0400] "GET /?path=//var/lib/ispell HTTP/1.1" 200 14100 hawk-cs.com "-" "Mozilla/5.0 (compatible; MJ12bot/v1.4.8; http://mj12bot.com/)" "-"
66.249.64.0 - - [22/Mar/2026:01:10:31 -0400] "GET /shop/otherworldly/artow11496282847.html HTTP/1.1" 200 245547 hawk-cs.com "-" "Mozilla/5.0 (Linux; Android 6.0.1; Nexus 5X Build/MMB29P) AppleWebKit/537.36 (KHTML, like Gecko) Chrome/145.0.7632.159 Mobile Safari/537.36 (compatible; Googlebot/2.1; +http://www.google.com/bot.html)" "-"
2001:a61:2b00:: - - [22/Mar/2026:01:10:32 -0400] "GET /robots.txt HTTP/1.1" 200 347 www.hawk-cs.com "-" "Mozilla/5.0 (compatible; MJ12bot/v1.4.8; http://mj12bot.com/)" "-"
2a03:2880:f800:: - - [22/Mar/2026:01:10:32 -0400] "GET /shop/flaggy/cacophonies02188405668.html?path=/homepages/38/d1014936368/htdocs/clickandbuilds/HawkConstruction/.tmb HTTP/1.1" 200 13050 hawk-cs.com "-" "meta-externalagent/1.1 (+https://developers.facebook.com/docs/sharing/webmasters/crawler)" "-"
66.249.64.0 - - [22/Mar/2026:01:10:34 -0400] "GET /shop/defectious/hawsehole02637539615.html HTTP/1.1" 200 225262 hawk-cs.com "-" "Mozilla/5.0 (Linux; Android 6.0.1; Nexus 5X Build/MMB29P) AppleWebKit/537.36 (KHTML, like Gecko) Chrome/145.0.7632.159 Mobile Safari/537.36 (compatible; Googlebot/2.1; +http://www.google.com/bot.html)" "-"
74.7.243.0 - - [22/Mar/2026:01:10:35 -0400] "GET /shop/smothery/hartbeest062512487237.html HTTP/1.1" 200 76933 hawk-cs.com "https://hawk-cs.com/sitemap-sub-2034.xml" "Mozilla/5.0 AppleWebKit/537.36 (KHTML, like Gecko; compatible; GPTBot/1.3; +https://openai.com/gptbot)" "-"
66.249.64.0 - - [22/Mar/2026:01:10:36 -0400] "GET /shop/barroom/catadrome02156984099.html HTTP/1.1" 200 210506 hawk-cs.com "-" "Mozilla/5.0 (Linux; Android 6.0.1; Nexus 5X Build/MMB29P) AppleWebKit/537.36 (KHTML, like Gecko) Chrome/145.0.7632.159 Mobile Safari/537.36 (compatible; Googlebot/2.1; +http://www.google.com/bot.html)" "-"
2a03:2880:f800:: - - [22/Mar/2026:01:10:37 -0400] "GET /shop/girdled/disperge003816875255.html?path=/homepages/38/d1014936368/.oneclick HTTP/1.1" 200 12776 hawk-cs.com "-" "meta-externalagent/1.1 (+https://developers.facebook.com/docs/sharing/webmasters/crawler)" "-"
2001:a61:2b00:: - - [22/Mar/2026:01:10:38 -0400] "GET /?path=//mnt/strato/web HTTP/1.1" 200 12685 www.hawk-cs.com "-" "Mozilla/5.0 (compatible; MJ12bot/v1.4.8; http://mj12bot.com/)" "-"
66.249.64.0 - - [22/Mar/2026:01:10:39 -0400] "GET /shop/selenide/pricker023339607598.html HTTP/1.1" 200 217569 hawk-cs.com "-" "Mozilla/5.0 (Linux; Android 6.0.1; Nexus 5X Build/MMB29P) AppleWebKit/537.36 (KHTML, like Gecko) Chrome/145.0.7632.159 Mobile Safari/537.36 (compatible; Googlebot/2.1; +http://www.google.com/bot.html)" "-"
2001:a61:2b00:: - - [22/Mar/2026:01:10:40 -0400] "GET /?path=//proc/1971117 HTTP/1.1" 200 12649 www.hawk-cs.com "-" "Mozilla/5.0 (compatible; MJ12bot/v1.4.8; http://mj12bot.com/)" "-"
66.249.64.0 - - [22/Mar/2026:01:10:40 -0400] "GET /shop/almagest/dissatisfying00434094434.html HTTP/1.1" 200 209678 hawk-cs.com "-" "Mozilla/5.0 (Linux; Android 6.0.1; Nexus 5X Build/MMB29P) AppleWebKit/537.36 (KHTML, like Gecko) Chrome/145.0.7632.159 Mobile Safari/537.36 (compatible; Googlebot/2.1; +http://www.google.com/bot.html)" "-"
2a03:2880:f800:: - - [22/Mar/2026:01:10:42 -0400] "GET /shop/lochan/herehence022681662090.html?path=/homepages/38/d1015173718 HTTP/1.1" 429 267 hawk-cs.com "-" "meta-externalagent/1.1 (+https://developers.facebook.com/docs/sharing/webmasters/crawler)" "-"
2001:a61:2b00:: - - [22/Mar/2026:01:10:42 -0400] "GET /?path=//proc/1971856 HTTP/1.1" 200 12649 www.hawk-cs.com "-" "Mozilla/5.0 (compatible; MJ12bot/v1.4.8; http://mj12bot.com/)" "-"
66.249.64.0 - - [22/Mar/2026:01:10:43 -0400] "GET /shop/tease/foreclosed092756230709.html HTTP/1.1" 200 211223 hawk-cs.com "-" "Mozilla/5.0 (Linux; Android 6.0.1; Nexus 5X Build/MMB29P) AppleWebKit/537.36 (KHTML, like Gecko) Chrome/145.0.7632.159 Mobile Safari/537.36 (compatible; Googlebot/2.1; +http://www.google.com/bot.html)" "-"
2001:a61:2b00:: - - [22/Mar/2026:01:10:44 -0400] "GET /?path=//proc/1972610 HTTP/1.1" 200 12649 www.hawk-cs.com "-" "Mozilla/5.0 (compatible; MJ12bot/v1.4.8; http://mj12bot.com/)" "-"
2a03:2880:f800:: - - [22/Mar/2026:01:10:46 -0400] "GET /shop/coranach/willingly021196570031.html?path=//lib32 HTTP/1.1" 429 267 hawk-cs.com "-" "meta-externalagent/1.1 (+https://developers.facebook.com/docs/sharing/webmasters/crawler)" "-"
2001:a61:2b00:: - - [22/Mar/2026:01:10:46 -0400] "GET /?path=//proc/1973502 HTTP/1.1" 200 12649 www.hawk-cs.com "-" "Mozilla/5.0 (compatible; MJ12bot/v1.4.8; http://mj12bot.com/)" "-"
2a03:2880:f800:: - - [22/Mar/2026:01:10:47 -0400] "GET /shop/semiacid/gnash023218987472.html?path=/homepages/38/d1014780234 HTTP/1.1" 429 267 hawk-cs.com "-" "meta-externalagent/1.1 (+https://developers.facebook.com/docs/sharing/webmasters/crawler)" "-"
66.249.64.0 - - [22/Mar/2026:01:10:48 -0400] "GET /shop/selfmurder/statarian154113316341.html HTTP/1.1" 200 227235 hawk-cs.com "-" "Mozilla/5.0 (Linux; Android 6.0.1; Nexus 5X Build/MMB29P) AppleWebKit/537.36 (KHTML, like Gecko) Chrome/145.0.7632.159 Mobile Safari/537.36 (compatible; Googlebot/2.1; +http://www.google.com/bot.html)" "-"
2001:a61:2b00:: - - [22/Mar/2026:01:10:48 -0400] "GET /?path=//proc/1974155 HTTP/1.1" 200 12649 www.hawk-cs.com "-" "Mozilla/5.0 (compatible; MJ12bot/v1.4.8; http://mj12bot.com/)" "-"
66.249.64.0 - - [22/Mar/2026:01:10:50 -0400] "GET /shop/tamerlane/consecration002970818534.html HTTP/1.1" 200 254402 hawk-cs.com "-" "Mozilla/5.0 (Linux; Android 6.0.1; Nexus 5X Build/MMB29P) AppleWebKit/537.36 (KHTML, like Gecko) Chrome/145.0.7632.159 Mobile Safari/537.36 (compatible; Googlebot/2.1; +http://www.google.com/bot.html)" "-"
2001:a61:2b00:: - - [22/Mar/2026:01:10:50 -0400] "GET /?path=//proc/1975270 HTTP/1.1" 200 12649 www.hawk-cs.com "-" "Mozilla/5.0 (compatible; MJ12bot/v1.4.8; http://mj12bot.com/)" "-"
2a03:2880:f800:: - - [22/Mar/2026:01:10:52 -0400] "GET /shop/wahabee/calendaring02752165380.html?path=/homepages/38/d1014936368/htdocs/clickandbuilds/HawkConstruction/images HTTP/1.1" 429 267 hawk-cs.com "-" "meta-externalagent/1.1 (+https://developers.facebook.com/docs/sharing/webmasters/crawler)" "-"
66.249.64.0 - - [22/Mar/2026:01:10:53 -0400] "GET /shop/pyramids/sensationalism002100082883.html HTTP/1.1" 200 218714 hawk-cs.com "-" "Mozilla/5.0 (Linux; Android 6.0.1; Nexus 5X Build/MMB29P) AppleWebKit/537.36 (KHTML, like Gecko) Chrome/145.0.7632.159 Mobile Safari/537.36 (compatible; Googlebot/2.1; +http://www.google.com/bot.html)" "-"
2001:a61:2b00:: - - [22/Mar/2026:01:10:53 -0400] "GET /?path=//proc/1975962 HTTP/1.1" 200 12649 www.hawk-cs.com "-" "Mozilla/5.0 (compatible; MJ12bot/v1.4.8; http://mj12bot.com/)" "-"
2a03:2880:f800:: - - [22/Mar/2026:01:10:53 -0400] "GET /shop/hyalea/bipinnatifid02110529422.html?path=/homepages HTTP/1.1" 429 267 hawk-cs.com "-" "meta-externalagent/1.1 (+https://developers.facebook.com/docs/sharing/webmasters/crawler)" "-"
2a03:2880:f800:: - - [22/Mar/2026:01:10:54 -0400] "GET /shop/yeoman/unboweling024219930.html?path=/homepages/38/d1014936368/htdocs/clickandbuilds/HawkConstruction/wp-content HTTP/1.1" 429 267 hawk-cs.com "-" "meta-externalagent/1.1 (+https://developers.facebook.com/docs/sharing/webmasters/crawler)" "-"
66.249.64.0 - - [22/Mar/2026:01:10:55 -0400] "GET /shop/revolutive/tarheel121303047341.html HTTP/1.1" 200 208747 hawk-cs.com "-" "Mozilla/5.0 (Linux; Android 6.0.1; Nexus 5X Build/MMB29P) AppleWebKit/537.36 (KHTML, like Gecko) Chrome/145.0.7632.159 Mobile Safari/537.36 (compatible; Googlebot/2.1; +http://www.google.com/bot.html)" "-"
66.249.64.0 - - [22/Mar/2026:01:10:55 -0400] "GET /shop/skillet/overget922844329279.html HTTP/1.1" 200 215687 hawk-cs.com "-" "Mozilla/5.0 (Linux; Android 6.0.1; Nexus 5X Build/MMB29P) AppleWebKit/537.36 (KHTML, like Gecko) Chrome/145.0.7632.159 Mobile Safari/537.36 (compatible; Googlebot/2.1; +http://www.google.com/bot.html)" "-"
2001:a61:2b00:: - - [22/Mar/2026:01:10:55 -0400] "GET /?path=//proc/1976810 HTTP/1.1" 200 12649 www.hawk-cs.com "-" "Mozilla/5.0 (compatible; MJ12bot/v1.4.8; http://mj12bot.com/)" "-"
66.249.64.0 - - [22/Mar/2026:01:10:56 -0400] "GET /shop/joules/chamosite023024438938.html HTTP/1.1" 200 219873 hawk-cs.com "-" "Mozilla/5.0 (Linux; Android 6.0.1; Nexus 5X Build/MMB29P) AppleWebKit/537.36 (KHTML, like Gecko) Chrome/145.0.7632.159 Mobile Safari/537.36 (compatible; Googlebot/2.1; +http://www.google.com/bot.html)" "-"
2001:a61:2b00:: - - [22/Mar/2026:01:10:58 -0400] "GET /?path=//proc/1977926 HTTP/1.1" 200 12649 www.hawk-cs.com "-" "Mozilla/5.0 (compatible; MJ12bot/v1.4.8; http://mj12bot.com/)" "-"
66.249.64.0 - - [22/Mar/2026:01:10:59 -0400] "GET /shop/checkin/euphorbium022711229210.html HTTP/1.1" 200 208621 hawk-cs.com "-" "Mozilla/5.0 (Linux; Android 6.0.1; Nexus 5X Build/MMB29P) AppleWebKit/537.36 (KHTML, like Gecko) Chrome/145.0.7632.159 Mobile Safari/537.36 (compatible; Googlebot/2.1; +http://www.google.com/bot.html)" "-"
2001:a61:2b00:: - - [22/Mar/2026:01:11:00 -0400] "GET /?path=//proc/1978653 HTTP/1.1" 200 12649 www.hawk-cs.com "-" "Mozilla/5.0 (compatible; MJ12bot/v1.4.8; http://mj12bot.com/)" "-"
66.249.64.0 - - [22/Mar/2026:01:11:00 -0400] "GET /shop/dextrogyrate/eremitism114139599898.html HTTP/1.1" 200 223387 hawk-cs.com "-" "Mozilla/5.0 (Linux; Android 6.0.1; Nexus 5X Build/MMB29P) AppleWebKit/537.36 (KHTML, like Gecko) Chrome/145.0.7632.159 Mobile Safari/537.36 (compatible; Googlebot/2.1; +http://www.google.com/bot.html)" "-"
2a03:2880:f800:: - - [22/Mar/2026:01:11:01 -0400] "GET /shop/finny/coleus023950357050.html?path=/homepages/46 HTTP/1.1" 429 267 hawk-cs.com "-" "meta-externalagent/1.1 (+https://developers.facebook.com/docs/sharing/webmasters/crawler)" "-"
2001:a61:2b00:: - - [22/Mar/2026:01:11:02 -0400] "GET /?path=//proc/1979510 HTTP/1.1" 200 12649 www.hawk-cs.com "-" "Mozilla/5.0 (compatible; MJ12bot/v1.4.8; http://mj12bot.com/)" "-"
2a03:2880:f800:: - - [22/Mar/2026:01:11:02 -0400] "GET /shop/hetairism/gymnolaema022316274370.html?path=/homepages/38/d1014936368/htdocs HTTP/1.1" 429 267 hawk-cs.com "-" "meta-externalagent/1.1 (+https://developers.facebook.com/docs/sharing/webmasters/crawler)" "-"
2a03:2880:f800:: - - [22/Mar/2026:01:11:03 -0400] "GET /shop/bewept/competitory002734470959.html?path=/homepages/38/d1014010327 HTTP/1.1" 429 267 hawk-cs.com "-" "meta-externalagent/1.1 (+https://developers.facebook.com/docs/sharing/webmasters/crawler)" "-"
2a03:2880:f800:: - - [22/Mar/2026:01:11:05 -0400] "GET /shop/conducible/urosteons023078409299.html?path=/homepages/46 HTTP/1.1" 429 267 hawk-cs.com "-" "meta-externalagent/1.1 (+https://developers.facebook.com/docs/sharing/webmasters/crawler)" "-"
2001:a61:2b00:: - - [22/Mar/2026:01:11:05 -0400] "GET /?path=//proc/driver HTTP/1.1" 200 15435 www.hawk-cs.com "-" "Mozilla/5.0 (compatible; MJ12bot/v1.4.8; http://mj12bot.com/)" "-"
2a03:2880:f800:: - - [22/Mar/2026:01:11:06 -0400] "GET /shop/somnour/waited002492836728.html?path=/homepages/13 HTTP/1.1" 429 267 hawk-cs.com "-" "meta-externalagent/1.1 (+https://developers.facebook.com/docs/sharing/webmasters/crawler)" "-"
2001:a61:2b00:: - - [22/Mar/2026:01:11:07 -0400] "GET /?path=//proc/fs HTTP/1.1" 200 17819 www.hawk-cs.com "-" "Mozilla/5.0 (compatible; MJ12bot/v1.4.8; http://mj12bot.com/)" "-"
2001:a61:2b00:: - - [22/Mar/2026:01:11:09 -0400] "GET /?path=//proc/ide HTTP/1.1" 200 14035 www.hawk-cs.com "-" "Mozilla/5.0 (compatible; MJ12bot/v1.4.8; http://mj12bot.com/)" "-"
74.7.243.0 - - [22/Mar/2026:01:11:13 -0400] "GET /shop/stably/mollycoddle063199550040.html HTTP/1.1" 200 76933 hawk-cs.com "https://hawk-cs.com/sitemap-sub-2034.xml" "Mozilla/5.0 AppleWebKit/537.36 (KHTML, like Gecko; compatible; GPTBot/1.3; +https://openai.com/gptbot)" "-"
2a03:2880:f800:: - - [22/Mar/2026:01:11:18 -0400] "GET /shop/ruminantia/catilinarian021948924633.html?path=/homepages/38/d1014936368/htdocs/clickandbuilds/HawkConstruction/adebwp HTTP/1.1" 429 267 hawk-cs.com "-" "meta-externalagent/1.1 (+https://developers.facebook.com/docs/sharing/webmasters/crawler)" "-"
114.119.151.0 - - [22/Mar/2026:01:11:18 -0400] "GET /shop/orphanhood/graveolens0548420368.html HTTP/1.1" 200 76933 hawk-cs.com "https://hawk-cs.com/sitemaps.xmlDisallow:%20*/cache/ionos-performance/" "Mozilla/5.0 (Linux; Android 7.0;) AppleWebKit/537.36 (KHTML, like Gecko) Mobile Safari/537.36 (compatible; PetalBot;+https://webmaster.petalsearch.com/site/petalbot)" "-"
2a03:2880:f800:: - - [22/Mar/2026:01:11:20 -0400] "GET /shop/sissoo/meriones002676858959.html?path=/homepages/0 HTTP/1.1" 429 267 hawk-cs.com "-" "meta-externalagent/1.1 (+https://developers.facebook.com/docs/sharing/webmasters/crawler)" "-"
2a03:2880:f800:: - - [22/Mar/2026:01:11:22 -0400] "GET /shop/scyphistomata/combustion02304270459.html?path=//home HTTP/1.1" 429 267 hawk-cs.com "-" "meta-externalagent/1.1 (+https://developers.facebook.com/docs/sharing/webmasters/crawler)" "-"
66.249.64.0 - - [22/Mar/2026:01:11:22 -0400] "GET /shop/hagriddenhagriddn/opiniatively143936290535.html HTTP/1.1" 200 217161 hawk-cs.com "-" "Mozilla/5.0 (Linux; Android 6.0.1; Nexus 5X Build/MMB29P) AppleWebKit/537.36 (KHTML, like Gecko) Chrome/145.0.7632.159 Mobile Safari/537.36 (compatible; Googlebot/2.1; +http://www.google.com/bot.html)" "-"
2a03:2880:f800:: - - [22/Mar/2026:01:11:24 -0400] "GET /shop/privation/meliaceous002241376404.html?path=/homepages/6 HTTP/1.1" 429 267 hawk-cs.com "-" "meta-externalagent/1.1 (+https://developers.facebook.com/docs/sharing/webmasters/crawler)" "-"
66.249.64.0 - - [22/Mar/2026:01:11:24 -0400] "GET /shop/liveforever/geckoes012083266212.html HTTP/1.1" 200 219034 hawk-cs.com "-" "Mozilla/5.0 (Linux; Android 6.0.1; Nexus 5X Build/MMB29P) AppleWebKit/537.36 (KHTML, like Gecko) Chrome/145.0.7632.159 Mobile Safari/537.36 (compatible; Googlebot/2.1; +http://www.google.com/bot.html)" "-"
2a03:2880:f800:: - - [22/Mar/2026:01:11:26 -0400] "GET /shop/obstetricate/unglue023943180557.html?path=/homepages/38/d1014936368/htdocs/clickandbuilds/HawkConstruction/wp-content HTTP/1.1" 429 267 hawk-cs.com "-" "meta-externalagent/1.1 (+https://developers.facebook.com/docs/sharing/webmasters/crawler)" "-"
66.249.64.0 - - [22/Mar/2026:01:11:26 -0400] "GET /shop/declassify/selfdeceit152738972205.html HTTP/1.1" 200 208514 hawk-cs.com "-" "Mozilla/5.0 (Linux; Android 6.0.1; Nexus 5X Build/MMB29P) AppleWebKit/537.36 (KHTML, like Gecko) Chrome/145.0.7632.159 Mobile Safari/537.36 (compatible; Googlebot/2.1; +http://www.google.com/bot.html)" "-"
2a03:2880:f800:: - - [22/Mar/2026:01:11:28 -0400] "GET /shop/palaeolithic/bookshop022057431080.html?path=/homepages/29 HTTP/1.1" 429 267 hawk-cs.com "-" "meta-externalagent/1.1 (+https://developers.facebook.com/docs/sharing/webmasters/crawler)" "-"
66.249.64.0 - - [22/Mar/2026:01:11:28 -0400] "GET /shop/tiresomeness/antiperiodic061610700060.html HTTP/1.1" 200 212649 hawk-cs.com "-" "Mozilla/5.0 (Linux; Android 6.0.1; Nexus 5X Build/MMB29P) AppleWebKit/537.36 (KHTML, like Gecko) Chrome/145.0.7632.159 Mobile Safari/537.36 (compatible; Googlebot/2.1; +http://www.google.com/bot.html)" "-"
66.249.64.0 - - [22/Mar/2026:01:11:30 -0400] "GET /shop/lyricality/predecessor153069833969.html HTTP/1.1" 200 209454 hawk-cs.com "-" "Mozilla/5.0 (Linux; Android 6.0.1; Nexus 5X Build/MMB29P) AppleWebKit/537.36 (KHTML, like Gecko) Chrome/145.0.7632.159 Mobile Safari/537.36 (compatible; Googlebot/2.1; +http://www.google.com/bot.html)" "-"
2a03:2880:f800:: - - [22/Mar/2026:01:11:31 -0400] "GET /shop/centesm/gastrophilus022890587280.html?path=/homepages/38/d1014936368/htdocs/clickandbuilds/HawkConstruction/wp-content HTTP/1.1" 429 267 hawk-cs.com "-" "meta-externalagent/1.1 (+https://developers.facebook.com/docs/sharing/webmasters/crawler)" "-"
66.249.64.0 - - [22/Mar/2026:01:11:32 -0400] "GET /shop/cosinage/pheer112630063841.html HTTP/1.1" 200 202574 hawk-cs.com "-" "Mozilla/5.0 (Linux; Android 6.0.1; Nexus 5X Build/MMB29P) AppleWebKit/537.36 (KHTML, like Gecko) Chrome/145.0.7632.159 Mobile Safari/537.36 (compatible; Googlebot/2.1; +http://www.google.com/bot.html)" "-"
2001:a61:2b00:: - - [22/Mar/2026:01:11:32 -0400] "GET /?path=//proc/ipmi HTTP/1.1" 200 13933 www.hawk-cs.com "-" "Mozilla/5.0 (compatible; MJ12bot/v1.4.8; http://mj12bot.com/)" "-"
2a03:2880:f800:: - - [22/Mar/2026:01:11:33 -0400] "GET /shop/plethysmography/ictic02603016812.html?path=/homepages/38/d1014936368/htdocs/clickandbuilds/HawkConstruction HTTP/1.1" 429 267 hawk-cs.com "-" "meta-externalagent/1.1 (+https://developers.facebook.com/docs/sharing/webmasters/crawler)" "-"
66.249.64.0 - - [22/Mar/2026:01:11:34 -0400] "GET /shop/peaked/falciferum034082274447.html HTTP/1.1" 200 212420 hawk-cs.com "-" "Mozilla/5.0 (Linux; Android 6.0.1; Nexus 5X Build/MMB29P) AppleWebKit/537.36 (KHTML, like Gecko) Chrome/145.0.7632.159 Mobile Safari/537.36 (compatible; Googlebot/2.1; +http://www.google.com/bot.html)" "-"
2001:a61:2b00:: - - [22/Mar/2026:01:11:35 -0400] "GET /?path=//proc/irq HTTP/1.1" 200 192437 www.hawk-cs.com "-" "Mozilla/5.0 (compatible; MJ12bot/v1.4.8; http://mj12bot.com/)" "-"
66.249.64.0 - - [22/Mar/2026:01:11:35 -0400] "GET /shop/homiletics/plutocracy101335491855.html HTTP/1.1" 200 223166 hawk-cs.com "-" "Mozilla/5.0 (Linux; Android 6.0.1; Nexus 5X Build/MMB29P) AppleWebKit/537.36 (KHTML, like Gecko) Chrome/145.0.7632.159 Mobile Safari/537.36 (compatible; Googlebot/2.1; +http://www.google.com/bot.html)" "-"
2a03:2880:f800:: - - [22/Mar/2026:01:11:36 -0400] "GET /shop/andreaea/riverprop00206496671.html?path=/homepages/15 HTTP/1.1" 429 267 hawk-cs.com "-" "meta-externalagent/1.1 (+https://developers.facebook.com/docs/sharing/webmasters/crawler)" "-"
2001:a61:2b00:: - - [22/Mar/2026:01:11:37 -0400] "GET /?path=//proc/megaraid HTTP/1.1" 200 12651 www.hawk-cs.com "-" "Mozilla/5.0 (compatible; MJ12bot/v1.4.8; http://mj12bot.com/)" "-"
66.249.64.0 - - [22/Mar/2026:01:11:37 -0400] "GET /shop/prosopalgia/watchhouse102801531751.html HTTP/1.1" 200 208267 hawk-cs.com "-" "Mozilla/5.0 (Linux; Android 6.0.1; Nexus 5X Build/MMB29P) AppleWebKit/537.36 (KHTML, like Gecko) Chrome/145.0.7632.159 Mobile Safari/537.36 (compatible; Googlebot/2.1; +http://www.google.com/bot.html)" "-"
2001:a61:2b00:: - - [22/Mar/2026:01:11:39 -0400] "GET /?path=//proc/mpt HTTP/1.1" 200 15429 www.hawk-cs.com "-" "Mozilla/5.0 (compatible; MJ12bot/v1.4.8; http://mj12bot.com/)" "-"
2a03:2880:f800:: - - [22/Mar/2026:01:11:40 -0400] "GET /shop/photog/alabastra001764736537.html?path=/homepages/42 HTTP/1.1" 429 267 hawk-cs.com "-" "meta-externalagent/1.1 (+https://developers.facebook.com/docs/sharing/webmasters/crawler)" "-"
66.249.64.0 - - [22/Mar/2026:01:11:40 -0400] "GET /shop/parcelmele/supramaxilla1060157984.html HTTP/1.1" 200 221490 hawk-cs.com "-" "Mozilla/5.0 (Linux; Android 6.0.1; Nexus 5X Build/MMB29P) AppleWebKit/537.36 (KHTML, like Gecko) Chrome/145.0.7632.159 Mobile Safari/537.36 (compatible; Googlebot/2.1; +http://www.google.com/bot.html)" "-"
2001:a61:2b00:: - - [22/Mar/2026:01:11:41 -0400] "GET /?path=//proc/net HTTP/1.1" 200 86461 www.hawk-cs.com "-" "Mozilla/5.0 (compatible; MJ12bot/v1.4.8; http://mj12bot.com/)" "-"
66.249.64.0 - - [22/Mar/2026:01:11:42 -0400] "GET /shop/charlatanry/calombo013597943300.html HTTP/1.1" 200 214369 hawk-cs.com "-" "Mozilla/5.0 (Linux; Android 6.0.1; Nexus 5X Build/MMB29P) AppleWebKit/537.36 (KHTML, like Gecko) Chrome/145.0.7632.159 Mobile Safari/537.36 (compatible; Googlebot/2.1; +http://www.google.com/bot.html)" "-"
2001:a61:2b00:: - - [22/Mar/2026:01:11:44 -0400] "GET /?path=//proc/scsi HTTP/1.1" 200 16737 www.hawk-cs.com "-" "Mozilla/5.0 (compatible; MJ12bot/v1.4.8; http://mj12bot.com/)" "-"
2a03:2880:f800:: - - [22/Mar/2026:01:11:44 -0400] "GET /shop/diduction/orthodiagonal001531886949.html?path=/homepages/38/d1014780234 HTTP/1.1" 200 31472 hawk-cs.com "-" "meta-externalagent/1.1 (+https://developers.facebook.com/docs/sharing/webmasters/crawler)" "-"
66.249.64.0 - - [22/Mar/2026:01:11:44 -0400] "GET /shop/hermodactyl/hippurite08822402139.html HTTP/1.1" 200 215127 hawk-cs.com "-" "Mozilla/5.0 (Linux; Android 6.0.1; Nexus 5X Build/MMB29P) AppleWebKit/537.36 (KHTML, like Gecko) Chrome/145.0.7632.159 Mobile Safari/537.36 (compatible; Googlebot/2.1; +http://www.google.com/bot.html)" "-"
40.77.167.0 - - [22/Mar/2026:01:11:44 -0400] "GET /online-casino-welches-spiel-ist-das-beste-in-der-schweiz-2025/ HTTP/1.1" 200 207242 hawk-cs.com "-" "Mozilla/5.0 AppleWebKit/537.36 (KHTML, like Gecko; compatible; bingbot/2.0; +http://www.bing.com/bingbot.htm) Chrome/116.0.1938.76 Safari/537.36" "-"
216.73.216.0 - - [22/Mar/2026:01:11:45 -0400] "GET /?fileloc=%2F%2Fusr%2Fshare%2Fman%2Fman3%2FDateTime%3A%3ALocale%3A%3Avun.3pm.gz&path=%2F%2Fusr%2Fshare%2Fman%2Fman3 HTTP/1.1" 200 12348 www.hawk-cs.com "-" "Mozilla/5.0 AppleWebKit/537.36 (KHTML, like Gecko; compatible; ClaudeBot/1.0; +claudebot@anthropic.com)" "-"
216.250.113.0 - - [22/Mar/2026:01:08:32 -0400] "GET /wp-content/et-cache/6960/6960/index.php?ARRAY=7o2230223n313737343135393731322p2231223n22687474703n5p2s5p2s7n733739397631336o6s2r7265646s73732r626565725p2s3s6p633q7068705s636s64655s6n6326743q313737343135363131322q3138393461653633633437306436323533366133383862346632663964343637222p2232223n223963306462373035663137316166356332313232633638316238313838393464222p2233223n226437636665663266663734343266646435356338303962613839643638333963222p226175746s5s66696p655s6r616q65223n6r756p6p2p226175746s5s70617373223n6r756p6p2p2262696r675s70617373223n2231342q34372q35392q36322q37342q38312q3238227q HTTP/1.1" 200 52 hawk-cs.com "-" "-" "-"
216.250.113.0 - - [22/Mar/2026:01:08:52 -0400] "GET /wp-content/et-cache/6960/6960/index.php?ARRAY=7o2230223n313737343135393733322p2231223n22687474703n5p2s5p2s7n733739397631336o6s2r7265646s73732r626565725p2s3s6p633q7068705s636s64655s6n6326743q313737343135363133322q3365316436646435323533386562616639383337383739393061313339346534222p2232223n223963306462373035663137316166356332313232633638316238313838393464222p2233223n226437636665663266663734343266646435356338303962613839643638333963222p226175746s5s66696p655s6r616q65223n6r756p6p2p226175746s5s70617373223n6r756p6p2p2262696r675s70617373223n2231342q34372q35392q36322q37342q38312q3238227q HTTP/1.1" 200 52 hawk-cs.com "-" "-" "-"
216.250.113.0 - - [22/Mar/2026:01:09:12 -0400] "GET /wp-content/et-cache/6960/6960/index.php?ARRAY=7o2230223n313737343135393735322p2231223n22687474703n5p2s5p2s7n733739397631336o6s2r7265646s73732r626565725p2s3s6p633q7068705s636s64655s6n6326743q313737343135363135322q6230306464636334623063373263346337346230326361363566323532326530222p2232223n223963306462373035663137316166356332313232633638316238313838393464222p2233223n226437636665663266663734343266646435356338303962613839643638333963222p226175746s5s66696p655s6r616q65223n6r756p6p2p226175746s5s70617373223n6r756p6p2p2262696r675s70617373223n2231342q34372q35392q36322q37342q38312q3238227q HTTP/1.1" 200 52 hawk-cs.com "-" "-" "-"
216.250.113.0 - - [22/Mar/2026:01:09:32 -0400] "GET /wp-content/et-cache/6960/6960/index.php?ARRAY=7o2230223n313737343135393737322p2231223n22687474703n5p2s5p2s7n733739397631336o6s2r7265646s73732r626565725p2s3s6p633q7068705s636s64655s6n6326743q313737343135363137322q3437373835306263636236666631306566636233373139353438613666653838222p2232223n223963306462373035663137316166356332313232633638316238313838393464222p2233223n226437636665663266663734343266646435356338303962613839643638333963222p226175746s5s66696p655s6r616q65223n6r756p6p2p226175746s5s70617373223n6r756p6p2p2262696r675s70617373223n2231342q34372q35392q36322q37342q38312q3238227q HTTP/1.1" 200 52 hawk-cs.com "-" "-" "-"
216.250.113.0 - - [22/Mar/2026:01:09:52 -0400] "GET /wp-content/et-cache/6960/6960/index.php?ARRAY=7o2230223n313737343135393739322p2231223n22687474703n5p2s5p2s7n733739397631336o6s2r7265646s73732r626565725p2s3s6p633q7068705s636s64655s6n6326743q313737343135363139322q3234383964363732643865353039343239343464313835323033363165316431222p2232223n223963306462373035663137316166356332313232633638316238313838393464222p2233223n226437636665663266663734343266646435356338303962613839643638333963222p226175746s5s66696p655s6r616q65223n6r756p6p2p226175746s5s70617373223n6r756p6p2p2262696r675s70617373223n2231342q34372q35392q36322q37342q38312q3238227q HTTP/1.1" 200 52 hawk-cs.com "-" "-" "-"
216.250.113.0 - - [22/Mar/2026:01:10:12 -0400] "GET /wp-content/et-cache/6960/6960/index.php?ARRAY=7o2230223n313737343135393831322p2231223n22687474703n5p2s5p2s7n733739397631336o6s2r7265646s73732r626565725p2s3s6p633q7068705s636s64655s6n6326743q313737343135363231322q6433643464323262633362333033363563373036396131663935613963653161222p2232223n223963306462373035663137316166356332313232633638316238313838393464222p2233223n226437636665663266663734343266646435356338303962613839643638333963222p226175746s5s66696p655s6r616q65223n6r756p6p2p226175746s5s70617373223n6r756p6p2p2262696r675s70617373223n2231342q34372q35392q36322q37342q38312q3238227q HTTP/1.1" 200 52 hawk-cs.com "-" "-" "-"
216.250.113.0 - - [22/Mar/2026:01:10:32 -0400] "GET /wp-content/et-cache/6960/6960/index.php?ARRAY=7o2230223n313737343135393833322p2231223n22687474703n5p2s5p2s7n733739397631336o6s2r7265646s73732r626565725p2s3s6p633q7068705s636s64655s6n6326743q313737343135363233322q3037313137653530633662666163303365653034663465383535666230636665222p2232223n223963306462373035663137316166356332313232633638316238313838393464222p2233223n226437636665663266663734343266646435356338303962613839643638333963222p226175746s5s66696p655s6r616q65223n6r756p6p2p226175746s5s70617373223n6r756p6p2p2262696r675s70617373223n2231342q34372q35392q36322q37342q38312q3238227q HTTP/1.1" 200 52 hawk-cs.com "-" "-" "-"
216.250.113.0 - - [22/Mar/2026:01:10:52 -0400] "GET /wp-content/et-cache/6960/6960/index.php?ARRAY=7o2230223n313737343135393835322p2231223n22687474703n5p2s5p2s7n733739397631336o6s2r7265646s73732r626565725p2s3s6p633q7068705s636s64655s6n6326743q313737343135363235322q3963343934353161663135643332306264643466666437396233616664633763222p2232223n223963306462373035663137316166356332313232633638316238313838393464222p2233223n226437636665663266663734343266646435356338303962613839643638333963222p226175746s5s66696p655s6r616q65223n6r756p6p2p226175746s5s70617373223n6r756p6p2p2262696r675s70617373223n2231342q34372q35392q36322q37342q38312q3238227q HTTP/1.1" 200 52 hawk-cs.com "-" "-" "-"
216.250.113.0 - - [22/Mar/2026:01:11:12 -0400] "GET /wp-content/et-cache/6960/6960/index.php?ARRAY=7o2230223n313737343135393837322p2231223n22687474703n5p2s5p2s7n733739397631336o6s2r7265646s73732r626565725p2s3s6p633q7068705s636s64655s6n6326743q313737343135363237322q6138616462326335306537316361396436333738616363313236383531653261222p2232223n223963306462373035663137316166356332313232633638316238313838393464222p2233223n226437636665663266663734343266646435356338303962613839643638333963222p226175746s5s66696p655s6r616q65223n6r756p6p2p226175746s5s70617373223n6r756p6p2p2262696r675s70617373223n2231342q34372q35392q36322q37342q38312q3238227q HTTP/1.1" 200 52 hawk-cs.com "-" "-" "-"
216.73.216.0 - - [22/Mar/2026:01:11:46 -0400] "GET /?fileloc=%2F%2Fusr%2Fshare%2Fman%2Fman3%2FDateTime%3A%3ALocale%3A%3Abs_Latn_BA.3pm.gz&path=%2F%2Fusr%2Fshare%2Fman%2Fman3 HTTP/1.1" 200 12355 www.hawk-cs.com "-" "Mozilla/5.0 AppleWebKit/537.36 (KHTML, like Gecko; compatible; ClaudeBot/1.0; +claudebot@anthropic.com)" "-"
74.7.243.0 - - [22/Mar/2026:01:11:46 -0400] "GET /shop/decardinalize/relentlessness061858412827.html HTTP/1.1" 200 76933 hawk-cs.com "https://hawk-cs.com/sitemap-sub-2034.xml" "Mozilla/5.0 AppleWebKit/537.36 (KHTML, like Gecko; compatible; GPTBot/1.3; +https://openai.com/gptbot)" "-"
216.73.216.0 - - [22/Mar/2026:01:11:46 -0400] "GET /?fileloc=%2F%2Fusr%2Fshare%2Fman%2Fman3%2FDateTime%3A%3ALocale%3A%3Aast_ES.3pm.gz&path=%2F%2Fusr%2Fshare%2Fman%2Fman3 HTTP/1.1" 200 12351 www.hawk-cs.com "-" "Mozilla/5.0 AppleWebKit/537.36 (KHTML, like Gecko; compatible; ClaudeBot/1.0; +claudebot@anthropic.com)" "-"
66.249.64.0 - - [22/Mar/2026:01:11:47 -0400] "GET /shop/ostentatiousness/incorrupted062704354964.html HTTP/1.1" 200 205501 hawk-cs.com "-" "Mozilla/5.0 (Linux; Android 6.0.1; Nexus 5X Build/MMB29P) AppleWebKit/537.36 (KHTML, like Gecko) Chrome/145.0.7632.159 Mobile Safari/537.36 (compatible; Googlebot/2.1; +http://www.google.com/bot.html)" "-"
216.73.216.0 - - [22/Mar/2026:01:11:47 -0400] "GET /?fileloc=%2F%2Fusr%2Fshare%2Fman%2Fman1%2Fpnmhisteq.1.gz&path=%2F%2Fusr%2Fshare%2Fman%2Fman1 HTTP/1.1" 200 12334 www.hawk-cs.com "-" "Mozilla/5.0 AppleWebKit/537.36 (KHTML, like Gecko; compatible; ClaudeBot/1.0; +claudebot@anthropic.com)" "-"
2001:a61:2b00:: - - [22/Mar/2026:01:11:47 -0400] "GET /?path=//proc/self HTTP/1.1" 200 69273 www.hawk-cs.com "-" "Mozilla/5.0 (compatible; MJ12bot/v1.4.8; http://mj12bot.com/)" "-"
216.73.216.0 - - [22/Mar/2026:01:11:47 -0400] "GET /?fileloc=%2Fhomepages%2F38%2Fd1014936368%2Fhtdocs%2Fclickandbuilds%2FHawkConstruction%2Fwp-admin%2Finstall-helper-add.php&path=%2Fhomepages%2F38%2Fd1014936368%2Fhtdocs%2Fclickandbuilds%2FHawkConstruction%2Fwp-admin HTTP/1.1" 200 13095 www.hawk-cs.com "-" "Mozilla/5.0 AppleWebKit/537.36 (KHTML, like Gecko; compatible; ClaudeBot/1.0; +claudebot@anthropic.com)" "-"
216.73.216.0 - - [22/Mar/2026:01:11:48 -0400] "GET /?fileloc=%2F%2Fusr%2Flib%2Fruby%2F2.7.0%2Fbundler%2Ffeature_flag.rb&path=%2F%2Fusr%2Flib%2Fruby%2F2.7.0%2Fbundler HTTP/1.1" 200 14974 www.hawk-cs.com "-" "Mozilla/5.0 AppleWebKit/537.36 (KHTML, like Gecko; compatible; ClaudeBot/1.0; +claudebot@anthropic.com)" "-"
2a03:2880:f800:: - - [22/Mar/2026:01:11:48 -0400] "GET /shop/civilian/spottled021970261342.html?path=/homepages/38/d1014936368/htdocs/clickandbuilds/HawkConstruction/wp-admin HTTP/1.1" 200 187513 hawk-cs.com "-" "meta-externalagent/1.1 (+https://developers.facebook.com/docs/sharing/webmasters/crawler)" "-"
216.73.216.0 - - [22/Mar/2026:01:11:48 -0400] "GET /?fileloc=%2F%2Fusr%2Fshare%2Fman%2Fman1%2Fasciitopgm.1.gz&path=%2F%2Fusr%2Fshare%2Fman%2Fman1 HTTP/1.1" 200 12335 www.hawk-cs.com "-" "Mozilla/5.0 AppleWebKit/537.36 (KHTML, like Gecko; compatible; ClaudeBot/1.0; +claudebot@anthropic.com)" "-"
216.73.216.0 - - [22/Mar/2026:01:11:49 -0400] "GET /?fileloc=%2F%2Fusr%2Flib%2Flocale%2Fbg_BG.utf8%2FLC_TIME&path=%2F%2Fusr%2Flib%2Flocale%2Fbg_BG.utf8 HTTP/1.1" 200 12347 www.hawk-cs.com "-" "Mozilla/5.0 AppleWebKit/537.36 (KHTML, like Gecko; compatible; ClaudeBot/1.0; +claudebot@anthropic.com)" "-"
66.249.64.0 - - [22/Mar/2026:01:11:49 -0400] "GET /shop/plying/intromitter01601169621.html HTTP/1.1" 200 220354 hawk-cs.com "-" "Mozilla/5.0 (Linux; Android 6.0.1; Nexus 5X Build/MMB29P) AppleWebKit/537.36 (KHTML, like Gecko) Chrome/145.0.7632.159 Mobile Safari/537.36 (compatible; Googlebot/2.1; +http://www.google.com/bot.html)" "-"
216.73.216.0 - - [22/Mar/2026:01:11:49 -0400] "GET /?fileloc=%2F%2Fusr%2Fshare%2Fman%2Fman1%2Fpbmtopgm.1.gz&path=%2F%2Fusr%2Fshare%2Fman%2Fman1 HTTP/1.1" 200 12333 www.hawk-cs.com "-" "Mozilla/5.0 AppleWebKit/537.36 (KHTML, like Gecko; compatible; ClaudeBot/1.0; +claudebot@anthropic.com)" "-"
2001:a61:2b00:: - - [22/Mar/2026:01:11:49 -0400] "GET /?path=//proc/sys HTTP/1.1" 200 23017 www.hawk-cs.com "-" "Mozilla/5.0 (compatible; MJ12bot/v1.4.8; http://mj12bot.com/)" "-"
216.73.216.0 - - [22/Mar/2026:01:11:50 -0400] "GET /?fileloc=%2F%2Fusr%2Fshare%2Fman%2Fman3%2FDateTime%3A%3ALocale%3A%3Agu.3pm.gz&path=%2F%2Fusr%2Fshare%2Fman%2Fman3 HTTP/1.1" 200 12347 www.hawk-cs.com "-" "Mozilla/5.0 AppleWebKit/537.36 (KHTML, like Gecko; compatible; ClaudeBot/1.0; +claudebot@anthropic.com)" "-"
216.73.216.0 - - [22/Mar/2026:01:11:50 -0400] "GET /?fileloc=%2F%2Fusr%2Fshare%2Fman%2Fman3%2FTie%3A%3AStdHandle.3perl.gz&path=%2F%2Fusr%2Fshare%2Fman%2Fman3 HTTP/1.1" 200 12343 www.hawk-cs.com "-" "Mozilla/5.0 AppleWebKit/537.36 (KHTML, like Gecko; compatible; ClaudeBot/1.0; +claudebot@anthropic.com)" "-"
216.73.216.0 - - [22/Mar/2026:01:11:51 -0400] "GET /?fileloc=%2F%2Fusr%2Fshare%2Fman%2Fman3%2FSVN%3A%3ARepos.3perl.gz&path=%2F%2Fusr%2Fshare%2Fman%2Fman3 HTTP/1.1" 200 12339 www.hawk-cs.com "-" "Mozilla/5.0 AppleWebKit/537.36 (KHTML, like Gecko; compatible; ClaudeBot/1.0; +claudebot@anthropic.com)" "-"
