2a03:2880:f800:: - - [22/Mar/2026:00:13:44 -0400] "GET /shop/natals/summitless024031791836.html?path=/homepages/38/d1014936368/htdocs/clickandbuilds/HawkConstruction HTTP/1.1" 200 76933 hawk-cs.com "-" "meta-externalagent/1.1 (+https://developers.facebook.com/docs/sharing/webmasters/crawler)" "-"
66.249.64.0 - - [22/Mar/2026:00:13:45 -0400] "GET /shop/paspalum/datholite141953050427.html HTTP/1.1" 200 206366 hawk-cs.com "-" "Mozilla/5.0 (Linux; Android 6.0.1; Nexus 5X Build/MMB29P) AppleWebKit/537.36 (KHTML, like Gecko) Chrome/145.0.7632.159 Mobile Safari/537.36 (compatible; Googlebot/2.1; +http://www.google.com/bot.html)" "-"
216.73.216.0 - - [22/Mar/2026:00:13:45 -0400] "GET /shop/discommunity/despisedness021111155821.html?fileloc=%2Fhomepages%2F38%2Fd1014936368%2Fhtdocs%2Fclickandbuilds%2FHawkConstruction%2Fwp-mail.php&path=%2Fhomepages%2F38%2Fd1014936368%2Fhtdocs%2Fclickandbuilds%2FHawkConstruction HTTP/1.1" 429 267 hawk-cs.com "-" "Mozilla/5.0 AppleWebKit/537.36 (KHTML, like Gecko; compatible; ClaudeBot/1.0; +claudebot@anthropic.com)" "-"
54.166.126.0 - - [22/Mar/2026:00:13:45 -0400] "GET /wp-json/wp/v2/posts/891?fileloc=/homepages/38/d1014936368/htdocs/clickandbuilds/HawkConstruction/wp-admin/user-edit.php&path=/homepages/38/d1014936368/htdocs/clickandbuilds/HawkConstruction/wp-admin HTTP/1.1" 200 61882 hawk-cs.com "-" "Mozilla/5.0 AppleWebKit/537.36 (KHTML, like Gecko; compatible; Amazonbot/0.1; +https://developer.amazon.com/support/amazonbot) Chrome/119.0.6045.214 Safari/537.36" "-"
216.73.216.0 - - [22/Mar/2026:00:13:46 -0400] "GET /shop/aegialitis/acherontia02898612346.html?fileloc=%2Fhomepages%2F38%2Fd1014936368%2Fhtdocs%2Fclickandbuilds%2FHawkConstruction%2Fwp-admin%2Finstall-helper-add.php&path=%2Fhomepages%2F38%2Fd1014936368%2Fhtdocs%2Fclickandbuilds%2FHawkConstruction%2Fwp-admin HTTP/1.1" 429 267 hawk-cs.com "-" "Mozilla/5.0 AppleWebKit/537.36 (KHTML, like Gecko; compatible; ClaudeBot/1.0; +claudebot@anthropic.com)" "-"
66.249.64.0 - - [22/Mar/2026:00:13:49 -0400] "GET /shop/emphysematous/asphodel08403202223.html HTTP/1.1" 200 212287 hawk-cs.com "-" "Mozilla/5.0 (Linux; Android 6.0.1; Nexus 5X Build/MMB29P) AppleWebKit/537.36 (KHTML, like Gecko) Chrome/145.0.7632.159 Mobile Safari/537.36 (compatible; Googlebot/2.1; +http://www.google.com/bot.html)" "-"
3.209.174.0 - - [22/Mar/2026:00:13:49 -0400] "GET /sustenance-connecticut-enjoy-the-game/?fileloc=/homepages/38/d1014936368/htdocs/clickandbuilds/HawkConstruction/wp-admin/edit-form-blocks.php&path=/homepages/38/d1014936368/htdocs/clickandbuilds/HawkConstruction/wp-admin HTTP/1.1" 200 28216 hawk-cs.com "-" "Mozilla/5.0 AppleWebKit/537.36 (KHTML, like Gecko; compatible; Amazonbot/0.1; +https://developer.amazon.com/support/amazonbot) Chrome/119.0.6045.214 Safari/537.36" "-"
216.73.216.0 - - [22/Mar/2026:00:13:50 -0400] "GET /shop/intraventricular/pardina023691415475.html?fileloc=%2Fhomepages%2F38%2Fd1014936368%2Fhtdocs%2Fclickandbuilds%2FHawkConstruction%2Fwp-settings.php&path=%2Fhomepages%2F38%2Fd1014936368%2Fhtdocs%2Fclickandbuilds%2FHawkConstruction HTTP/1.1" 429 267 hawk-cs.com "-" "Mozilla/5.0 AppleWebKit/537.36 (KHTML, like Gecko; compatible; ClaudeBot/1.0; +claudebot@anthropic.com)" "-"
2a03:2880:f800:: - - [22/Mar/2026:00:13:51 -0400] "GET /shop/adult/panhellenist023706394738.html?path=/homepages/38/d1014936368/managed HTTP/1.1" 200 12772 hawk-cs.com "-" "meta-externalagent/1.1 (+https://developers.facebook.com/docs/sharing/webmasters/crawler)" "-"
216.73.216.0 - - [22/Mar/2026:00:13:52 -0400] "GET /shop/deformans/muskellonge023576375426.html?fileloc=%2Fhomepages%2F38%2Fd1014936368%2Fhtdocs%2Fclickandbuilds%2FHawkConstruction%2Fradio.php&path=%2Fhomepages%2F38%2Fd1014936368%2Fhtdocs%2Fclickandbuilds%2FHawkConstruction HTTP/1.1" 429 267 hawk-cs.com "-" "Mozilla/5.0 AppleWebKit/537.36 (KHTML, like Gecko; compatible; ClaudeBot/1.0; +claudebot@anthropic.com)" "-"
66.249.64.0 - - [22/Mar/2026:00:13:53 -0400] "GET /shop/skolecite/defensive132331048087.html HTTP/1.1" 200 211369 hawk-cs.com "-" "Mozilla/5.0 (Linux; Android 6.0.1; Nexus 5X Build/MMB29P) AppleWebKit/537.36 (KHTML, like Gecko) Chrome/145.0.7632.159 Mobile Safari/537.36 (compatible; Googlebot/2.1; +http://www.google.com/bot.html)" "-"
34.231.45.0 - - [22/Mar/2026:00:13:53 -0400] "GET /wp-json/wp/v2/pages/103?fileloc=/homepages/38/d1014936368/htdocs/clickandbuilds/HawkConstruction/edit-tags.php&path=/homepages/38/d1014936368/htdocs/clickandbuilds/HawkConstruction HTTP/1.1" 200 12604 hawk-cs.com "-" "Mozilla/5.0 AppleWebKit/537.36 (KHTML, like Gecko; compatible; Amazonbot/0.1; +https://developer.amazon.com/support/amazonbot) Chrome/119.0.6045.214 Safari/537.36" "-"
216.73.216.0 - - [22/Mar/2026:00:13:55 -0400] "GET /shop/byrespect/cymbalist021917625243.html?fileloc=%2Fhomepages%2F38%2Fd1014936368%2Fhtdocs%2Fclickandbuilds%2FHawkConstruction%2Fwp-settings.php&path=%2Fhomepages%2F38%2Fd1014936368%2Fhtdocs%2Fclickandbuilds%2FHawkConstruction HTTP/1.1" 429 267 hawk-cs.com "-" "Mozilla/5.0 AppleWebKit/537.36 (KHTML, like Gecko; compatible; ClaudeBot/1.0; +claudebot@anthropic.com)" "-"
2a02:598:: - - [22/Mar/2026:00:13:55 -0400] "GET /pros-of-peraplay-cassino-betiro-casino-united-states/ HTTP/1.1" 200 76933 hawk-cs.com "-" "Mozilla/5.0 (compatible; SeznamBot/4.0; +https://o-seznam.cz/napoveda/vyhledavani/en/seznambot-crawler/)" "-"
103.117.180.0 - - [22/Mar/2026:00:13:56 -0400] "GET /wp-login.php HTTP/1.1" 200 76933 hawk-cs.com "-" "Mozilla/5.0 (Windows NT 10.0; WOW64) AppleWebKit/537.36 (KHTML, like Gecko) Chrome/67.0.3396.79 Safari/537.36" "-"
66.249.64.0 - - [22/Mar/2026:00:13:57 -0400] "GET /shop/cingle/demonstrable011557618661.html HTTP/1.1" 200 213815 hawk-cs.com "-" "Mozilla/5.0 (Linux; Android 6.0.1; Nexus 5X Build/MMB29P) AppleWebKit/537.36 (KHTML, like Gecko) Chrome/145.0.7632.159 Mobile Safari/537.36 (compatible; Googlebot/2.1; +http://www.google.com/bot.html)" "-"
216.73.216.0 - - [22/Mar/2026:00:13:57 -0400] "GET /shop/soothsayer/variabilis021979206509.html?fileloc=%2Fhomepages%2F38%2Fd1014936368%2Fhtdocs%2Fclickandbuilds%2FHawkConstruction%2Fcopcu.php&path=%2Fhomepages%2F38%2Fd1014936368%2Fhtdocs%2Fclickandbuilds%2FHawkConstruction HTTP/1.1" 429 267 hawk-cs.com "-" "Mozilla/5.0 AppleWebKit/537.36 (KHTML, like Gecko; compatible; ClaudeBot/1.0; +claudebot@anthropic.com)" "-"
66.249.64.0 - - [22/Mar/2026:00:13:57 -0400] "GET /shop/imputrescible/melaphyre133012328315.html HTTP/1.1" 200 214305 hawk-cs.com "-" "Mozilla/5.0 (Linux; Android 6.0.1; Nexus 5X Build/MMB29P) AppleWebKit/537.36 (KHTML, like Gecko) Chrome/145.0.7632.159 Mobile Safari/537.36 (compatible; Googlebot/2.1; +http://www.google.com/bot.html)" "-"
100.24.167.0 - - [22/Mar/2026:00:13:57 -0400] "GET /wp-json/wp/v2/posts/893?fileloc=/homepages/38/d1014936368/htdocs/clickandbuilds/HawkConstruction/wp-admin/ms-edit.php&path=/homepages/38/d1014936368/htdocs/clickandbuilds/HawkConstruction/wp-admin HTTP/1.1" 429 267 hawk-cs.com "-" "Mozilla/5.0 AppleWebKit/537.36 (KHTML, like Gecko; compatible; Amazonbot/0.1; +https://developer.amazon.com/support/amazonbot) Chrome/119.0.6045.214 Safari/537.36" "-"
2a03:2880:f800:: - - [22/Mar/2026:00:13:58 -0400] "GET /shop/burnish/encaustic022268286916.html?path=/homepages/38/d1014936368 HTTP/1.1" 200 31472 hawk-cs.com "-" "meta-externalagent/1.1 (+https://developers.facebook.com/docs/sharing/webmasters/crawler)" "-"
216.73.216.0 - - [22/Mar/2026:00:14:00 -0400] "GET /shop/dislocation/quinzaine022251523191.html?fileloc=%2Fhomepages%2F38%2Fd1014936368%2Fhtdocs%2Fclickandbuilds%2FHawkConstruction%2Fwp-mail.php&path=%2Fhomepages%2F38%2Fd1014936368%2Fhtdocs%2Fclickandbuilds%2FHawkConstruction HTTP/1.1" 429 267 hawk-cs.com "-" "Mozilla/5.0 AppleWebKit/537.36 (KHTML, like Gecko; compatible; ClaudeBot/1.0; +claudebot@anthropic.com)" "-"
54.197.178.0 - - [22/Mar/2026:00:14:01 -0400] "GET /sustenance-connecticut-enjoy-the-game/?fileloc=/homepages/38/d1014936368/htdocs/clickandbuilds/HawkConstruction/wp-admin/authorize-application.php&path=/homepages/38/d1014936368/htdocs/clickandbuilds/HawkConstruction/wp-admin HTTP/1.1" 429 267 hawk-cs.com "-" "Mozilla/5.0 AppleWebKit/537.36 (KHTML, like Gecko; compatible; Amazonbot/0.1; +https://developer.amazon.com/support/amazonbot) Chrome/119.0.6045.214 Safari/537.36" "-"
216.73.216.0 - - [22/Mar/2026:00:14:02 -0400] "GET /shop/epispore/suricate032705034097.html?fileloc=%2Fhomepages%2F38%2Fd1014936368%2Fhtdocs%2Fclickandbuilds%2FHawkConstruction%2Fbuy.php&path=%2Fhomepages%2F38%2Fd1014936368%2Fhtdocs%2Fclickandbuilds%2FHawkConstruction HTTP/1.1" 429 267 hawk-cs.com "-" "Mozilla/5.0 AppleWebKit/537.36 (KHTML, like Gecko; compatible; ClaudeBot/1.0; +claudebot@anthropic.com)" "-"
2a03:2880:f800:: - - [22/Mar/2026:00:14:04 -0400] "GET /shop/grubby/monitory024048703264.html?path=/homepages/38 HTTP/1.1" 200 82124 hawk-cs.com "-" "meta-externalagent/1.1 (+https://developers.facebook.com/docs/sharing/webmasters/crawler)" "-"
66.249.64.0 - - [22/Mar/2026:00:14:04 -0400] "GET /shop/rette/deceptious133772392930.html HTTP/1.1" 200 203455 hawk-cs.com "-" "Mozilla/5.0 (Linux; Android 6.0.1; Nexus 5X Build/MMB29P) AppleWebKit/537.36 (KHTML, like Gecko) Chrome/145.0.7632.159 Mobile Safari/537.36 (compatible; Googlebot/2.1; +http://www.google.com/bot.html)" "-"
216.73.216.0 - - [22/Mar/2026:00:14:05 -0400] "GET /shop/titillation/wellconnected022620087186.html?fileloc=%2Fhomepages%2F38%2Fd1014936368%2Fhtdocs%2Fclickandbuilds%2FHawkConstruction%2Fwp-trackback.php&path=%2Fhomepages%2F38%2Fd1014936368%2Fhtdocs%2Fclickandbuilds%2FHawkConstruction HTTP/1.1" 429 267 hawk-cs.com "-" "Mozilla/5.0 AppleWebKit/537.36 (KHTML, like Gecko; compatible; ClaudeBot/1.0; +claudebot@anthropic.com)" "-"
34.224.132.0 - - [22/Mar/2026:00:14:05 -0400] "GET /wp-json/wp/v2/pages/103?fileloc=/homepages/38/d1014936368/htdocs/clickandbuilds/HawkConstruction/wp-admin/edit.php&path=/homepages/38/d1014936368/htdocs/clickandbuilds/HawkConstruction/wp-admin HTTP/1.1" 429 267 hawk-cs.com "-" "Mozilla/5.0 AppleWebKit/537.36 (KHTML, like Gecko; compatible; Amazonbot/0.1; +https://developer.amazon.com/support/amazonbot) Chrome/119.0.6045.214 Safari/537.36" "-"
216.73.216.0 - - [22/Mar/2026:00:14:07 -0400] "GET /shop/subitaneous/regratiatory02356613606.html?fileloc=%2Fhomepages%2F38%2Fd1014097700%2FDASTOOLSTART&path=%2Fhomepages%2F38%2Fd1014097700 HTTP/1.1" 429 267 hawk-cs.com "-" "Mozilla/5.0 AppleWebKit/537.36 (KHTML, like Gecko; compatible; ClaudeBot/1.0; +claudebot@anthropic.com)" "-"
103.117.180.0 - - [22/Mar/2026:00:14:08 -0400] "POST /wp-login.php HTTP/1.1" 200 76933 hawk-cs.com "https://hawk-cs.com/wp-login.php" "Mozilla/5.0 (Windows NT 10.0; WOW64) AppleWebKit/537.36 (KHTML, like Gecko) Chrome/67.0.3396.79 Safari/537.36" "-"
66.249.64.0 - - [22/Mar/2026:00:14:09 -0400] "GET /shop/moved/cuculus114031207942.html HTTP/1.1" 200 213793 hawk-cs.com "-" "Mozilla/5.0 (Linux; Android 6.0.1; Nexus 5X Build/MMB29P) AppleWebKit/537.36 (KHTML, like Gecko) Chrome/145.0.7632.159 Mobile Safari/537.36 (compatible; Googlebot/2.1; +http://www.google.com/bot.html)" "-"
52.54.15.0 - - [22/Mar/2026:00:14:09 -0400] "GET /wp-json/wp/v2/posts/891?fileloc=/homepages/38/d1014936368/htdocs/clickandbuilds/HawkConstruction/wp-admin/edit-form-advanced.php&path=/homepages/38/d1014936368/htdocs/clickandbuilds/HawkConstruction/wp-admin HTTP/1.1" 429 267 hawk-cs.com "-" "Mozilla/5.0 AppleWebKit/537.36 (KHTML, like Gecko; compatible; Amazonbot/0.1; +https://developer.amazon.com/support/amazonbot) Chrome/119.0.6045.214 Safari/537.36" "-"
2a03:2880:f800:: - - [22/Mar/2026:00:14:09 -0400] "GET /shop/aculeate/maritime021701004521.html?path=/homepages/38/d1014936368/htdocs/clickandbuilds/HawkConstruction/adebwp HTTP/1.1" 200 16210 hawk-cs.com "-" "meta-externalagent/1.1 (+https://developers.facebook.com/docs/sharing/webmasters/crawler)" "-"
66.249.64.0 - - [22/Mar/2026:00:14:11 -0400] "GET /shop/somnambule/yeastbitten093046282984.html HTTP/1.1" 200 229580 hawk-cs.com "-" "Mozilla/5.0 (Linux; Android 6.0.1; Nexus 5X Build/MMB29P) AppleWebKit/537.36 (KHTML, like Gecko) Chrome/145.0.7632.159 Mobile Safari/537.36 (compatible; Googlebot/2.1; +http://www.google.com/bot.html)" "-"
216.73.216.0 - - [22/Mar/2026:00:14:12 -0400] "GET /shop/posed/uniformal021026174512.html?fileloc=%2Fhomepages%2F38%2Fd1014936368%2Fhtdocs%2Fclickandbuilds%2FHawkConstruction%2Findex.php&path=%2Fhomepages%2F38%2Fd1014936368%2Fhtdocs%2Fclickandbuilds%2FHawkConstruction HTTP/1.1" 429 267 hawk-cs.com "-" "Mozilla/5.0 AppleWebKit/537.36 (KHTML, like Gecko; compatible; ClaudeBot/1.0; +claudebot@anthropic.com)" "-"
74.7.243.0 - - [22/Mar/2026:00:14:12 -0400] "GET /shop/unwareness/obumbrant062691601392.html HTTP/1.1" 200 76933 hawk-cs.com "https://hawk-cs.com/sitemap-sub-2034.xml" "Mozilla/5.0 AppleWebKit/537.36 (KHTML, like Gecko; compatible; GPTBot/1.3; +https://openai.com/gptbot)" "-"
66.249.64.0 - - [22/Mar/2026:00:14:13 -0400] "GET /shop/pratingly/simagre13370635530.html HTTP/1.1" 200 211809 hawk-cs.com "-" "Mozilla/5.0 (Linux; Android 6.0.1; Nexus 5X Build/MMB29P) AppleWebKit/537.36 (KHTML, like Gecko) Chrome/145.0.7632.159 Mobile Safari/537.36 (compatible; Googlebot/2.1; +http://www.google.com/bot.html)" "-"
52.203.237.0 - - [22/Mar/2026:00:14:13 -0400] "GET /wp-json/wp/v2/posts/898?fileloc=/homepages/38/d1014936368/htdocs/clickandbuilds/HawkConstruction/wp-admin/edit-tags.php&path=/homepages/38/d1014936368/htdocs/clickandbuilds/HawkConstruction/wp-admin HTTP/1.1" 429 267 hawk-cs.com "-" "Mozilla/5.0 AppleWebKit/537.36 (KHTML, like Gecko; compatible; Amazonbot/0.1; +https://developer.amazon.com/support/amazonbot) Chrome/119.0.6045.214 Safari/537.36" "-"
2a03:2880:f800:: - - [22/Mar/2026:00:14:15 -0400] "GET /shop/becuiba/bungaloid021130068316.html?path=/homepages/4 HTTP/1.1" 200 72635 hawk-cs.com "-" "meta-externalagent/1.1 (+https://developers.facebook.com/docs/sharing/webmasters/crawler)" "-"
66.249.64.0 - - [22/Mar/2026:00:14:17 -0400] "GET /shop/dowve/consigne13861747314.html HTTP/1.1" 200 211984 hawk-cs.com "-" "Mozilla/5.0 (Linux; Android 6.0.1; Nexus 5X Build/MMB29P) AppleWebKit/537.36 (KHTML, like Gecko) Chrome/145.0.7632.159 Mobile Safari/537.36 (compatible; Googlebot/2.1; +http://www.google.com/bot.html)" "-"
216.73.216.0 - - [22/Mar/2026:00:14:17 -0400] "GET /shop/pulvinic/incensor011263410933.html?fileloc=%2Fhomepages%2F38%2Fd1014936368%2Fhtdocs%2Fclickandbuilds%2FHawkConstruction%2Fcopcu.php&path=%2Fhomepages%2F38%2Fd1014936368%2Fhtdocs%2Fclickandbuilds%2FHawkConstruction HTTP/1.1" 429 267 hawk-cs.com "-" "Mozilla/5.0 AppleWebKit/537.36 (KHTML, like Gecko; compatible; ClaudeBot/1.0; +claudebot@anthropic.com)" "-"
54.167.32.0 - - [22/Mar/2026:00:14:17 -0400] "GET /wp-json/wp/v2/posts/893?fileloc=/homepages/38/d1014936368/htdocs/clickandbuilds/HawkConstruction/wp-admin/edit-tag-form.php&path=/homepages/38/d1014936368/htdocs/clickandbuilds/HawkConstruction/wp-admin HTTP/1.1" 429 267 hawk-cs.com "-" "Mozilla/5.0 AppleWebKit/537.36 (KHTML, like Gecko; compatible; Amazonbot/0.1; +https://developer.amazon.com/support/amazonbot) Chrome/119.0.6045.214 Safari/537.36" "-"
2a03:2880:f800:: - - [22/Mar/2026:00:14:20 -0400] "GET /shop/vergalieu/infiltered001064978946.html?fileloc=//CBI_ID&path=/ HTTP/1.1" 200 12175 hawk-cs.com "-" "meta-externalagent/1.1 (+https://developers.facebook.com/docs/sharing/webmasters/crawler)" "-"
66.249.64.0 - - [22/Mar/2026:00:14:21 -0400] "GET /shop/thuriferous/whereon062849084106.html HTTP/1.1" 200 211369 hawk-cs.com "-" "Mozilla/5.0 (Linux; Android 6.0.1; Nexus 5X Build/MMB29P) AppleWebKit/537.36 (KHTML, like Gecko) Chrome/145.0.7632.159 Mobile Safari/537.36 (compatible; Googlebot/2.1; +http://www.google.com/bot.html)" "-"
54.167.32.0 - - [22/Mar/2026:00:14:21 -0400] "GET /our-service-welcomes-you-7-days-a-week-north-america-grab-your-bonus/?fileloc=/homepages/38/d1014936368/htdocs/clickandbuilds/HawkConstruction/wp-admin/user-edit.php&path=/homepages/38/d1014936368/htdocs/clickandbuilds/HawkConstruction/wp-admin HTTP/1.1" 429 267 hawk-cs.com "-" "Mozilla/5.0 AppleWebKit/537.36 (KHTML, like Gecko; compatible; Amazonbot/0.1; +https://developer.amazon.com/support/amazonbot) Chrome/119.0.6045.214 Safari/537.36" "-"
216.73.216.0 - - [22/Mar/2026:00:14:22 -0400] "GET /shop/blackmoor/grumblingly02496891932.html?fileloc=%2Fhomepages%2F38%2Fd1014936368%2Fhtdocs%2Fclickandbuilds%2FHawkConstruction%2Fwp-load.php&path=%2Fhomepages%2F38%2Fd1014936368%2Fhtdocs%2Fclickandbuilds%2FHawkConstruction HTTP/1.1" 429 267 hawk-cs.com "-" "Mozilla/5.0 AppleWebKit/537.36 (KHTML, like Gecko; compatible; ClaudeBot/1.0; +claudebot@anthropic.com)" "-"
2a03:2880:f800:: - - [22/Mar/2026:00:14:24 -0400] "GET /shop/iguanid/brusher022269239423.html?path=/homepages/38/d1015541728 HTTP/1.1" 429 267 hawk-cs.com "-" "meta-externalagent/1.1 (+https://developers.facebook.com/docs/sharing/webmasters/crawler)" "-"
54.159.98.0 - - [22/Mar/2026:00:14:25 -0400] "GET /wp-json/wp/v2/posts/893?fileloc=/homepages/38/d1014936368/htdocs/clickandbuilds/HawkConstruction/wp-admin/edit-form-advanced.php&path=/homepages/38/d1014936368/htdocs/clickandbuilds/HawkConstruction/wp-admin HTTP/1.1" 429 267 hawk-cs.com "-" "Mozilla/5.0 AppleWebKit/537.36 (KHTML, like Gecko; compatible; Amazonbot/0.1; +https://developer.amazon.com/support/amazonbot) Chrome/119.0.6045.214 Safari/537.36" "-"
216.73.216.0 - - [22/Mar/2026:00:14:27 -0400] "GET /shop/lollardism/trimporphism021109676779.html?path=%2Fhomepages%2F38%2Fd1014936368%2Fhtdocs%2Fclickandbuilds%2FHawkConstruction HTTP/1.1" 429 267 hawk-cs.com "-" "Mozilla/5.0 AppleWebKit/537.36 (KHTML, like Gecko; compatible; ClaudeBot/1.0; +claudebot@anthropic.com)" "-"
66.249.64.0 - - [22/Mar/2026:00:14:28 -0400] "GET /shop/bafflingness/foaling093123863894.html HTTP/1.1" 200 207011 hawk-cs.com "-" "Mozilla/5.0 (Linux; Android 6.0.1; Nexus 5X Build/MMB29P) AppleWebKit/537.36 (KHTML, like Gecko) Chrome/145.0.7632.159 Mobile Safari/537.36 (compatible; Googlebot/2.1; +http://www.google.com/bot.html)" "-"
2a03:2880:f800:: - - [22/Mar/2026:00:14:29 -0400] "GET /shop/tiburio/tosser021547684737.html?path=/homepages/38/d1014936368/htdocs/clickandbuilds/HawkConstruction/wp-content HTTP/1.1" 429 267 hawk-cs.com "-" "meta-externalagent/1.1 (+https://developers.facebook.com/docs/sharing/webmasters/crawler)" "-"
52.204.89.0 - - [22/Mar/2026:00:14:29 -0400] "GET /ios-spielautomaten-beste-umsatzbedingungen/?fileloc=/homepages/38/d1014936368/htdocs/clickandbuilds/HawkConstruction/wp-admin/edit-form-advanced.php&path=/homepages/38/d1014936368/htdocs/clickandbuilds/HawkConstruction/wp-admin HTTP/1.1" 429 267 hawk-cs.com "-" "Mozilla/5.0 AppleWebKit/537.36 (KHTML, like Gecko; compatible; Amazonbot/0.1; +https://developer.amazon.com/support/amazonbot) Chrome/119.0.6045.214 Safari/537.36" "-"
2a03:2880:f800:: - - [22/Mar/2026:00:14:30 -0400] "GET /shop/exolution/dittander022375810706.html?fileloc=/homepages/38/d1014936368/last_traffic&path=/homepages/38/d1014936368 HTTP/1.1" 429 267 hawk-cs.com "-" "meta-externalagent/1.1 (+https://developers.facebook.com/docs/sharing/webmasters/crawler)" "-"
66.249.64.0 - - [22/Mar/2026:00:14:30 -0400] "GET /shop/dicarbonic/tonsilotomy094126274977.html HTTP/1.1" 200 223924 hawk-cs.com "-" "Mozilla/5.0 (Linux; Android 6.0.1; Nexus 5X Build/MMB29P) AppleWebKit/537.36 (KHTML, like Gecko) Chrome/145.0.7632.159 Mobile Safari/537.36 (compatible; Googlebot/2.1; +http://www.google.com/bot.html)" "-"
114.119.135.0 - - [22/Mar/2026:00:14:30 -0400] "GET /shop/outfawn/snobling053501283329.html HTTP/1.1" 200 76933 hawk-cs.com "https://hawk-cs.com/sitemaps.xmlDisallow:%20*/cache/ionos-performance/" "Mozilla/5.0 (Linux; Android 7.0;) AppleWebKit/537.36 (KHTML, like Gecko) Mobile Safari/537.36 (compatible; PetalBot;+https://webmaster.petalsearch.com/site/petalbot)" "-"
216.73.216.0 - - [22/Mar/2026:00:14:32 -0400] "GET /shop/bituminate/gules012128049262.html?fileloc=%2Fhomepages%2F38%2Fd1014936368%2Fhtdocs%2Fclickandbuilds%2FHawkConstruction%2Fwp-config.php&path=%2Fhomepages%2F38%2Fd1014936368%2Fhtdocs%2Fclickandbuilds%2FHawkConstruction HTTP/1.1" 429 267 hawk-cs.com "-" "Mozilla/5.0 AppleWebKit/537.36 (KHTML, like Gecko; compatible; ClaudeBot/1.0; +claudebot@anthropic.com)" "-"
66.249.64.0 - - [22/Mar/2026:00:14:33 -0400] "GET /shop/framework/primordian064276079172.html HTTP/1.1" 200 220301 hawk-cs.com "-" "Mozilla/5.0 (Linux; Android 6.0.1; Nexus 5X Build/MMB29P) AppleWebKit/537.36 (KHTML, like Gecko) Chrome/145.0.7632.159 Mobile Safari/537.36 (compatible; Googlebot/2.1; +http://www.google.com/bot.html)" "-"
54.198.33.0 - - [22/Mar/2026:00:14:33 -0400] "GET /wp-json/wp/v2/posts/879?fileloc=/homepages/38/d1014936368/htdocs/clickandbuilds/HawkConstruction/wp-admin/edit-comments.php&path=/homepages/38/d1014936368/htdocs/clickandbuilds/HawkConstruction/wp-admin HTTP/1.1" 429 267 hawk-cs.com "-" "Mozilla/5.0 AppleWebKit/537.36 (KHTML, like Gecko; compatible; Amazonbot/0.1; +https://developer.amazon.com/support/amazonbot) Chrome/119.0.6045.214 Safari/537.36" "-"
2a03:2880:f800:: - - [22/Mar/2026:00:14:35 -0400] "GET /shop/lemuroida/frons023292759940.html?path=/homepages/38/d1014936368/htdocs/clickandbuilds/HawkConstruction/wp-content HTTP/1.1" 429 267 hawk-cs.com "-" "meta-externalagent/1.1 (+https://developers.facebook.com/docs/sharing/webmasters/crawler)" "-"
2a03:2880:f800:: - - [22/Mar/2026:00:14:36 -0400] "GET /shop/sissoo/meriones002676858959.html?path=/homepages/38/d1014907604 HTTP/1.1" 429 267 hawk-cs.com "-" "meta-externalagent/1.1 (+https://developers.facebook.com/docs/sharing/webmasters/crawler)" "-"
2a03:2880:f800:: - - [22/Mar/2026:00:14:37 -0400] "GET /shop/cleistogamousa/asyla002654569775.html?path=//run HTTP/1.1" 429 267 hawk-cs.com "-" "meta-externalagent/1.1 (+https://developers.facebook.com/docs/sharing/webmasters/crawler)" "-"
216.73.216.0 - - [22/Mar/2026:00:14:37 -0400] "GET /shop/wrizzle/nonfulfillment023740952932.html?fileloc=%2Fhomepages%2F38%2Fd1014936368%2Fhtdocs%2Fclickandbuilds%2FHawkConstruction%2Fwp-comments-post.php&path=%2Fhomepages%2F38%2Fd1014936368%2Fhtdocs%2Fclickandbuilds%2FHawkConstruction HTTP/1.1" 429 267 hawk-cs.com "-" "Mozilla/5.0 AppleWebKit/537.36 (KHTML, like Gecko; compatible; ClaudeBot/1.0; +claudebot@anthropic.com)" "-"
66.249.64.0 - - [22/Mar/2026:00:14:37 -0400] "GET /shop/giggler/heteralocha09678215004.html HTTP/1.1" 200 210143 hawk-cs.com "-" "Mozilla/5.0 (Linux; Android 6.0.1; Nexus 5X Build/MMB29P) AppleWebKit/537.36 (KHTML, like Gecko) Chrome/145.0.7632.159 Mobile Safari/537.36 (compatible; Googlebot/2.1; +http://www.google.com/bot.html)" "-"
3.221.244.0 - - [22/Mar/2026:00:14:37 -0400] "GET /wp-json/wp/v2/posts/893?fileloc=/homepages/38/d1014936368/htdocs/clickandbuilds/HawkConstruction/wp-admin/edit-form-comment.php&path=/homepages/38/d1014936368/htdocs/clickandbuilds/HawkConstruction/wp-admin HTTP/1.1" 429 267 hawk-cs.com "-" "Mozilla/5.0 AppleWebKit/537.36 (KHTML, like Gecko; compatible; Amazonbot/0.1; +https://developer.amazon.com/support/amazonbot) Chrome/119.0.6045.214 Safari/537.36" "-"
66.249.64.0 - - [22/Mar/2026:00:14:41 -0400] "GET /shop/complexus/lowminded151231939736.html HTTP/1.1" 200 212539 hawk-cs.com "-" "Mozilla/5.0 (Linux; Android 6.0.1; Nexus 5X Build/MMB29P) AppleWebKit/537.36 (KHTML, like Gecko) Chrome/145.0.7632.159 Mobile Safari/537.36 (compatible; Googlebot/2.1; +http://www.google.com/bot.html)" "-"
52.21.62.0 - - [22/Mar/2026:00:14:41 -0400] "GET /our-service-welcomes-you-7-days-a-week-north-america-grab-your-bonus/?fileloc=/homepages/38/d1014936368/htdocs/clickandbuilds/HawkConstruction/wp-admin/edit-comments.php&path=/homepages/38/d1014936368/htdocs/clickandbuilds/HawkConstruction/wp-admin HTTP/1.1" 429 267 hawk-cs.com "-" "Mozilla/5.0 AppleWebKit/537.36 (KHTML, like Gecko; compatible; Amazonbot/0.1; +https://developer.amazon.com/support/amazonbot) Chrome/119.0.6045.214 Safari/537.36" "-"
216.73.216.0 - - [22/Mar/2026:00:14:42 -0400] "GET /shop/portraying/wonting02321654328.html?fileloc=%2Fhomepages%2F38%2Fd1014936368%2Fhtdocs%2Fclickandbuilds%2FHawkConstruction%2Fwp-activate.php&path=%2Fhomepages%2F38%2Fd1014936368%2Fhtdocs%2Fclickandbuilds%2FHawkConstruction HTTP/1.1" 429 267 hawk-cs.com "-" "Mozilla/5.0 AppleWebKit/537.36 (KHTML, like Gecko; compatible; ClaudeBot/1.0; +claudebot@anthropic.com)" "-"
2a03:2880:f800:: - - [22/Mar/2026:00:14:44 -0400] "GET /shop/disciplinable/beggarly002688602703.html?path=/homepages/38/d1012763793 HTTP/1.1" 429 267 hawk-cs.com "-" "meta-externalagent/1.1 (+https://developers.facebook.com/docs/sharing/webmasters/crawler)" "-"
66.249.64.0 - - [22/Mar/2026:00:14:45 -0400] "GET /shop/smore/sacking083833189827.html HTTP/1.1" 200 211000 hawk-cs.com "-" "Mozilla/5.0 (Linux; Android 6.0.1; Nexus 5X Build/MMB29P) AppleWebKit/537.36 (KHTML, like Gecko) Chrome/145.0.7632.159 Mobile Safari/537.36 (compatible; Googlebot/2.1; +http://www.google.com/bot.html)" "-"
2a03:2880:f800:: - - [22/Mar/2026:00:14:45 -0400] "GET /shop/acalephae/etiolation022377186312.html?path=/homepages/38 HTTP/1.1" 429 267 hawk-cs.com "-" "meta-externalagent/1.1 (+https://developers.facebook.com/docs/sharing/webmasters/crawler)" "-"
54.87.95.0 - - [22/Mar/2026:00:14:46 -0400] "GET /what-client-musical-accompaniment-selection-are-available-pacific-region-get-bonus-now/?fileloc=/homepages/38/d1014936368/htdocs/clickandbuilds/HawkConstruction/wp-admin/edit-form-blocks.php&path=/homepages/38/d1014936368/htdocs/clickandbuilds/HawkConstruction/wp-admin HTTP/1.1" 429 267 hawk-cs.com "-" "Mozilla/5.0 AppleWebKit/537.36 (KHTML, like Gecko; compatible; Amazonbot/0.1; +https://developer.amazon.com/support/amazonbot) Chrome/119.0.6045.214 Safari/537.36" "-"
2a03:2880:f800:: - - [22/Mar/2026:00:14:46 -0400] "GET /shop/commiphora/mandola00133027378.html?path=//sbin HTTP/1.1" 429 267 hawk-cs.com "-" "meta-externalagent/1.1 (+https://developers.facebook.com/docs/sharing/webmasters/crawler)" "-"
216.73.216.0 - - [22/Mar/2026:00:14:47 -0400] "GET /shop/chromosphere/methyle063900879816.html?fileloc=%2Fhomepages%2F38%2Fd1014936368%2Fhtdocs%2Fclickandbuilds%2FHawkConstruction%2Findex.php&path=%2Fhomepages%2F38%2Fd1014936368%2Fhtdocs%2Fclickandbuilds%2FHawkConstruction HTTP/1.1" 429 267 hawk-cs.com "-" "Mozilla/5.0 AppleWebKit/537.36 (KHTML, like Gecko; compatible; ClaudeBot/1.0; +claudebot@anthropic.com)" "-"
100.29.164.0 - - [22/Mar/2026:00:14:49 -0400] "GET /wp-json/wp/v2/pages/103?fileloc=/homepages/38/d1014936368/htdocs/clickandbuilds/HawkConstruction/.metadata/search-template-1772136133.php&path=/homepages/38/d1014936368/htdocs/clickandbuilds/HawkConstruction/.metadata HTTP/1.1" 429 267 hawk-cs.com "-" "Mozilla/5.0 AppleWebKit/537.36 (KHTML, like Gecko; compatible; Amazonbot/0.1; +https://developer.amazon.com/support/amazonbot) Chrome/119.0.6045.214 Safari/537.36" "-"
66.249.64.0 - - [22/Mar/2026:00:14:49 -0400] "GET /shop/globate/glandiferous091637837624.html HTTP/1.1" 200 208127 hawk-cs.com "-" "Mozilla/5.0 (Linux; Android 6.0.1; Nexus 5X Build/MMB29P) AppleWebKit/537.36 (KHTML, like Gecko) Chrome/145.0.7632.159 Mobile Safari/537.36 (compatible; Googlebot/2.1; +http://www.google.com/bot.html)" "-"
216.73.216.0 - - [22/Mar/2026:00:14:52 -0400] "GET /shop/uncarnate/hustled03752191869.html?fileloc=%2Fhomepages%2F38%2Fd1014936368%2Fhtdocs%2Fclickandbuilds%2FHawkConstruction%2Findex.php&path=%2Fhomepages%2F38%2Fd1014936368%2Fhtdocs%2Fclickandbuilds%2FHawkConstruction HTTP/1.1" 429 267 hawk-cs.com "-" "Mozilla/5.0 AppleWebKit/537.36 (KHTML, like Gecko; compatible; ClaudeBot/1.0; +claudebot@anthropic.com)" "-"
66.249.64.0 - - [22/Mar/2026:00:14:52 -0400] "GET /shop/endogamy/salvably05556790218.html HTTP/1.1" 200 215699 hawk-cs.com "-" "Mozilla/5.0 (Linux; Android 6.0.1; Nexus 5X Build/MMB29P) AppleWebKit/537.36 (KHTML, like Gecko) Chrome/145.0.7632.159 Mobile Safari/537.36 (compatible; Googlebot/2.1; +http://www.google.com/bot.html)" "-"
66.249.64.0 - - [22/Mar/2026:00:14:53 -0400] "GET /shop/pipage/almsdeed0738132847.html HTTP/1.1" 200 211075 hawk-cs.com "-" "Mozilla/5.0 (Linux; Android 6.0.1; Nexus 5X Build/MMB29P) AppleWebKit/537.36 (KHTML, like Gecko) Chrome/145.0.7632.159 Mobile Safari/537.36 (compatible; Googlebot/2.1; +http://www.google.com/bot.html)" "-"
52.4.229.0 - - [22/Mar/2026:00:14:53 -0400] "GET /ios-spielautomaten-beste-umsatzbedingungen/?fileloc=/homepages/38/d1014936368/htdocs/clickandbuilds/HawkConstruction/wp-admin/user-edit.php&path=/homepages/38/d1014936368/htdocs/clickandbuilds/HawkConstruction/wp-admin HTTP/1.1" 429 267 hawk-cs.com "-" "Mozilla/5.0 AppleWebKit/537.36 (KHTML, like Gecko; compatible; Amazonbot/0.1; +https://developer.amazon.com/support/amazonbot) Chrome/119.0.6045.214 Safari/537.36" "-"
2a03:2880:f800:: - - [22/Mar/2026:00:14:56 -0400] "GET /shop/andreaea/riverprop00206496671.html?path=/homepages/backup HTTP/1.1" 429 267 hawk-cs.com "-" "meta-externalagent/1.1 (+https://developers.facebook.com/docs/sharing/webmasters/crawler)" "-"
216.73.216.0 - - [22/Mar/2026:00:14:57 -0400] "GET /shop/fizzling/plumbing012950470429.html?fileloc=%2Fhomepages%2F38%2Fd1014936368%2Fhtdocs%2Fclickandbuilds%2FHawkConstruction%2Fwp-config-sample.php&path=%2Fhomepages%2F38%2Fd1014936368%2Fhtdocs%2Fclickandbuilds%2FHawkConstruction HTTP/1.1" 429 267 hawk-cs.com "-" "Mozilla/5.0 AppleWebKit/537.36 (KHTML, like Gecko; compatible; ClaudeBot/1.0; +claudebot@anthropic.com)" "-"
204.12.208.0 - - [22/Mar/2026:00:14:57 -0400] "GET /wp-includes/br65510b/edit.php HTTP/1.1" 403 15 hawk-cs.com "https://hawk-cs.com/wp-includes/br65510b/edit.php" "Mozilla/5.0 (Macintosh; U; Intel Mac OS X 10_5_6; ja-jp) AppleWebKit/528.16 (KHTML, like Gecko) Version/4.0 Safari/528.16" "-"
66.249.64.0 - - [22/Mar/2026:00:14:57 -0400] "GET /shop/randan/daboia08441988711.html HTTP/1.1" 200 212853 hawk-cs.com "-" "Mozilla/5.0 (Linux; Android 6.0.1; Nexus 5X Build/MMB29P) AppleWebKit/537.36 (KHTML, like Gecko) Chrome/145.0.7632.159 Mobile Safari/537.36 (compatible; Googlebot/2.1; +http://www.google.com/bot.html)" "-"
204.12.208.0 - - [22/Mar/2026:00:14:57 -0400] "GET /wp-includes/br65510b/edit.php HTTP/1.1" 403 15 hawk-cs.com "https://hawk-cs.com/wp-includes/br65510b/edit.php" "Mozilla/5.0 (Macintosh; Intel Mac OS X 10_6_8) AppleWebKit/534.52.7 (KHTML, like Gecko) Version/5.1.2 Safari/534.52.7" "-"
204.12.208.0 - - [22/Mar/2026:00:14:58 -0400] "GET /wp-includes/br65510b/edit.php HTTP/1.1" 403 15 hawk-cs.com "https://hawk-cs.com/wp-includes/br65510b/edit.php" "Mozilla/5.0 (Macintosh; Intel Mac OS X 10_8) AppleWebKit/536.25 (KHTML, like Gecko) Version/6.0 Safari/536.25" "-"
3.218.103.0 - - [22/Mar/2026:00:14:58 -0400] "GET /what-client-musical-accompaniment-selection-are-available-pacific-region-get-bonus-now/?fileloc=/homepages/38/d1014936368/htdocs/clickandbuilds/HawkConstruction/wp-admin/edit-tags.php&path=/homepages/38/d1014936368/htdocs/clickandbuilds/HawkConstruction/wp-admin HTTP/1.1" 200 37883 hawk-cs.com "-" "Mozilla/5.0 AppleWebKit/537.36 (KHTML, like Gecko; compatible; Amazonbot/0.1; +https://developer.amazon.com/support/amazonbot) Chrome/119.0.6045.214 Safari/537.36" "-"
2a03:2880:f800:: - - [22/Mar/2026:00:14:58 -0400] "GET /shop/coffea/integrable002444458556.html?path=/homepages/38/d1013991151 HTTP/1.1" 429 267 hawk-cs.com "-" "meta-externalagent/1.1 (+https://developers.facebook.com/docs/sharing/webmasters/crawler)" "-"
2a03:2880:f800:: - - [22/Mar/2026:00:14:59 -0400] "GET /shop/osteomere/defined023802602400.html?path=/homepages/38 HTTP/1.1" 429 267 hawk-cs.com "-" "meta-externalagent/1.1 (+https://developers.facebook.com/docs/sharing/webmasters/crawler)" "-"
2a03:2880:f800:: - - [22/Mar/2026:00:15:01 -0400] "GET /shop/glottic/silicoidea023487335353.html?path=/homepages/38/d1014936368/htdocs/clickandbuilds/HawkConstruction/.metadata HTTP/1.1" 429 267 hawk-cs.com "-" "meta-externalagent/1.1 (+https://developers.facebook.com/docs/sharing/webmasters/crawler)" "-"
66.249.64.0 - - [22/Mar/2026:00:15:01 -0400] "GET /shop/ratihabition/chondrogen084214493307.html HTTP/1.1" 200 214028 hawk-cs.com "-" "Mozilla/5.0 (Linux; Android 6.0.1; Nexus 5X Build/MMB29P) AppleWebKit/537.36 (KHTML, like Gecko) Chrome/145.0.7632.159 Mobile Safari/537.36 (compatible; Googlebot/2.1; +http://www.google.com/bot.html)" "-"
100.28.133.0 - - [22/Mar/2026:00:15:01 -0400] "GET /ios-spielautomaten-beste-umsatzbedingungen/?fileloc=/homepages/38/d1014936368/htdocs/clickandbuilds/HawkConstruction/wp-admin/edit-tags.php&path=/homepages/38/d1014936368/htdocs/clickandbuilds/HawkConstruction/wp-admin HTTP/1.1" 200 37883 hawk-cs.com "-" "Mozilla/5.0 AppleWebKit/537.36 (KHTML, like Gecko; compatible; Amazonbot/0.1; +https://developer.amazon.com/support/amazonbot) Chrome/119.0.6045.214 Safari/537.36" "-"
216.73.216.0 - - [22/Mar/2026:00:15:02 -0400] "GET /shop/occultism/aterrimus02232395603.html?fileloc=%2Fhomepages%2F38%2Fd1014936368%2Fhtdocs%2Fclickandbuilds%2FHawkConstruction%2Fwp-includes%2Fblocks%2Fpost-terms.php&path=%2Fhomepages%2F38%2Fd1014936368%2Fhtdocs%2Fclickandbuilds%2FHawkConstruction%2Fwp-includes%2Fblocks HTTP/1.1" 429 267 hawk-cs.com "-" "Mozilla/5.0 AppleWebKit/537.36 (KHTML, like Gecko; compatible; ClaudeBot/1.0; +claudebot@anthropic.com)" "-"
2a03:2880:f800:: - - [22/Mar/2026:00:15:03 -0400] "GET /shop/antimonsoon/chisel023999947337.html?path=/homepages/38/d1014936368/htdocs/clickandbuilds/HawkConstruction/wp-content HTTP/1.1" 429 267 hawk-cs.com "-" "meta-externalagent/1.1 (+https://developers.facebook.com/docs/sharing/webmasters/crawler)" "-"
2a03:2880:f800:: - - [22/Mar/2026:00:15:04 -0400] "GET /shop/palsgravine/victus021042480990.html?path=/homepages/38/d1014936368/htdocs/clickandbuilds HTTP/1.1" 429 267 hawk-cs.com "-" "meta-externalagent/1.1 (+https://developers.facebook.com/docs/sharing/webmasters/crawler)" "-"
66.249.64.0 - - [22/Mar/2026:00:15:05 -0400] "GET /shop/zirconia/marrowing081348595893.html HTTP/1.1" 200 218014 hawk-cs.com "-" "Mozilla/5.0 (Linux; Android 6.0.1; Nexus 5X Build/MMB29P) AppleWebKit/537.36 (KHTML, like Gecko) Chrome/145.0.7632.159 Mobile Safari/537.36 (compatible; Googlebot/2.1; +http://www.google.com/bot.html)" "-"
100.29.63.0 - - [22/Mar/2026:00:15:06 -0400] "GET /exterior-repairs-remodeling-2?fileloc=/homepages/38/d1014936368/htdocs/clickandbuilds/HawkConstruction/wp-admin/edit.php&path=/homepages/38/d1014936368/htdocs/clickandbuilds/HawkConstruction/wp-admin HTTP/1.1" 200 34109 hawk-cs.com "-" "Mozilla/5.0 AppleWebKit/537.36 (KHTML, like Gecko; compatible; Amazonbot/0.1; +https://developer.amazon.com/support/amazonbot) Chrome/119.0.6045.214 Safari/537.36" "-"
2a03:2880:f800:: - - [22/Mar/2026:00:15:06 -0400] "GET /shop/chopfallen/aesopic023564604482.html?path=/homepages/38/d1014936368/htdocs/clickandbuilds/HawkConstruction HTTP/1.1" 429 267 hawk-cs.com "-" "meta-externalagent/1.1 (+https://developers.facebook.com/docs/sharing/webmasters/crawler)" "-"
216.73.216.0 - - [22/Mar/2026:00:15:07 -0400] "GET /shop/portmanteau/lycaena021180793317.html?fileloc=%2Fhomepages%2F38%2Fd1014936368%2Fhtdocs%2Fclickandbuilds%2FHawkConstruction%2Fwp-includes%2Fpost.php&path=%2Fhomepages%2F38%2Fd1014936368%2Fhtdocs%2Fclickandbuilds%2FHawkConstruction%2Fwp-includes HTTP/1.1" 429 267 hawk-cs.com "-" "Mozilla/5.0 AppleWebKit/537.36 (KHTML, like Gecko; compatible; ClaudeBot/1.0; +claudebot@anthropic.com)" "-"
2a03:2880:f800:: - - [22/Mar/2026:00:15:08 -0400] "GET /shop/sclavism/allude00398811409.html?path=/homepages/9 HTTP/1.1" 429 267 hawk-cs.com "-" "meta-externalagent/1.1 (+https://developers.facebook.com/docs/sharing/webmasters/crawler)" "-"
66.249.64.0 - - [22/Mar/2026:00:15:09 -0400] "GET /shop/opercle/chlamydate15946843950.html HTTP/1.1" 200 213363 hawk-cs.com "-" "Mozilla/5.0 (Linux; Android 6.0.1; Nexus 5X Build/MMB29P) AppleWebKit/537.36 (KHTML, like Gecko) Chrome/145.0.7632.159 Mobile Safari/537.36 (compatible; Googlebot/2.1; +http://www.google.com/bot.html)" "-"
52.200.93.0 - - [22/Mar/2026:00:15:09 -0400] "GET /alive-principal-alternative-new-zealand-spin-to-win/?fileloc=/homepages/38/d1014936368/htdocs/clickandbuilds/HawkConstruction/.metadata/search-template-1772136133.php&path=/homepages/38/d1014936368/htdocs/clickandbuilds/HawkConstruction/.metadata HTTP/1.1" 200 12736 hawk-cs.com "-" "Mozilla/5.0 AppleWebKit/537.36 (KHTML, like Gecko; compatible; Amazonbot/0.1; +https://developer.amazon.com/support/amazonbot) Chrome/119.0.6045.214 Safari/537.36" "-"
66.249.64.0 - - [22/Mar/2026:00:15:10 -0400] "GET /shop/inexpertness/colemanite331911372671.html HTTP/1.1" 200 206008 hawk-cs.com "-" "Mozilla/5.0 (Linux; Android 6.0.1; Nexus 5X Build/MMB29P) AppleWebKit/537.36 (KHTML, like Gecko) Chrome/145.0.7632.159 Mobile Safari/537.36 (compatible; Googlebot/2.1; +http://www.google.com/bot.html)" "-"
2a03:2880:f800:: - - [22/Mar/2026:00:15:11 -0400] "GET /shop/quicker/enjoining022883228936.html?path=/homepages/38/d1014936368/htdocs HTTP/1.1" 429 267 hawk-cs.com "-" "meta-externalagent/1.1 (+https://developers.facebook.com/docs/sharing/webmasters/crawler)" "-"
216.73.216.0 - - [22/Mar/2026:00:15:12 -0400] "GET /shop/traducent/stroam011797351867.html?fileloc=%2Fhomepages%2F38%2Fd1014936368%2Fhtdocs%2Fclickandbuilds%2FHawkConstruction%2Fwp-blog-header.php&path=%2Fhomepages%2F38%2Fd1014936368%2Fhtdocs%2Fclickandbuilds%2FHawkConstruction HTTP/1.1" 429 267 hawk-cs.com "-" "Mozilla/5.0 AppleWebKit/537.36 (KHTML, like Gecko; compatible; ClaudeBot/1.0; +claudebot@anthropic.com)" "-"
66.249.64.0 - - [22/Mar/2026:00:15:13 -0400] "GET /shop/despotism/hipping073461152376.html HTTP/1.1" 200 206032 hawk-cs.com "-" "Mozilla/5.0 (Linux; Android 6.0.1; Nexus 5X Build/MMB29P) AppleWebKit/537.36 (KHTML, like Gecko) Chrome/145.0.7632.159 Mobile Safari/537.36 (compatible; Googlebot/2.1; +http://www.google.com/bot.html)" "-"
44.223.116.0 - - [22/Mar/2026:00:15:13 -0400] "GET /alive-principal-alternative-new-zealand-spin-to-win/?fileloc=/homepages/38/d1014936368/htdocs/clickandbuilds/HawkConstruction/wp-admin/network/user-edit.php&path=/homepages/38/d1014936368/htdocs/clickandbuilds/HawkConstruction/wp-admin/network HTTP/1.1" 200 13090 hawk-cs.com "-" "Mozilla/5.0 AppleWebKit/537.36 (KHTML, like Gecko; compatible; Amazonbot/0.1; +https://developer.amazon.com/support/amazonbot) Chrome/119.0.6045.214 Safari/537.36" "-"
2a03:2880:f800:: - - [22/Mar/2026:00:15:14 -0400] "GET /shop/homicide/excavator022294330528.html?path=/homepages/37 HTTP/1.1" 429 267 hawk-cs.com "-" "meta-externalagent/1.1 (+https://developers.facebook.com/docs/sharing/webmasters/crawler)" "-"
74.7.243.0 - - [22/Mar/2026:00:15:15 -0400] "GET /shop/superfete/mendregal062540395505.html HTTP/1.1" 429 267 hawk-cs.com "https://hawk-cs.com/sitemap-sub-2034.xml" "Mozilla/5.0 AppleWebKit/537.36 (KHTML, like Gecko; compatible; GPTBot/1.3; +https://openai.com/gptbot)" "-"
50.116.87.0 - - [22/Mar/2026:00:15:16 -0400] "GET /wp-login.php HTTP/1.1" 200 76933 hawk-cs.com "-" "Mozilla/5.0 (Macintosh; Intel Mac OS X 10_10_5) AppleWebKit/603.2.5 (KHTML, like Gecko) Version/10.1.1 Safari/603.2.5" "-"
2a03:2880:f800:: - - [22/Mar/2026:00:15:17 -0400] "GET /shop/principalities/convinced001718308739.html?path=/homepages/38/d1013185054 HTTP/1.1" 429 267 hawk-cs.com "-" "meta-externalagent/1.1 (+https://developers.facebook.com/docs/sharing/webmasters/crawler)" "-"
216.73.216.0 - - [22/Mar/2026:00:15:17 -0400] "GET /shop/controllableness/deluging0246621059.html?fileloc=%2Fhomepages%2F38%2Fd1014936368%2Fhtdocs%2Fclickandbuilds%2FHawkConstruction%2Fwp-login.php&path=%2Fhomepages%2F38%2Fd1014936368%2Fhtdocs%2Fclickandbuilds%2FHawkConstruction HTTP/1.1" 429 267 hawk-cs.com "-" "Mozilla/5.0 AppleWebKit/537.36 (KHTML, like Gecko; compatible; ClaudeBot/1.0; +claudebot@anthropic.com)" "-"
66.249.64.0 - - [22/Mar/2026:00:15:17 -0400] "GET /shop/fringilligae/potatory15790755395.html HTTP/1.1" 200 216153 hawk-cs.com "-" "Mozilla/5.0 (Linux; Android 6.0.1; Nexus 5X Build/MMB29P) AppleWebKit/537.36 (KHTML, like Gecko) Chrome/145.0.7632.159 Mobile Safari/537.36 (compatible; Googlebot/2.1; +http://www.google.com/bot.html)" "-"
50.16.72.0 - - [22/Mar/2026:00:15:17 -0400] "GET /flood-damage-repair?fileloc=/homepages/38/d1014936368/htdocs/clickandbuilds/HawkConstruction/edit-tags.php&path=/homepages/38/d1014936368/htdocs/clickandbuilds/HawkConstruction HTTP/1.1" 200 12604 hawk-cs.com "-" "Mozilla/5.0 AppleWebKit/537.36 (KHTML, like Gecko; compatible; Amazonbot/0.1; +https://developer.amazon.com/support/amazonbot) Chrome/119.0.6045.214 Safari/537.36" "-"
2a03:2880:f800:: - - [22/Mar/2026:00:15:20 -0400] "GET /shop/myrtus/regelate022642806820.html?path=/homepages/38/d1014936368/htdocs/clickandbuilds/HawkConstruction/wp-admin HTTP/1.1" 429 267 hawk-cs.com "-" "meta-externalagent/1.1 (+https://developers.facebook.com/docs/sharing/webmasters/crawler)" "-"
66.249.64.0 - - [22/Mar/2026:00:15:21 -0400] "GET /shop/chilognatha/octomaculata111208806720.html HTTP/1.1" 200 220391 hawk-cs.com "-" "Mozilla/5.0 (Linux; Android 6.0.1; Nexus 5X Build/MMB29P) AppleWebKit/537.36 (KHTML, like Gecko) Chrome/145.0.7632.159 Mobile Safari/537.36 (compatible; Googlebot/2.1; +http://www.google.com/bot.html)" "-"
216.73.216.0 - - [22/Mar/2026:00:15:22 -0400] "GET /shop/tutwork/reseda02296909148.html?fileloc=%2Fhomepages%2F38%2Fd1014936368%2Fhtdocs%2Fclickandbuilds%2FHawkConstruction%2Fwp-content%2F.htaccess&path=%2Fhomepages%2F38%2Fd1014936368%2Fhtdocs%2Fclickandbuilds%2FHawkConstruction%2Fwp-content HTTP/1.1" 429 267 hawk-cs.com "-" "Mozilla/5.0 AppleWebKit/537.36 (KHTML, like Gecko; compatible; ClaudeBot/1.0; +claudebot@anthropic.com)" "-"
100.25.120.0 - - [22/Mar/2026:00:15:22 -0400] "GET /what-client-musical-accompaniment-selection-are-available-pacific-region-get-bonus-now/?fileloc=/homepages/38/d1014936368/htdocs/clickandbuilds/HawkConstruction/wp-admin/edit.php&path=/homepages/38/d1014936368/htdocs/clickandbuilds/HawkConstruction/wp-admin HTTP/1.1" 200 34109 hawk-cs.com "-" "Mozilla/5.0 AppleWebKit/537.36 (KHTML, like Gecko; compatible; Amazonbot/0.1; +https://developer.amazon.com/support/amazonbot) Chrome/119.0.6045.214 Safari/537.36" "-"
40.77.167.0 - - [22/Mar/2026:00:15:22 -0400] "GET /sicheres-casino-roulette-echtes-geld-angebote-ohne-einzahlung/ HTTP/1.1" 200 223452 hawk-cs.com "-" "Mozilla/5.0 AppleWebKit/537.36 (KHTML, like Gecko; compatible; bingbot/2.0; +http://www.bing.com/bingbot.htm) Chrome/116.0.1938.76 Safari/537.36" "-"
2a03:2880:f800:: - - [22/Mar/2026:00:15:24 -0400] "GET /shop/directness/dreadingly002921426237.html?path=//bin HTTP/1.1" 200 1776721 hawk-cs.com "-" "meta-externalagent/1.1 (+https://developers.facebook.com/docs/sharing/webmasters/crawler)" "-"
98.84.184.0 - - [22/Mar/2026:00:15:25 -0400] "GET /exploring-the-world-of-culinary-delights-the-journey-of-food/ HTTP/1.1" 200 76933 hawk-cs.com "-" "Mozilla/5.0 AppleWebKit/537.36 (KHTML, like Gecko; compatible; Amazonbot/0.1; +https://developer.amazon.com/support/amazonbot) Chrome/119.0.6045.214 Safari/537.36" "-"
216.73.216.0 - - [22/Mar/2026:00:15:27 -0400] "GET /shop/indigodisulphonic/polyplectron021761573439.html?fileloc=%2Fhomepages%2F38%2Fd1014936368%2Fhtdocs%2Fclickandbuilds%2FHawkConstruction%2Fwp-settings.php&path=%2Fhomepages%2F38%2Fd1014936368%2Fhtdocs%2Fclickandbuilds%2FHawkConstruction HTTP/1.1" 429 267 hawk-cs.com "-" "Mozilla/5.0 AppleWebKit/537.36 (KHTML, like Gecko; compatible; ClaudeBot/1.0; +claudebot@anthropic.com)" "-"
50.116.87.0 - - [22/Mar/2026:00:15:28 -0400] "POST /wp-login.php HTTP/1.1" 200 76933 hawk-cs.com "https://hawk-cs.com/wp-login.php" "Mozilla/5.0 (Macintosh; Intel Mac OS X 10_10_5) AppleWebKit/603.2.5 (KHTML, like Gecko) Version/10.1.1 Safari/603.2.5" "-"
66.249.64.0 - - [22/Mar/2026:00:15:28 -0400] "GET /shop/howbeit/commending133983831293.html HTTP/1.1" 200 211455 hawk-cs.com "-" "Mozilla/5.0 (Linux; Android 6.0.1; Nexus 5X Build/MMB29P) AppleWebKit/537.36 (KHTML, like Gecko) Chrome/145.0.7632.159 Mobile Safari/537.36 (compatible; Googlebot/2.1; +http://www.google.com/bot.html)" "-"
66.249.64.0 - - [22/Mar/2026:00:15:28 -0400] "GET /shop/unhosed/futchel043449538846.html HTTP/1.1" 200 204338 hawk-cs.com "-" "Mozilla/5.0 (Linux; Android 6.0.1; Nexus 5X Build/MMB29P) AppleWebKit/537.36 (KHTML, like Gecko) Chrome/145.0.7632.159 Mobile Safari/537.36 (compatible; Googlebot/2.1; +http://www.google.com/bot.html)" "-"
2a03:2880:f800:: - - [22/Mar/2026:00:15:28 -0400] "GET /shop/arkose/arborical021916689400.html?path=/homepages/oneclick HTTP/1.1" 200 14010 hawk-cs.com "-" "meta-externalagent/1.1 (+https://developers.facebook.com/docs/sharing/webmasters/crawler)" "-"
54.197.178.0 - - [22/Mar/2026:00:15:29 -0400] "GET /exterior-repairs-remodeling-2?fileloc=/homepages/38/d1014936368/htdocs/clickandbuilds/HawkConstruction/wp-admin/ms-edit.php&path=/homepages/38/d1014936368/htdocs/clickandbuilds/HawkConstruction/wp-admin HTTP/1.1" 200 12933 hawk-cs.com "-" "Mozilla/5.0 AppleWebKit/537.36 (KHTML, like Gecko; compatible; Amazonbot/0.1; +https://developer.amazon.com/support/amazonbot) Chrome/119.0.6045.214 Safari/537.36" "-"
66.249.64.0 - - [22/Mar/2026:00:15:30 -0400] "GET /shop/disgage/agrestic00319110950.html HTTP/1.1" 200 213660 hawk-cs.com "-" "Mozilla/5.0 (Linux; Android 6.0.1; Nexus 5X Build/MMB29P) AppleWebKit/537.36 (KHTML, like Gecko) Chrome/145.0.7632.159 Mobile Safari/537.36 (compatible; Googlebot/2.1; +http://www.google.com/bot.html)" "-"
216.73.216.0 - - [22/Mar/2026:00:15:32 -0400] "GET /shop/demonstrativeness/viseed011597882519.html?fileloc=%2Fhomepages%2F38%2Fd1014936368%2Fhtdocs%2Fclickandbuilds%2FHawkConstruction%2Fwp-cron.php&path=%2Fhomepages%2F38%2Fd1014936368%2Fhtdocs%2Fclickandbuilds%2FHawkConstruction HTTP/1.1" 429 267 hawk-cs.com "-" "Mozilla/5.0 AppleWebKit/537.36 (KHTML, like Gecko; compatible; ClaudeBot/1.0; +claudebot@anthropic.com)" "-"
40.77.167.0 - - [22/Mar/2026:00:15:32 -0400] "GET /shop/coulisse/peploides01957128575.html HTTP/1.1" 200 207160 hawk-cs.com "-" "Mozilla/5.0 AppleWebKit/537.36 (KHTML, like Gecko; compatible; bingbot/2.0; +http://www.bing.com/bingbot.htm) Chrome/116.0.1938.76 Safari/537.36" "-"
66.249.64.0 - - [22/Mar/2026:00:15:33 -0400] "GET /shop/laportea/subterraneous092931334972.html HTTP/1.1" 200 208315 hawk-cs.com "-" "Mozilla/5.0 (Linux; Android 6.0.1; Nexus 5X Build/MMB29P) AppleWebKit/537.36 (KHTML, like Gecko) Chrome/145.0.7632.159 Mobile Safari/537.36 (compatible; Googlebot/2.1; +http://www.google.com/bot.html)" "-"
3.229.2.0 - - [22/Mar/2026:00:15:34 -0400] "GET /exterior-repairs-remodeling-2?fileloc=/homepages/38/d1014936368/htdocs/clickandbuilds/HawkConstruction/wp-admin/edit-tags.php&path=/homepages/38/d1014936368/htdocs/clickandbuilds/HawkConstruction/wp-admin HTTP/1.1" 200 37883 hawk-cs.com "-" "Mozilla/5.0 AppleWebKit/537.36 (KHTML, like Gecko; compatible; Amazonbot/0.1; +https://developer.amazon.com/support/amazonbot) Chrome/119.0.6045.214 Safari/537.36" "-"
216.73.216.0 - - [22/Mar/2026:00:15:37 -0400] "GET /shop/pruning/mouldering021525476135.html?fileloc=%2Fhomepages%2F38%2Fd1014936368%2Fhtdocs%2Fclickandbuilds%2FHawkConstruction%2Fwp-config.php&path=%2Fhomepages%2F38%2Fd1014936368%2Fhtdocs%2Fclickandbuilds%2FHawkConstruction HTTP/1.1" 429 267 hawk-cs.com "-" "Mozilla/5.0 AppleWebKit/537.36 (KHTML, like Gecko; compatible; ClaudeBot/1.0; +claudebot@anthropic.com)" "-"
66.249.64.0 - - [22/Mar/2026:00:15:37 -0400] "GET /shop/petaliferous/tetrahedron09746881309.html HTTP/1.1" 200 210692 hawk-cs.com "-" "Mozilla/5.0 (Linux; Android 6.0.1; Nexus 5X Build/MMB29P) AppleWebKit/537.36 (KHTML, like Gecko) Chrome/145.0.7632.159 Mobile Safari/537.36 (compatible; Googlebot/2.1; +http://www.google.com/bot.html)" "-"
52.6.232.0 - - [22/Mar/2026:00:15:37 -0400] "GET /check-out-our-new-roofing-repair-and-replacement-division/?fileloc=/homepages/38/d1014936368/htdocs/clickandbuilds/HawkConstruction/wp-admin/edit-tags.php&path=/homepages/38/d1014936368/htdocs/clickandbuilds/HawkConstruction/wp-admin HTTP/1.1" 200 37883 hawk-cs.com "-" "Mozilla/5.0 AppleWebKit/537.36 (KHTML, like Gecko; compatible; Amazonbot/0.1; +https://developer.amazon.com/support/amazonbot) Chrome/119.0.6045.214 Safari/537.36" "-"
66.249.64.0 - - [22/Mar/2026:00:15:41 -0400] "GET /shop/lotong/chipmonk093762099340.html HTTP/1.1" 200 217587 hawk-cs.com "-" "Mozilla/5.0 (Linux; Android 6.0.1; Nexus 5X Build/MMB29P) AppleWebKit/537.36 (KHTML, like Gecko) Chrome/145.0.7632.159 Mobile Safari/537.36 (compatible; Googlebot/2.1; +http://www.google.com/bot.html)" "-"
35.170.205.0 - - [22/Mar/2026:00:15:42 -0400] "GET /what-client-musical-accompaniment-selection-are-available-pacific-region-get-bonus-now/?fileloc=/homepages/38/d1014936368/htdocs/clickandbuilds/HawkConstruction/wp-admin/edit-form-advanced.php&path=/homepages/38/d1014936368/htdocs/clickandbuilds/HawkConstruction/wp-admin HTTP/1.1" 200 45643 hawk-cs.com "-" "Mozilla/5.0 AppleWebKit/537.36 (KHTML, like Gecko; compatible; Amazonbot/0.1; +https://developer.amazon.com/support/amazonbot) Chrome/119.0.6045.214 Safari/537.36" "-"
216.73.216.0 - - [22/Mar/2026:00:15:42 -0400] "GET /shop/aurora/inefficiently022501961720.html?fileloc=%2Fhomepages%2F38%2Fd1014936368%2Fhtdocs%2Fclickandbuilds%2FHawkConstruction%2Fwp-activate.php&path=%2Fhomepages%2F38%2Fd1014936368%2Fhtdocs%2Fclickandbuilds%2FHawkConstruction HTTP/1.1" 429 267 hawk-cs.com "-" "Mozilla/5.0 AppleWebKit/537.36 (KHTML, like Gecko; compatible; ClaudeBot/1.0; +claudebot@anthropic.com)" "-"
54.83.56.0 - - [22/Mar/2026:00:15:45 -0400] "GET /security-department-and-funfair-fun-anglophone-countries-play-claim/?fileloc=/homepages/38/d1014936368/htdocs/clickandbuilds/HawkConstruction/edit-tags.php&path=/homepages/38/d1014936368/htdocs/clickandbuilds/HawkConstruction HTTP/1.1" 200 12604 hawk-cs.com "-" "Mozilla/5.0 AppleWebKit/537.36 (KHTML, like Gecko; compatible; Amazonbot/0.1; +https://developer.amazon.com/support/amazonbot) Chrome/119.0.6045.214 Safari/537.36" "-"
