216.73.216.0 - - [22/Mar/2026:00:25:51 -0400] "GET /shop/thomomys/intercollegiate022242414705.html?fileloc=%2Fhomepages%2F38%2Fd1014936368%2Fhtdocs%2Fclickandbuilds%2FHawkConstruction%2Findex.php0&path=%2Fhomepages%2F38%2Fd1014936368%2Fhtdocs%2Fclickandbuilds%2FHawkConstruction HTTP/1.1" 429 267 hawk-cs.com "-" "Mozilla/5.0 AppleWebKit/537.36 (KHTML, like Gecko; compatible; ClaudeBot/1.0; +claudebot@anthropic.com)" "-"
18.206.47.0 - - [22/Mar/2026:00:25:52 -0400] "GET /wp-json/wp/v2/categories/1?path=/homepages/38/d1014936368/htdocs/clickandbuilds/HawkConstruction/wp-content/et-cache/4337 HTTP/1.1" 429 267 hawk-cs.com "-" "Mozilla/5.0 AppleWebKit/537.36 (KHTML, like Gecko; compatible; Amazonbot/0.1; +https://developer.amazon.com/support/amazonbot) Chrome/119.0.6045.214 Safari/537.36" "-"
100.24.167.0 - - [22/Mar/2026:00:25:55 -0400] "GET /wp-json/wp/v2/categories/1?path=/homepages/38/d1014936368/htdocs/clickandbuilds/HawkConstruction/wp-content/et-cache/2580 HTTP/1.1" 429 267 hawk-cs.com "-" "Mozilla/5.0 AppleWebKit/537.36 (KHTML, like Gecko; compatible; Amazonbot/0.1; +https://developer.amazon.com/support/amazonbot) Chrome/119.0.6045.214 Safari/537.36" "-"
114.119.155.0 - - [22/Mar/2026:00:25:56 -0400] "GET /shop/outwarddeveloping/verbiage05274198505.html HTTP/1.1" 200 76933 hawk-cs.com "https://hawk-cs.com/sitemap.xml" "Mozilla/5.0 (Linux; Android 7.0;) AppleWebKit/537.36 (KHTML, like Gecko) Mobile Safari/537.36 (compatible; PetalBot;+https://webmaster.petalsearch.com/site/petalbot)" "-"
216.73.216.0 - - [22/Mar/2026:00:25:56 -0400] "GET /shop/reprovableness/extensure02757950463.html?fileloc=%2Fhomepages%2F38%2Fd1014936368%2Fhtdocs%2Fclickandbuilds%2FHawkConstruction%2Fwp-mail.php&path=%2Fhomepages%2F38%2Fd1014936368%2Fhtdocs%2Fclickandbuilds%2FHawkConstruction HTTP/1.1" 429 267 hawk-cs.com "-" "Mozilla/5.0 AppleWebKit/537.36 (KHTML, like Gecko; compatible; ClaudeBot/1.0; +claudebot@anthropic.com)" "-"
66.249.64.0 - - [22/Mar/2026:00:25:57 -0400] "GET /shop/oogoniums/gladfulness042120342169.html HTTP/1.1" 200 212948 hawk-cs.com "-" "Mozilla/5.0 (Linux; Android 6.0.1; Nexus 5X Build/MMB29P) AppleWebKit/537.36 (KHTML, like Gecko) Chrome/145.0.7632.159 Mobile Safari/537.36 (compatible; Googlebot/2.1; +http://www.google.com/bot.html)" "-"
52.70.138.0 - - [22/Mar/2026:00:26:00 -0400] "GET /wp-json/wp/v2/categories/1?path=/homepages/38/d1014936368/htdocs/clickandbuilds/HawkConstruction/wp-content/et-cache/1691 HTTP/1.1" 429 267 hawk-cs.com "-" "Mozilla/5.0 AppleWebKit/537.36 (KHTML, like Gecko; compatible; Amazonbot/0.1; +https://developer.amazon.com/support/amazonbot) Chrome/119.0.6045.214 Safari/537.36" "-"
66.249.64.0 - - [22/Mar/2026:00:26:01 -0400] "GET /shop/insatiateness/pealed1572164885.html HTTP/1.1" 200 210514 hawk-cs.com "-" "Mozilla/5.0 (Linux; Android 6.0.1; Nexus 5X Build/MMB29P) AppleWebKit/537.36 (KHTML, like Gecko) Chrome/145.0.7632.159 Mobile Safari/537.36 (compatible; Googlebot/2.1; +http://www.google.com/bot.html)" "-"
216.73.216.0 - - [22/Mar/2026:00:26:01 -0400] "GET /shop/hydrolapathum/cuddled024027186384.html?fileloc=%2Fhomepages%2F38%2Fd1014936368%2Fhtdocs%2Fclickandbuilds%2FHawkConstruction%2Fclick.php&path=%2Fhomepages%2F38%2Fd1014936368%2Fhtdocs%2Fclickandbuilds%2FHawkConstruction HTTP/1.1" 429 267 hawk-cs.com "-" "Mozilla/5.0 AppleWebKit/537.36 (KHTML, like Gecko; compatible; ClaudeBot/1.0; +claudebot@anthropic.com)" "-"
2a03:2880:f800:: - - [22/Mar/2026:00:26:01 -0400] "GET /shop/principalities/convinced001718308739.html?path=/homepages/38/d1014324287 HTTP/1.1" 200 31472 hawk-cs.com "-" "meta-externalagent/1.1 (+https://developers.facebook.com/docs/sharing/webmasters/crawler)" "-"
18.214.186.0 - - [22/Mar/2026:00:26:03 -0400] "GET /wp-json/wp/v2/categories/1?path=/homepages/38/d1014936368/htdocs/clickandbuilds/HawkConstruction/wp-content/et-cache/4312 HTTP/1.1" 429 267 hawk-cs.com "-" "Mozilla/5.0 AppleWebKit/537.36 (KHTML, like Gecko; compatible; Amazonbot/0.1; +https://developer.amazon.com/support/amazonbot) Chrome/119.0.6045.214 Safari/537.36" "-"
66.249.64.0 - - [22/Mar/2026:00:26:05 -0400] "GET /shop/selfdefensive/argyreus043629865514.html HTTP/1.1" 200 212772 hawk-cs.com "-" "Mozilla/5.0 (Linux; Android 6.0.1; Nexus 5X Build/MMB29P) AppleWebKit/537.36 (KHTML, like Gecko) Chrome/145.0.7632.159 Mobile Safari/537.36 (compatible; Googlebot/2.1; +http://www.google.com/bot.html)" "-"
216.73.216.0 - - [22/Mar/2026:00:26:06 -0400] "GET /shop/admitted/heteromera021595605678.html?fileloc=%2Fhomepages%2F38%2Fd1014936368%2Fhtdocs%2Fclickandbuilds%2FHawkConstruction%2Fwp-trackback.php&path=%2Fhomepages%2F38%2Fd1014936368%2Fhtdocs%2Fclickandbuilds%2FHawkConstruction HTTP/1.1" 429 267 hawk-cs.com "-" "Mozilla/5.0 AppleWebKit/537.36 (KHTML, like Gecko; compatible; ClaudeBot/1.0; +claudebot@anthropic.com)" "-"
52.5.232.0 - - [22/Mar/2026:00:26:07 -0400] "GET /ios-spielautomaten-beste-umsatzbedingungen/?path=/homepages/38/d1014936368/htdocs/clickandbuilds/HawkConstruction/wp-content/upgrade-temp-backup HTTP/1.1" 429 267 hawk-cs.com "-" "Mozilla/5.0 AppleWebKit/537.36 (KHTML, like Gecko; compatible; Amazonbot/0.1; +https://developer.amazon.com/support/amazonbot) Chrome/119.0.6045.214 Safari/537.36" "-"
66.249.64.0 - - [22/Mar/2026:00:26:09 -0400] "GET /shop/delactation/sombrous14794200866.html HTTP/1.1" 200 212349 hawk-cs.com "-" "Mozilla/5.0 (Linux; Android 6.0.1; Nexus 5X Build/MMB29P) AppleWebKit/537.36 (KHTML, like Gecko) Chrome/145.0.7632.159 Mobile Safari/537.36 (compatible; Googlebot/2.1; +http://www.google.com/bot.html)" "-"
2a03:2880:f800:: - - [22/Mar/2026:00:26:11 -0400] "GET /shop/gladiate/terebrant00554769591.html?path=//sys HTTP/1.1" 200 12604 hawk-cs.com "-" "meta-externalagent/1.1 (+https://developers.facebook.com/docs/sharing/webmasters/crawler)" "-"
216.73.216.0 - - [22/Mar/2026:00:26:12 -0400] "GET /shop/lapideous/overcoming022618901138.html?fileloc=%2Fhomepages%2F38%2Fd1014936368%2Fhtdocs%2Fclickandbuilds%2FHawkConstruction%2Fwp-config.php&path=%2Fhomepages%2F38%2Fd1014936368%2Fhtdocs%2Fclickandbuilds%2FHawkConstruction HTTP/1.1" 429 267 hawk-cs.com "-" "Mozilla/5.0 AppleWebKit/537.36 (KHTML, like Gecko; compatible; ClaudeBot/1.0; +claudebot@anthropic.com)" "-"
34.225.24.0 - - [22/Mar/2026:00:26:12 -0400] "GET /wp-json/wp/v2/categories/1?path=/homepages/38/d1014936368/htdocs/clickandbuilds/HawkConstruction/wp-content/et-cache/5251 HTTP/1.1" 429 267 hawk-cs.com "-" "Mozilla/5.0 AppleWebKit/537.36 (KHTML, like Gecko; compatible; Amazonbot/0.1; +https://developer.amazon.com/support/amazonbot) Chrome/119.0.6045.214 Safari/537.36" "-"
66.249.64.0 - - [22/Mar/2026:00:26:13 -0400] "GET /shop/drabbet/imparadised00328374740.html HTTP/1.1" 200 223781 hawk-cs.com "-" "Mozilla/5.0 (Linux; Android 6.0.1; Nexus 5X Build/MMB29P) AppleWebKit/537.36 (KHTML, like Gecko) Chrome/145.0.7632.159 Mobile Safari/537.36 (compatible; Googlebot/2.1; +http://www.google.com/bot.html)" "-"
3.208.146.0 - - [22/Mar/2026:00:26:14 -0400] "GET /wp-json/wp/v2/categories/1?path=/homepages/38/d1014936368/htdocs/clickandbuilds/HawkConstruction/wp-content/et-cache/2118 HTTP/1.1" 429 267 hawk-cs.com "-" "Mozilla/5.0 AppleWebKit/537.36 (KHTML, like Gecko; compatible; Amazonbot/0.1; +https://developer.amazon.com/support/amazonbot) Chrome/119.0.6045.214 Safari/537.36" "-"
216.73.216.0 - - [22/Mar/2026:00:26:17 -0400] "GET /shop/selfcontrol/mercenarian021633274059.html?fileloc=%2Fhomepages%2F38%2Fd1014936368%2Fhtdocs%2Fclickandbuilds%2FHawkConstruction%2Fcopcu.php&path=%2Fhomepages%2F38%2Fd1014936368%2Fhtdocs%2Fclickandbuilds%2FHawkConstruction HTTP/1.1" 429 267 hawk-cs.com "-" "Mozilla/5.0 AppleWebKit/537.36 (KHTML, like Gecko; compatible; ClaudeBot/1.0; +claudebot@anthropic.com)" "-"
66.249.64.0 - - [22/Mar/2026:00:26:17 -0400] "GET /shop/bonhomie/cerebripetal04107514899.html HTTP/1.1" 200 219969 hawk-cs.com "-" "Mozilla/5.0 (Linux; Android 6.0.1; Nexus 5X Build/MMB29P) AppleWebKit/537.36 (KHTML, like Gecko) Chrome/145.0.7632.159 Mobile Safari/537.36 (compatible; Googlebot/2.1; +http://www.google.com/bot.html)" "-"
52.202.233.0 - - [22/Mar/2026:00:26:18 -0400] "GET /wp-json/wp/v2/categories/1?path=/homepages/38/d1014936368/htdocs/clickandbuilds/HawkConstruction/wp-content/et-cache/3243 HTTP/1.1" 429 267 hawk-cs.com "-" "Mozilla/5.0 AppleWebKit/537.36 (KHTML, like Gecko; compatible; Amazonbot/0.1; +https://developer.amazon.com/support/amazonbot) Chrome/119.0.6045.214 Safari/537.36" "-"
2a03:2880:f800:: - - [22/Mar/2026:00:26:20 -0400] "GET /shop/outpassion/woolsey02257071973.html?path=/homepages/38/d1014936368/htdocs/clickandbuilds/HawkConstruction/adebwp HTTP/1.1" 200 16210 hawk-cs.com "-" "meta-externalagent/1.1 (+https://developers.facebook.com/docs/sharing/webmasters/crawler)" "-"
66.249.64.0 - - [22/Mar/2026:00:26:21 -0400] "GET /shop/alveolary/postcommissure04132391820.html HTTP/1.1" 200 213991 hawk-cs.com "-" "Mozilla/5.0 (Linux; Android 6.0.1; Nexus 5X Build/MMB29P) AppleWebKit/537.36 (KHTML, like Gecko) Chrome/145.0.7632.159 Mobile Safari/537.36 (compatible; Googlebot/2.1; +http://www.google.com/bot.html)" "-"
216.73.216.0 - - [22/Mar/2026:00:26:22 -0400] "GET /shop/quran/glochidium02943741043.html?fileloc=%2Fhomepages%2F38%2Fd1014936368%2Fhtdocs%2Fclickandbuilds%2FHawkConstruction%2Fwp-config-sample.php&path=%2Fhomepages%2F38%2Fd1014936368%2Fhtdocs%2Fclickandbuilds%2FHawkConstruction HTTP/1.1" 429 267 hawk-cs.com "-" "Mozilla/5.0 AppleWebKit/537.36 (KHTML, like Gecko; compatible; ClaudeBot/1.0; +claudebot@anthropic.com)" "-"
54.156.55.0 - - [22/Mar/2026:00:26:23 -0400] "GET /wp-json/wp/v2/categories/1?path=/homepages/38/d1014936368/htdocs/clickandbuilds/HawkConstruction/wp-content/et-cache/4275 HTTP/1.1" 429 267 hawk-cs.com "-" "Mozilla/5.0 AppleWebKit/537.36 (KHTML, like Gecko; compatible; Amazonbot/0.1; +https://developer.amazon.com/support/amazonbot) Chrome/119.0.6045.214 Safari/537.36" "-"
66.249.64.0 - - [22/Mar/2026:00:26:25 -0400] "GET /shop/mammalogy/exanthematous023612671482.html HTTP/1.1" 200 221260 hawk-cs.com "-" "Mozilla/5.0 (Linux; Android 6.0.1; Nexus 5X Build/MMB29P) AppleWebKit/537.36 (KHTML, like Gecko) Chrome/145.0.7632.159 Mobile Safari/537.36 (compatible; Googlebot/2.1; +http://www.google.com/bot.html)" "-"
66.249.64.0 - - [22/Mar/2026:00:26:25 -0400] "GET /shop/cardunculus/analysand114277368958.html HTTP/1.1" 200 215615 hawk-cs.com "-" "Mozilla/5.0 (Linux; Android 6.0.1; Nexus 5X Build/MMB29P) AppleWebKit/537.36 (KHTML, like Gecko) Chrome/145.0.7632.159 Mobile Safari/537.36 (compatible; Googlebot/2.1; +http://www.google.com/bot.html)" "-"
216.73.216.0 - - [22/Mar/2026:00:26:27 -0400] "GET /shop/morindin/guardage022590431173.html?fileloc=%2Fhomepages%2F38%2Fd1014936368%2Fhtdocs%2Fclickandbuilds%2FHawkConstruction%2Fex.php&path=%2Fhomepages%2F38%2Fd1014936368%2Fhtdocs%2Fclickandbuilds%2FHawkConstruction HTTP/1.1" 429 267 hawk-cs.com "-" "Mozilla/5.0 AppleWebKit/537.36 (KHTML, like Gecko; compatible; ClaudeBot/1.0; +claudebot@anthropic.com)" "-"
44.213.202.0 - - [22/Mar/2026:00:26:27 -0400] "GET /wp-json/wp/v2/categories/1?path=/homepages/38/d1014936368/htdocs/clickandbuilds/HawkConstruction/wp-content/et-cache/3673 HTTP/1.1" 429 267 hawk-cs.com "-" "Mozilla/5.0 AppleWebKit/537.36 (KHTML, like Gecko; compatible; Amazonbot/0.1; +https://developer.amazon.com/support/amazonbot) Chrome/119.0.6045.214 Safari/537.36" "-"
2a03:2880:f800:: - - [22/Mar/2026:00:26:29 -0400] "GET /shop/humbuggery/metallograph02895167735.html?path=/homepages/38/d1014936368/htdocs/clickandbuilds/HawkConstruction/wp-admin HTTP/1.1" 200 187513 hawk-cs.com "-" "meta-externalagent/1.1 (+https://developers.facebook.com/docs/sharing/webmasters/crawler)" "-"
54.225.181.0 - - [22/Mar/2026:00:26:32 -0400] "GET /wp-json/wp/v2/categories/1?path=/homepages/38/d1014936368/htdocs/clickandbuilds/HawkConstruction/wp-content/et-cache/4878 HTTP/1.1" 429 267 hawk-cs.com "-" "Mozilla/5.0 AppleWebKit/537.36 (KHTML, like Gecko; compatible; Amazonbot/0.1; +https://developer.amazon.com/support/amazonbot) Chrome/119.0.6045.214 Safari/537.36" "-"
216.73.216.0 - - [22/Mar/2026:00:26:32 -0400] "GET /shop/premise/burdenous022475775541.html?fileloc=%2Fhomepages%2F38%2Fd1014936368%2Fhtdocs%2Fclickandbuilds%2FHawkConstruction%2Fwp-log1n.php&path=%2Fhomepages%2F38%2Fd1014936368%2Fhtdocs%2Fclickandbuilds%2FHawkConstruction HTTP/1.1" 429 267 hawk-cs.com "-" "Mozilla/5.0 AppleWebKit/537.36 (KHTML, like Gecko; compatible; ClaudeBot/1.0; +claudebot@anthropic.com)" "-"
66.249.64.0 - - [22/Mar/2026:00:26:34 -0400] "GET /shop/beadle/semeniferous053438789507.html HTTP/1.1" 200 219109 hawk-cs.com "-" "Mozilla/5.0 (Linux; Android 6.0.1; Nexus 5X Build/MMB29P) AppleWebKit/537.36 (KHTML, like Gecko) Chrome/145.0.7632.159 Mobile Safari/537.36 (compatible; Googlebot/2.1; +http://www.google.com/bot.html)" "-"
34.192.67.0 - - [22/Mar/2026:00:26:35 -0400] "GET /wp-json/wp/v2/categories/1?path=/homepages/38/d1014936368/htdocs/clickandbuilds/HawkConstruction/wp-content/et-cache/3441 HTTP/1.1" 429 267 hawk-cs.com "-" "Mozilla/5.0 AppleWebKit/537.36 (KHTML, like Gecko; compatible; Amazonbot/0.1; +https://developer.amazon.com/support/amazonbot) Chrome/119.0.6045.214 Safari/537.36" "-"
2a03:2880:f800:: - - [22/Mar/2026:00:26:36 -0400] "GET /shop/principalities/convinced001718308739.html?path=/homepages/38/d1013210763 HTTP/1.1" 200 28508 hawk-cs.com "-" "meta-externalagent/1.1 (+https://developers.facebook.com/docs/sharing/webmasters/crawler)" "-"
216.73.216.0 - - [22/Mar/2026:00:26:37 -0400] "GET /shop/highstepping/dentaria02950478557.html?fileloc=%2Fhomepages%2F38%2Fd1014936368%2Fhtdocs%2Fclickandbuilds%2FHawkConstruction%2Fwp-load.php&path=%2Fhomepages%2F38%2Fd1014936368%2Fhtdocs%2Fclickandbuilds%2FHawkConstruction HTTP/1.1" 429 267 hawk-cs.com "-" "Mozilla/5.0 AppleWebKit/537.36 (KHTML, like Gecko; compatible; ClaudeBot/1.0; +claudebot@anthropic.com)" "-"
66.249.64.0 - - [22/Mar/2026:00:26:37 -0400] "GET /shop/inhabitance/inject15626763017.html HTTP/1.1" 200 213364 hawk-cs.com "-" "Mozilla/5.0 (Linux; Android 6.0.1; Nexus 5X Build/MMB29P) AppleWebKit/537.36 (KHTML, like Gecko) Chrome/145.0.7632.159 Mobile Safari/537.36 (compatible; Googlebot/2.1; +http://www.google.com/bot.html)" "-"
23.21.179.0 - - [22/Mar/2026:00:26:40 -0400] "GET /wp-json/wp/v2/categories/1?path=/homepages/38/d1014936368/htdocs/clickandbuilds/HawkConstruction/wp-content/et-cache/3052 HTTP/1.1" 200 13291 hawk-cs.com "-" "Mozilla/5.0 AppleWebKit/537.36 (KHTML, like Gecko; compatible; Amazonbot/0.1; +https://developer.amazon.com/support/amazonbot) Chrome/119.0.6045.214 Safari/537.36" "-"
66.249.64.0 - - [22/Mar/2026:00:26:41 -0400] "GET /shop/congius/overrating153220003066.html HTTP/1.1" 200 224753 hawk-cs.com "-" "Mozilla/5.0 (Linux; Android 6.0.1; Nexus 5X Build/MMB29P) AppleWebKit/537.36 (KHTML, like Gecko) Chrome/145.0.7632.159 Mobile Safari/537.36 (compatible; Googlebot/2.1; +http://www.google.com/bot.html)" "-"
216.73.216.0 - - [22/Mar/2026:00:26:42 -0400] "GET /shop/delta/lepidopter02680834001.html?fileloc=%2Fhomepages%2F38%2Fd1014936368%2Fhtdocs%2Fclickandbuilds%2FHawkConstruction%2Fwp-activate.php&path=%2Fhomepages%2F38%2Fd1014936368%2Fhtdocs%2Fclickandbuilds%2FHawkConstruction HTTP/1.1" 429 267 hawk-cs.com "-" "Mozilla/5.0 AppleWebKit/537.36 (KHTML, like Gecko; compatible; ClaudeBot/1.0; +claudebot@anthropic.com)" "-"
52.54.15.0 - - [22/Mar/2026:00:26:43 -0400] "GET /wp-json/wp/v2/categories/1?path=/homepages/38/d1014936368/htdocs/clickandbuilds/HawkConstruction/wp-content/et-cache/625 HTTP/1.1" 200 13289 hawk-cs.com "-" "Mozilla/5.0 AppleWebKit/537.36 (KHTML, like Gecko; compatible; Amazonbot/0.1; +https://developer.amazon.com/support/amazonbot) Chrome/119.0.6045.214 Safari/537.36" "-"
2a03:2880:f800:: - - [22/Mar/2026:00:26:43 -0400] "GET /shop/arkose/arborical021916689400.html?path=/homepages/29 HTTP/1.1" 200 86132 hawk-cs.com "-" "meta-externalagent/1.1 (+https://developers.facebook.com/docs/sharing/webmasters/crawler)" "-"
66.249.64.0 - - [22/Mar/2026:00:26:46 -0400] "GET /shop/capitularly/highmettled153142604323.html HTTP/1.1" 200 214528 hawk-cs.com "-" "Mozilla/5.0 (Linux; Android 6.0.1; Nexus 5X Build/MMB29P) AppleWebKit/537.36 (KHTML, like Gecko) Chrome/145.0.7632.159 Mobile Safari/537.36 (compatible; Googlebot/2.1; +http://www.google.com/bot.html)" "-"
54.163.136.0 - - [22/Mar/2026:00:26:47 -0400] "GET /wp-json/wp/v2/categories/1?path=/homepages/38/d1014936368/htdocs/clickandbuilds/HawkConstruction/wp-content/et-cache/3371 HTTP/1.1" 200 13291 hawk-cs.com "-" "Mozilla/5.0 AppleWebKit/537.36 (KHTML, like Gecko; compatible; Amazonbot/0.1; +https://developer.amazon.com/support/amazonbot) Chrome/119.0.6045.214 Safari/537.36" "-"
216.73.216.0 - - [22/Mar/2026:00:26:47 -0400] "GET /shop/boronic/delsarte02127440066.html?fileloc=%2Fhomepages%2F38%2Fd1014936368%2Fhtdocs%2Fclickandbuilds%2FHawkConstruction%2Fwp-includes%2Fms-site.php&path=%2Fhomepages%2F38%2Fd1014936368%2Fhtdocs%2Fclickandbuilds%2FHawkConstruction%2Fwp-includes HTTP/1.1" 429 267 hawk-cs.com "-" "Mozilla/5.0 AppleWebKit/537.36 (KHTML, like Gecko; compatible; ClaudeBot/1.0; +claudebot@anthropic.com)" "-"
66.249.64.0 - - [22/Mar/2026:00:26:50 -0400] "GET /shop/enhancer/unabridged041103734329.html HTTP/1.1" 200 214187 hawk-cs.com "-" "Mozilla/5.0 (Linux; Android 6.0.1; Nexus 5X Build/MMB29P) AppleWebKit/537.36 (KHTML, like Gecko) Chrome/145.0.7632.159 Mobile Safari/537.36 (compatible; Googlebot/2.1; +http://www.google.com/bot.html)" "-"
74.7.243.0 - - [22/Mar/2026:00:26:50 -0400] "GET /shop/baldness/supernotatus064283002944.html HTTP/1.1" 200 76933 hawk-cs.com "https://hawk-cs.com/sitemap-sub-2034.xml" "Mozilla/5.0 AppleWebKit/537.36 (KHTML, like Gecko; compatible; GPTBot/1.3; +https://openai.com/gptbot)" "-"
2a03:2880:f800:: - - [22/Mar/2026:00:26:50 -0400] "GET /shop/superpartient/nucleolus02800361749.html?path=/homepages/38/d1014500537 HTTP/1.1" 200 31472 hawk-cs.com "-" "meta-externalagent/1.1 (+https://developers.facebook.com/docs/sharing/webmasters/crawler)" "-"
54.90.244.0 - - [22/Mar/2026:00:26:51 -0400] "GET /wp-json/wp/v2/categories/1?path=/homepages/38/d1014936368/htdocs/clickandbuilds/HawkConstruction/wp-content/et-cache/6069 HTTP/1.1" 200 13291 hawk-cs.com "-" "Mozilla/5.0 AppleWebKit/537.36 (KHTML, like Gecko; compatible; Amazonbot/0.1; +https://developer.amazon.com/support/amazonbot) Chrome/119.0.6045.214 Safari/537.36" "-"
216.73.216.0 - - [22/Mar/2026:00:26:52 -0400] "GET /shop/mohegans/floridanus02386307196.html?fileloc=%2Fhomepages%2F38%2Fd1014936368%2Fhtdocs%2Fclickandbuilds%2FHawkConstruction%2Fwp-includes%2Fclass-wp-duotone.php&path=%2Fhomepages%2F38%2Fd1014936368%2Fhtdocs%2Fclickandbuilds%2FHawkConstruction%2Fwp-includes HTTP/1.1" 429 267 hawk-cs.com "-" "Mozilla/5.0 AppleWebKit/537.36 (KHTML, like Gecko; compatible; ClaudeBot/1.0; +claudebot@anthropic.com)" "-"
66.249.64.0 - - [22/Mar/2026:00:26:54 -0400] "GET /shop/incharitable/humbling051565988131.html HTTP/1.1" 200 238215 hawk-cs.com "-" "Mozilla/5.0 (Linux; Android 6.0.1; Nexus 5X Build/MMB29P) AppleWebKit/537.36 (KHTML, like Gecko) Chrome/145.0.7632.159 Mobile Safari/537.36 (compatible; Googlebot/2.1; +http://www.google.com/bot.html)" "-"
34.226.89.0 - - [22/Mar/2026:00:26:54 -0400] "GET /?fileloc=/homepages/38/d1014936368/htdocs/clickandbuilds/HawkConstruction/wp-includes/class-wp-recovery-mode.php&path=/homepages/38/d1014936368/htdocs/clickandbuilds/HawkConstruction/wp-includes HTTP/1.1" 200 24395 hawk-cs.com "-" "Mozilla/5.0 AppleWebKit/537.36 (KHTML, like Gecko; compatible; Amazonbot/0.1; +https://developer.amazon.com/support/amazonbot) Chrome/119.0.6045.214 Safari/537.36" "-"
54.39.6.0 - - [22/Mar/2026:00:26:55 -0400] "GET /certified-winning-odds-youll-love-%E2%98%91%EF%B8%8F-liverpool-%F0%9F%8E%A2/ HTTP/1.1" 200 76933 hawk-cs.com "-" "Mozilla/5.0 (compatible; AhrefsBot/7.0; +http://ahrefs.com/robot/)" "-"
2a03:2880:f800:: - - [22/Mar/2026:00:26:56 -0400] "GET /shop/islamic/beaucatcher023162431806.html?path=/homepages/29 HTTP/1.1" 200 86132 hawk-cs.com "-" "meta-externalagent/1.1 (+https://developers.facebook.com/docs/sharing/webmasters/crawler)" "-"
216.73.216.0 - - [22/Mar/2026:00:26:57 -0400] "GET /shop/hertz/stomatode024218385092.html?fileloc=%2Fhomepages%2F38%2Fd1014936368%2Fhtdocs%2Fclickandbuilds%2FHawkConstruction%2Fwp-comments-post.php&path=%2Fhomepages%2F38%2Fd1014936368%2Fhtdocs%2Fclickandbuilds%2FHawkConstruction HTTP/1.1" 429 267 hawk-cs.com "-" "Mozilla/5.0 AppleWebKit/537.36 (KHTML, like Gecko; compatible; ClaudeBot/1.0; +claudebot@anthropic.com)" "-"
66.249.64.0 - - [22/Mar/2026:00:26:58 -0400] "GET /shop/biliousness/cashier053289822742.html HTTP/1.1" 200 218968 hawk-cs.com "-" "Mozilla/5.0 (Linux; Android 6.0.1; Nexus 5X Build/MMB29P) AppleWebKit/537.36 (KHTML, like Gecko) Chrome/145.0.7632.159 Mobile Safari/537.36 (compatible; Googlebot/2.1; +http://www.google.com/bot.html)" "-"
44.218.170.0 - - [22/Mar/2026:00:26:59 -0400] "GET /wp-json/wp/v2/categories/1?path=/homepages/38/d1014936368/htdocs/clickandbuilds/HawkConstruction/wp-content/et-cache/3325 HTTP/1.1" 200 13291 hawk-cs.com "-" "Mozilla/5.0 AppleWebKit/537.36 (KHTML, like Gecko; compatible; Amazonbot/0.1; +https://developer.amazon.com/support/amazonbot) Chrome/119.0.6045.214 Safari/537.36" "-"
216.73.216.0 - - [22/Mar/2026:00:27:02 -0400] "GET /shop/impersonification/improper022035228130.html?fileloc=%2Fhomepages%2F38%2Fd1014936368%2Fhtdocs%2Fclickandbuilds%2FHawkConstruction%2Fwp-config.php&path=%2Fhomepages%2F38%2Fd1014936368%2Fhtdocs%2Fclickandbuilds%2FHawkConstruction HTTP/1.1" 429 267 hawk-cs.com "-" "Mozilla/5.0 AppleWebKit/537.36 (KHTML, like Gecko; compatible; ClaudeBot/1.0; +claudebot@anthropic.com)" "-"
2a03:2880:f800:: - - [22/Mar/2026:00:27:02 -0400] "GET /shop/icositetrahedron/fossorial022811317100.html?path=/homepages/lnk HTTP/1.1" 200 12654 hawk-cs.com "-" "meta-externalagent/1.1 (+https://developers.facebook.com/docs/sharing/webmasters/crawler)" "-"
113.187.93.0 - - [22/Mar/2026:00:27:03 -0400] "GET /contracting-services/?path=/homepages/38/d1014936368/htdocs/clickandbuilds/HawkConstruction HTTP/1.1" 200 76933 hawk-cs.com "-" "Mozilla/5.0 (Windows; U; Windows NT 5.2; en-US) AppleWebKit/532.1 (KHTML, like Gecko) Chrome/4.0.219.5 Safari/532.1" "-"
98.84.200.0 - - [22/Mar/2026:00:27:04 -0400] "GET /wp-json/wp/v2/categories/1?path=/homepages/38/d1014936368/htdocs/clickandbuilds/HawkConstruction/wp-content/et-cache/4171 HTTP/1.1" 200 13291 hawk-cs.com "-" "Mozilla/5.0 AppleWebKit/537.36 (KHTML, like Gecko; compatible; Amazonbot/0.1; +https://developer.amazon.com/support/amazonbot) Chrome/119.0.6045.214 Safari/537.36" "-"
66.249.64.0 - - [22/Mar/2026:00:27:06 -0400] "GET /shop/glutted/shield001867935845.html HTTP/1.1" 200 214067 hawk-cs.com "-" "Mozilla/5.0 (Linux; Android 6.0.1; Nexus 5X Build/MMB29P) AppleWebKit/537.36 (KHTML, like Gecko) Chrome/145.0.7632.159 Mobile Safari/537.36 (compatible; Googlebot/2.1; +http://www.google.com/bot.html)" "-"
52.54.249.0 - - [22/Mar/2026:00:27:07 -0400] "GET /wp-json/wp/v2/categories/1?path=/homepages/38/d1014936368/htdocs/clickandbuilds/HawkConstruction/wp-content/et-cache/4765 HTTP/1.1" 200 13291 hawk-cs.com "-" "Mozilla/5.0 AppleWebKit/537.36 (KHTML, like Gecko; compatible; Amazonbot/0.1; +https://developer.amazon.com/support/amazonbot) Chrome/119.0.6045.214 Safari/537.36" "-"
216.73.216.0 - - [22/Mar/2026:00:27:07 -0400] "GET /shop/inexpectedness/rumper02853917681.html?fileloc=%2Fhomepages%2F38%2Fd1014936368%2Fhtdocs%2Fclickandbuilds%2FHawkConstruction%2Fwp-includes%2Fclass-avif-info.php&path=%2Fhomepages%2F38%2Fd1014936368%2Fhtdocs%2Fclickandbuilds%2FHawkConstruction%2Fwp-includes HTTP/1.1" 429 267 hawk-cs.com "-" "Mozilla/5.0 AppleWebKit/537.36 (KHTML, like Gecko; compatible; ClaudeBot/1.0; +claudebot@anthropic.com)" "-"
2a03:2880:f800:: - - [22/Mar/2026:00:27:08 -0400] "GET /shop/dryrub/telegraphone02328983841.html?path=//kunden HTTP/1.1" 200 45072 hawk-cs.com "-" "meta-externalagent/1.1 (+https://developers.facebook.com/docs/sharing/webmasters/crawler)" "-"
66.249.64.0 - - [22/Mar/2026:00:27:10 -0400] "GET /shop/persistent/plying09356923686.html HTTP/1.1" 200 216983 hawk-cs.com "-" "Mozilla/5.0 (Linux; Android 6.0.1; Nexus 5X Build/MMB29P) AppleWebKit/537.36 (KHTML, like Gecko) Chrome/145.0.7632.159 Mobile Safari/537.36 (compatible; Googlebot/2.1; +http://www.google.com/bot.html)" "-"
34.194.233.0 - - [22/Mar/2026:00:27:10 -0400] "GET /wp-json/wp/v2/categories/1?path=/homepages/38/d1014936368/htdocs/clickandbuilds/HawkConstruction/wp-content/et-cache/3330 HTTP/1.1" 200 13291 hawk-cs.com "-" "Mozilla/5.0 AppleWebKit/537.36 (KHTML, like Gecko; compatible; Amazonbot/0.1; +https://developer.amazon.com/support/amazonbot) Chrome/119.0.6045.214 Safari/537.36" "-"
216.73.216.0 - - [22/Mar/2026:00:27:12 -0400] "GET /shop/caterwauling/adipolytic021528887374.html?fileloc=%2Fhomepages%2F38%2Fd1014936368%2Fhtdocs%2Fclickandbuilds%2FHawkConstruction%2Fwp-comments-post.php&path=%2Fhomepages%2F38%2Fd1014936368%2Fhtdocs%2Fclickandbuilds%2FHawkConstruction HTTP/1.1" 429 267 hawk-cs.com "-" "Mozilla/5.0 AppleWebKit/537.36 (KHTML, like Gecko; compatible; ClaudeBot/1.0; +claudebot@anthropic.com)" "-"
2a03:2880:f800:: - - [22/Mar/2026:00:27:13 -0400] "GET /shop/eupione/brainwashing022736849892.html?path=/ HTTP/1.1" 200 44504 hawk-cs.com "-" "meta-externalagent/1.1 (+https://developers.facebook.com/docs/sharing/webmasters/crawler)" "-"
66.249.64.0 - - [22/Mar/2026:00:27:14 -0400] "GET /shop/decomposite/glistening092659012910.html HTTP/1.1" 200 213343 hawk-cs.com "-" "Mozilla/5.0 (Linux; Android 6.0.1; Nexus 5X Build/MMB29P) AppleWebKit/537.36 (KHTML, like Gecko) Chrome/145.0.7632.159 Mobile Safari/537.36 (compatible; Googlebot/2.1; +http://www.google.com/bot.html)" "-"
3.232.82.0 - - [22/Mar/2026:00:27:15 -0400] "GET /?path=/homepages/38/d1014936368/htdocs/clickandbuilds/HawkConstruction/wp-content/jetpack-waf HTTP/1.1" 200 20046 hawk-cs.com "-" "Mozilla/5.0 AppleWebKit/537.36 (KHTML, like Gecko; compatible; Amazonbot/0.1; +https://developer.amazon.com/support/amazonbot) Chrome/119.0.6045.214 Safari/537.36" "-"
216.73.216.0 - - [22/Mar/2026:00:27:17 -0400] "GET /shop/doryphoros/roaringly021407058189.html?fileloc=%2Fhomepages%2F38%2Fd1014936368%2Fhtdocs%2Fclickandbuilds%2FHawkConstruction%2Fxmlrpc.php&path=%2Fhomepages%2F38%2Fd1014936368%2Fhtdocs%2Fclickandbuilds%2FHawkConstruction HTTP/1.1" 429 267 hawk-cs.com "-" "Mozilla/5.0 AppleWebKit/537.36 (KHTML, like Gecko; compatible; ClaudeBot/1.0; +claudebot@anthropic.com)" "-"
66.249.64.0 - - [22/Mar/2026:00:27:18 -0400] "GET /shop/churning/winze01997918966.html HTTP/1.1" 200 221047 hawk-cs.com "-" "Mozilla/5.0 (Linux; Android 6.0.1; Nexus 5X Build/MMB29P) AppleWebKit/537.36 (KHTML, like Gecko) Chrome/145.0.7632.159 Mobile Safari/537.36 (compatible; Googlebot/2.1; +http://www.google.com/bot.html)" "-"
2a03:2880:f800:: - - [22/Mar/2026:00:27:18 -0400] "GET /shop/gladiate/terebrant00554769591.html?path=/homepages/2 HTTP/1.1" 200 87290 hawk-cs.com "-" "meta-externalagent/1.1 (+https://developers.facebook.com/docs/sharing/webmasters/crawler)" "-"
184.73.195.0 - - [22/Mar/2026:00:27:19 -0400] "GET /wp-json/wp/v2/categories/1?path=/homepages/38/d1014936368/htdocs/clickandbuilds/HawkConstruction/wp-content/et-cache/2949 HTTP/1.1" 200 13291 hawk-cs.com "-" "Mozilla/5.0 AppleWebKit/537.36 (KHTML, like Gecko; compatible; Amazonbot/0.1; +https://developer.amazon.com/support/amazonbot) Chrome/119.0.6045.214 Safari/537.36" "-"
66.249.64.0 - - [22/Mar/2026:00:27:22 -0400] "GET /shop/inadequateness/liableness152801110612.html HTTP/1.1" 200 225407 hawk-cs.com "-" "Mozilla/5.0 (Linux; Android 6.0.1; Nexus 5X Build/MMB29P) AppleWebKit/537.36 (KHTML, like Gecko) Chrome/145.0.7632.159 Mobile Safari/537.36 (compatible; Googlebot/2.1; +http://www.google.com/bot.html)" "-"
216.73.216.0 - - [22/Mar/2026:00:27:22 -0400] "GET /shop/wheresoever/musciform023259380546.html?fileloc=%2Fhomepages%2F38%2Fd1014936368%2Fhtdocs%2Fclickandbuilds%2FHawkConstruction%2Fwp-admin%2Fprofile.php&path=%2Fhomepages%2F38%2Fd1014936368%2Fhtdocs%2Fclickandbuilds%2FHawkConstruction%2Fwp-admin HTTP/1.1" 429 267 hawk-cs.com "-" "Mozilla/5.0 AppleWebKit/537.36 (KHTML, like Gecko; compatible; ClaudeBot/1.0; +claudebot@anthropic.com)" "-"
2a03:2880:f800:: - - [22/Mar/2026:00:27:23 -0400] "GET /shop/miscibility/hepatocele021133608528.html?path=/homepages/38 HTTP/1.1" 200 82124 hawk-cs.com "-" "meta-externalagent/1.1 (+https://developers.facebook.com/docs/sharing/webmasters/crawler)" "-"
3.229.95.0 - - [22/Mar/2026:00:27:23 -0400] "GET /wp-json/wp/v2/categories/1?path=/homepages/38/d1014936368/htdocs/clickandbuilds/HawkConstruction/wp-content/et-cache/3019 HTTP/1.1" 200 13291 hawk-cs.com "-" "Mozilla/5.0 AppleWebKit/537.36 (KHTML, like Gecko; compatible; Amazonbot/0.1; +https://developer.amazon.com/support/amazonbot) Chrome/119.0.6045.214 Safari/537.36" "-"
66.249.64.0 - - [22/Mar/2026:00:27:26 -0400] "GET /shop/rerefief/eupepsia03424831412.html HTTP/1.1" 200 224178 hawk-cs.com "-" "Mozilla/5.0 (Linux; Android 6.0.1; Nexus 5X Build/MMB29P) AppleWebKit/537.36 (KHTML, like Gecko) Chrome/145.0.7632.159 Mobile Safari/537.36 (compatible; Googlebot/2.1; +http://www.google.com/bot.html)" "-"
34.206.193.0 - - [22/Mar/2026:00:27:27 -0400] "GET /wp-json/wp/v2/categories/1?path=/homepages/38/d1014936368/htdocs/clickandbuilds/HawkConstruction/wp-content/et-cache/1293 HTTP/1.1" 200 13291 hawk-cs.com "-" "Mozilla/5.0 AppleWebKit/537.36 (KHTML, like Gecko; compatible; Amazonbot/0.1; +https://developer.amazon.com/support/amazonbot) Chrome/119.0.6045.214 Safari/537.36" "-"
216.73.216.0 - - [22/Mar/2026:00:27:27 -0400] "GET /shop/handmaid/moderatrix023284997213.html?fileloc=%2Fhomepages%2F38%2Fd1014936368%2Fhtdocs%2Fclickandbuilds%2FHawkConstruction%2Fwp-includes%2Fclass-avif-info.php&path=%2Fhomepages%2F38%2Fd1014936368%2Fhtdocs%2Fclickandbuilds%2FHawkConstruction%2Fwp-includes HTTP/1.1" 429 267 hawk-cs.com "-" "Mozilla/5.0 AppleWebKit/537.36 (KHTML, like Gecko; compatible; ClaudeBot/1.0; +claudebot@anthropic.com)" "-"
2a03:2880:f800:: - - [22/Mar/2026:00:27:27 -0400] "GET /shop/annealer/grasping02652607099.html?path=/homepages/38/d1016164901 HTTP/1.1" 200 29998 hawk-cs.com "-" "meta-externalagent/1.1 (+https://developers.facebook.com/docs/sharing/webmasters/crawler)" "-"
66.249.64.0 - - [22/Mar/2026:00:27:30 -0400] "GET /shop/suffrutescent/legibly062260459469.html HTTP/1.1" 200 206218 hawk-cs.com "-" "Mozilla/5.0 (Linux; Android 6.0.1; Nexus 5X Build/MMB29P) AppleWebKit/537.36 (KHTML, like Gecko) Chrome/145.0.7632.159 Mobile Safari/537.36 (compatible; Googlebot/2.1; +http://www.google.com/bot.html)" "-"
207.46.13.0 - - [22/Mar/2026:00:27:30 -0400] "GET /shop/abietene/infuscation171407412596.html HTTP/1.1" 200 212594 hawk-cs.com "-" "Mozilla/5.0 AppleWebKit/537.36 (KHTML, like Gecko; compatible; bingbot/2.0; +http://www.bing.com/bingbot.htm) Chrome/116.0.1938.76 Safari/537.36" "-"
2a03:2880:f800:: - - [22/Mar/2026:00:27:31 -0400] "GET /shop/conducible/urosteons023078409299.html?path=/homepages/38/d1014539453 HTTP/1.1" 429 267 hawk-cs.com "-" "meta-externalagent/1.1 (+https://developers.facebook.com/docs/sharing/webmasters/crawler)" "-"
3.227.180.0 - - [22/Mar/2026:00:27:31 -0400] "GET /wp-json/wp/v2/categories/1?path=/homepages/38/d1014936368/htdocs/clickandbuilds/HawkConstruction/wp-content/et-cache/6074 HTTP/1.1" 200 13291 hawk-cs.com "-" "Mozilla/5.0 AppleWebKit/537.36 (KHTML, like Gecko; compatible; Amazonbot/0.1; +https://developer.amazon.com/support/amazonbot) Chrome/119.0.6045.214 Safari/537.36" "-"
216.73.216.0 - - [22/Mar/2026:00:27:32 -0400] "GET /shop/elephantine/consecrated021679237378.html?fileloc=%2Fhomepages%2F38%2Fd1014936368%2Fhtdocs%2Fclickandbuilds%2FHawkConstruction%2Fwp-mail.php&path=%2Fhomepages%2F38%2Fd1014936368%2Fhtdocs%2Fclickandbuilds%2FHawkConstruction HTTP/1.1" 429 267 hawk-cs.com "-" "Mozilla/5.0 AppleWebKit/537.36 (KHTML, like Gecko; compatible; ClaudeBot/1.0; +claudebot@anthropic.com)" "-"
54.84.250.0 - - [22/Mar/2026:00:27:33 -0400] "GET /wp-json/wp/v2/categories/1?path=/homepages/38/d1014936368/htdocs/clickandbuilds/HawkConstruction/wp-content/et-cache/3960 HTTP/1.1" 200 13291 hawk-cs.com "-" "Mozilla/5.0 AppleWebKit/537.36 (KHTML, like Gecko; compatible; Amazonbot/0.1; +https://developer.amazon.com/support/amazonbot) Chrome/119.0.6045.214 Safari/537.36" "-"
2a03:2880:f800:: - - [22/Mar/2026:00:27:36 -0400] "GET /shop/photog/alabastra001764736537.html?path=/homepages/13 HTTP/1.1" 429 267 hawk-cs.com "-" "meta-externalagent/1.1 (+https://developers.facebook.com/docs/sharing/webmasters/crawler)" "-"
2a03:2880:f800:: - - [22/Mar/2026:00:27:36 -0400] "GET /shop/filius/defacement002372383181.html?path=/homepages/22 HTTP/1.1" 429 267 hawk-cs.com "-" "meta-externalagent/1.1 (+https://developers.facebook.com/docs/sharing/webmasters/crawler)" "-"
216.73.216.0 - - [22/Mar/2026:00:27:37 -0400] "GET /shop/semantic/homologically022450898652.html?fileloc=%2Fhomepages%2F38%2Fd1014936368%2Fhtdocs%2Fclickandbuilds%2FHawkConstruction%2Fwp-config-sample.php&path=%2Fhomepages%2F38%2Fd1014936368%2Fhtdocs%2Fclickandbuilds%2FHawkConstruction HTTP/1.1" 429 267 hawk-cs.com "-" "Mozilla/5.0 AppleWebKit/537.36 (KHTML, like Gecko; compatible; ClaudeBot/1.0; +claudebot@anthropic.com)" "-"
66.249.64.0 - - [22/Mar/2026:00:27:38 -0400] "GET /shop/lurid/fusty09179736365.html HTTP/1.1" 200 213596 hawk-cs.com "-" "Mozilla/5.0 (Linux; Android 6.0.1; Nexus 5X Build/MMB29P) AppleWebKit/537.36 (KHTML, like Gecko) Chrome/145.0.7632.159 Mobile Safari/537.36 (compatible; Googlebot/2.1; +http://www.google.com/bot.html)" "-"
52.2.58.0 - - [22/Mar/2026:00:27:38 -0400] "GET /wp-json/wp/v2/categories/1?path=/homepages/38/d1014936368/htdocs/clickandbuilds/HawkConstruction/wp-content/et-cache/1701 HTTP/1.1" 200 22350 hawk-cs.com "-" "Mozilla/5.0 AppleWebKit/537.36 (KHTML, like Gecko; compatible; Amazonbot/0.1; +https://developer.amazon.com/support/amazonbot) Chrome/119.0.6045.214 Safari/537.36" "-"
2a03:2880:f800:: - - [22/Mar/2026:00:27:41 -0400] "GET /shop/gladiate/terebrant00554769591.html?path=/homepages/38/d1014780234 HTTP/1.1" 429 267 hawk-cs.com "-" "meta-externalagent/1.1 (+https://developers.facebook.com/docs/sharing/webmasters/crawler)" "-"
2a03:2880:f800:: - - [22/Mar/2026:00:27:42 -0400] "GET /shop/incumber/dashpot022646443133.html?path=/homepages/10 HTTP/1.1" 429 267 hawk-cs.com "-" "meta-externalagent/1.1 (+https://developers.facebook.com/docs/sharing/webmasters/crawler)" "-"
66.249.64.0 - - [22/Mar/2026:00:27:42 -0400] "GET /shop/rallidae/countermanding091929604519.html HTTP/1.1" 200 215108 hawk-cs.com "-" "Mozilla/5.0 (Linux; Android 6.0.1; Nexus 5X Build/MMB29P) AppleWebKit/537.36 (KHTML, like Gecko) Chrome/145.0.7632.159 Mobile Safari/537.36 (compatible; Googlebot/2.1; +http://www.google.com/bot.html)" "-"
216.73.216.0 - - [22/Mar/2026:00:27:42 -0400] "GET /shop/occultism/aterrimus02232395603.html?fileloc=%2Fhomepages%2F38%2Fd1014936368%2Fhtdocs%2Fclickandbuilds%2FHawkConstruction%2Fwp-includes%2Ftemplate-loader.php&path=%2Fhomepages%2F38%2Fd1014936368%2Fhtdocs%2Fclickandbuilds%2FHawkConstruction%2Fwp-includes HTTP/1.1" 429 267 hawk-cs.com "-" "Mozilla/5.0 AppleWebKit/537.36 (KHTML, like Gecko; compatible; ClaudeBot/1.0; +claudebot@anthropic.com)" "-"
2a03:2880:f800:: - - [22/Mar/2026:00:27:42 -0400] "GET /shop/principalities/convinced001718308739.html?path=/homepages/30 HTTP/1.1" 429 267 hawk-cs.com "-" "meta-externalagent/1.1 (+https://developers.facebook.com/docs/sharing/webmasters/crawler)" "-"
34.224.9.0 - - [22/Mar/2026:00:27:43 -0400] "GET /wp-json/wp/v2/categories/1?path=/homepages/38/d1014936368/htdocs/clickandbuilds/HawkConstruction/wp-content/et-cache/3446 HTTP/1.1" 200 13291 hawk-cs.com "-" "Mozilla/5.0 AppleWebKit/537.36 (KHTML, like Gecko; compatible; Amazonbot/0.1; +https://developer.amazon.com/support/amazonbot) Chrome/119.0.6045.214 Safari/537.36" "-"
66.249.64.0 - - [22/Mar/2026:00:27:44 -0400] "GET /shop/halfstaff/infeoff082070511050.html HTTP/1.1" 200 223756 hawk-cs.com "-" "Mozilla/5.0 (Linux; Android 6.0.1; Nexus 5X Build/MMB29P) AppleWebKit/537.36 (KHTML, like Gecko) Chrome/145.0.7632.159 Mobile Safari/537.36 (compatible; Googlebot/2.1; +http://www.google.com/bot.html)" "-"
66.249.64.0 - - [22/Mar/2026:00:27:46 -0400] "GET /shop/offpeak/irritability092655866502.html HTTP/1.1" 200 212816 hawk-cs.com "-" "Mozilla/5.0 (Linux; Android 6.0.1; Nexus 5X Build/MMB29P) AppleWebKit/537.36 (KHTML, like Gecko) Chrome/145.0.7632.159 Mobile Safari/537.36 (compatible; Googlebot/2.1; +http://www.google.com/bot.html)" "-"
74.7.243.0 - - [22/Mar/2026:00:27:47 -0400] "GET /shop/sureties/alleviatory062680973662.html HTTP/1.1" 429 267 hawk-cs.com "https://hawk-cs.com/sitemap-sub-2034.xml" "Mozilla/5.0 AppleWebKit/537.36 (KHTML, like Gecko; compatible; GPTBot/1.3; +https://openai.com/gptbot)" "-"
216.73.216.0 - - [22/Mar/2026:00:27:47 -0400] "GET /shop/perlidae/understanded023325685774.html?fileloc=%2Fhomepages%2F38%2Fd1014936368%2Fhtdocs%2Fclickandbuilds%2FHawkConstruction%2Fxmlrpc.php&path=%2Fhomepages%2F38%2Fd1014936368%2Fhtdocs%2Fclickandbuilds%2FHawkConstruction HTTP/1.1" 429 267 hawk-cs.com "-" "Mozilla/5.0 AppleWebKit/537.36 (KHTML, like Gecko; compatible; ClaudeBot/1.0; +claudebot@anthropic.com)" "-"
3.225.9.0 - - [22/Mar/2026:00:27:48 -0400] "GET /?fileloc=/homepages/38/d1014936368/htdocs/clickandbuilds/HawkConstruction/wp-includes/nav-menu-template.php&path=/homepages/38/d1014936368/htdocs/clickandbuilds/HawkConstruction/wp-includes HTTP/1.1" 200 39739 hawk-cs.com "-" "Mozilla/5.0 AppleWebKit/537.36 (KHTML, like Gecko; compatible; Amazonbot/0.1; +https://developer.amazon.com/support/amazonbot) Chrome/119.0.6045.214 Safari/537.36" "-"
2a03:2880:f800:: - - [22/Mar/2026:00:27:49 -0400] "GET /shop/panatela/contingency023392743583.html?path=/homepages HTTP/1.1" 429 267 hawk-cs.com "-" "meta-externalagent/1.1 (+https://developers.facebook.com/docs/sharing/webmasters/crawler)" "-"
66.249.64.0 - - [22/Mar/2026:00:27:50 -0400] "GET /shop/bankrupted/overskip103445319079.html HTTP/1.1" 200 214564 hawk-cs.com "-" "Mozilla/5.0 (Linux; Android 6.0.1; Nexus 5X Build/MMB29P) AppleWebKit/537.36 (KHTML, like Gecko) Chrome/145.0.7632.159 Mobile Safari/537.36 (compatible; Googlebot/2.1; +http://www.google.com/bot.html)" "-"
2a03:2880:f800:: - - [22/Mar/2026:00:27:50 -0400] "GET /shop/beleper/nosebag022008068020.html?path=/homepages/38/d1014936368/htdocs/clickandbuilds/HawkConstruction/adebwp HTTP/1.1" 429 267 hawk-cs.com "-" "meta-externalagent/1.1 (+https://developers.facebook.com/docs/sharing/webmasters/crawler)" "-"
34.235.239.0 - - [22/Mar/2026:00:27:50 -0400] "GET /wp-json/wp/v2/categories/1?path=/homepages/38/d1014936368/htdocs/clickandbuilds/HawkConstruction/wp-content/et-cache/1149 HTTP/1.1" 200 13291 hawk-cs.com "-" "Mozilla/5.0 AppleWebKit/537.36 (KHTML, like Gecko; compatible; Amazonbot/0.1; +https://developer.amazon.com/support/amazonbot) Chrome/119.0.6045.214 Safari/537.36" "-"
2a03:2880:f800:: - - [22/Mar/2026:00:27:51 -0400] "GET /shop/megaptera/interfulgent023532109625.html?path=/homepages/38/d1013185054 HTTP/1.1" 429 267 hawk-cs.com "-" "meta-externalagent/1.1 (+https://developers.facebook.com/docs/sharing/webmasters/crawler)" "-"
216.73.216.0 - - [22/Mar/2026:00:27:52 -0400] "GET /shop/polychromic/triplet022475612034.html?fileloc=%2Fhomepages%2F38%2Fd1014936368%2Fhtdocs%2Fclickandbuilds%2FHawkConstruction%2Fwp-comments-post.php&path=%2Fhomepages%2F38%2Fd1014936368%2Fhtdocs%2Fclickandbuilds%2FHawkConstruction HTTP/1.1" 429 267 hawk-cs.com "-" "Mozilla/5.0 AppleWebKit/537.36 (KHTML, like Gecko; compatible; ClaudeBot/1.0; +claudebot@anthropic.com)" "-"
66.249.64.0 - - [22/Mar/2026:00:27:54 -0400] "GET /shop/dizziness/unpleasantry002332120602.html HTTP/1.1" 200 209158 hawk-cs.com "-" "Mozilla/5.0 (Linux; Android 6.0.1; Nexus 5X Build/MMB29P) AppleWebKit/537.36 (KHTML, like Gecko) Chrome/145.0.7632.159 Mobile Safari/537.36 (compatible; Googlebot/2.1; +http://www.google.com/bot.html)" "-"
52.70.123.0 - - [22/Mar/2026:00:27:56 -0400] "GET /our-service-welcomes-you-7-days-a-week-north-america-grab-your-bonus/?path=/homepages/38/d1015588728 HTTP/1.1" 200 31472 hawk-cs.com "-" "Mozilla/5.0 AppleWebKit/537.36 (KHTML, like Gecko; compatible; Amazonbot/0.1; +https://developer.amazon.com/support/amazonbot) Chrome/119.0.6045.214 Safari/537.36" "-"
216.73.216.0 - - [22/Mar/2026:00:27:57 -0400] "GET /shop/scampered/fours02557930189.html?fileloc=%2Fhomepages%2F38%2Fd1014936368%2Fhtdocs%2Fclickandbuilds%2FHawkConstruction%2Fwp-cron.php&path=%2Fhomepages%2F38%2Fd1014936368%2Fhtdocs%2Fclickandbuilds%2FHawkConstruction HTTP/1.1" 429 267 hawk-cs.com "-" "Mozilla/5.0 AppleWebKit/537.36 (KHTML, like Gecko; compatible; ClaudeBot/1.0; +claudebot@anthropic.com)" "-"
100.29.128.0 - - [22/Mar/2026:00:27:58 -0400] "GET /wp-json/wp/v2/categories/1?path=/homepages/38/d1014936368/htdocs/clickandbuilds/HawkConstruction/wp-content/et-cache/5149 HTTP/1.1" 429 267 hawk-cs.com "-" "Mozilla/5.0 AppleWebKit/537.36 (KHTML, like Gecko; compatible; Amazonbot/0.1; +https://developer.amazon.com/support/amazonbot) Chrome/119.0.6045.214 Safari/537.36" "-"
66.249.64.0 - - [22/Mar/2026:00:27:58 -0400] "GET /shop/cribbiting/intertarsal15245653402.html HTTP/1.1" 200 206909 hawk-cs.com "-" "Mozilla/5.0 (Linux; Android 6.0.1; Nexus 5X Build/MMB29P) AppleWebKit/537.36 (KHTML, like Gecko) Chrome/145.0.7632.159 Mobile Safari/537.36 (compatible; Googlebot/2.1; +http://www.google.com/bot.html)" "-"
2a03:2880:f800:: - - [22/Mar/2026:00:28:00 -0400] "GET /shop/disciplinable/beggarly002688602703.html?path=/homepages/29 HTTP/1.1" 429 267 hawk-cs.com "-" "meta-externalagent/1.1 (+https://developers.facebook.com/docs/sharing/webmasters/crawler)" "-"
2a03:2880:f800:: - - [22/Mar/2026:00:28:02 -0400] "GET /shop/rhigolene/cavorelievo002711151479.html?path=/homepages/22 HTTP/1.1" 429 267 hawk-cs.com "-" "meta-externalagent/1.1 (+https://developers.facebook.com/docs/sharing/webmasters/crawler)" "-"
216.73.216.0 - - [22/Mar/2026:00:28:02 -0400] "GET /shop/tracker/taeniae022895604846.html?fileloc=%2Fhomepages%2F38%2Fd1014936368%2Fhtdocs%2Fclickandbuilds%2FHawkConstruction%2Fwp-cron.php&path=%2Fhomepages%2F38%2Fd1014936368%2Fhtdocs%2Fclickandbuilds%2FHawkConstruction HTTP/1.1" 429 267 hawk-cs.com "-" "Mozilla/5.0 AppleWebKit/537.36 (KHTML, like Gecko; compatible; ClaudeBot/1.0; +claudebot@anthropic.com)" "-"
66.249.64.0 - - [22/Mar/2026:00:28:02 -0400] "GET /shop/gadder/tectonics051009435978.html HTTP/1.1" 200 208795 hawk-cs.com "-" "Mozilla/5.0 (Linux; Android 6.0.1; Nexus 5X Build/MMB29P) AppleWebKit/537.36 (KHTML, like Gecko) Chrome/145.0.7632.159 Mobile Safari/537.36 (compatible; Googlebot/2.1; +http://www.google.com/bot.html)" "-"
107.22.208.0 - - [22/Mar/2026:00:28:03 -0400] "GET /wp-json/wp/v2/categories/1?path=/homepages/38/d1014936368/htdocs/clickandbuilds/HawkConstruction/wp-content/et-cache/4396 HTTP/1.1" 429 267 hawk-cs.com "-" "Mozilla/5.0 AppleWebKit/537.36 (KHTML, like Gecko; compatible; Amazonbot/0.1; +https://developer.amazon.com/support/amazonbot) Chrome/119.0.6045.214 Safari/537.36" "-"
2a03:2880:f800:: - - [22/Mar/2026:00:28:03 -0400] "GET /shop/chaetetes/galleyworm022538659735.html?path=/homepages/38/d1014936368/htdocs/clickandbuilds/HawkConstruction/.local HTTP/1.1" 429 267 hawk-cs.com "-" "meta-externalagent/1.1 (+https://developers.facebook.com/docs/sharing/webmasters/crawler)" "-"
2a03:2880:f800:: - - [22/Mar/2026:00:28:05 -0400] "GET /shop/verum/vesiculitis02486521017.html?path=/homepages/38/d1015169535 HTTP/1.1" 429 267 hawk-cs.com "-" "meta-externalagent/1.1 (+https://developers.facebook.com/docs/sharing/webmasters/crawler)" "-"
2a03:2880:f800:: - - [22/Mar/2026:00:28:06 -0400] "GET /shop/flashlight/noising022350933785.html?path=/homepages/38 HTTP/1.1" 429 267 hawk-cs.com "-" "meta-externalagent/1.1 (+https://developers.facebook.com/docs/sharing/webmasters/crawler)" "-"
66.249.64.0 - - [22/Mar/2026:00:28:06 -0400] "GET /shop/unexceptionableness/sulphite093338431723.html HTTP/1.1" 200 216297 hawk-cs.com "-" "Mozilla/5.0 (Linux; Android 6.0.1; Nexus 5X Build/MMB29P) AppleWebKit/537.36 (KHTML, like Gecko) Chrome/145.0.7632.159 Mobile Safari/537.36 (compatible; Googlebot/2.1; +http://www.google.com/bot.html)" "-"
3.232.82.0 - - [22/Mar/2026:00:28:07 -0400] "GET /wp-json/wp/v2/categories/1?path=/homepages/38/d1014936368/htdocs/clickandbuilds/HawkConstruction/wp-content/et-cache/3666 HTTP/1.1" 429 267 hawk-cs.com "-" "Mozilla/5.0 AppleWebKit/537.36 (KHTML, like Gecko; compatible; Amazonbot/0.1; +https://developer.amazon.com/support/amazonbot) Chrome/119.0.6045.214 Safari/537.36" "-"
216.73.216.0 - - [22/Mar/2026:00:28:07 -0400] "GET /shop/tropidine/fribbling011190212147.html?fileloc=%2Fhomepages%2F38%2Fd1014936368%2Fhtdocs%2Fclickandbuilds%2FHawkConstruction%2Fwp-admin%2Fphp.ini&path=%2Fhomepages%2F38%2Fd1014936368%2Fhtdocs%2Fclickandbuilds%2FHawkConstruction%2Fwp-admin HTTP/1.1" 429 267 hawk-cs.com "-" "Mozilla/5.0 AppleWebKit/537.36 (KHTML, like Gecko; compatible; ClaudeBot/1.0; +claudebot@anthropic.com)" "-"
2a03:2880:f800:: - - [22/Mar/2026:00:28:07 -0400] "GET /shop/siblings/homoplasty023126560260.html?path=/homepages/38/d1015155153 HTTP/1.1" 429 267 hawk-cs.com "-" "meta-externalagent/1.1 (+https://developers.facebook.com/docs/sharing/webmasters/crawler)" "-"
2a03:2880:f800:: - - [22/Mar/2026:00:28:10 -0400] "GET /shop/osteotome/greenling024266943483.html?path=/homepages/38/d1014936368/htdocs/clickandbuilds/HawkConstruction HTTP/1.1" 429 267 hawk-cs.com "-" "meta-externalagent/1.1 (+https://developers.facebook.com/docs/sharing/webmasters/crawler)" "-"
3.90.73.0 - - [22/Mar/2026:00:28:10 -0400] "GET /wp-json/wp/v2/categories/1?path=/homepages/38/d1014936368/htdocs/clickandbuilds/HawkConstruction/wp-content/et-cache/5502 HTTP/1.1" 429 267 hawk-cs.com "-" "Mozilla/5.0 AppleWebKit/537.36 (KHTML, like Gecko; compatible; Amazonbot/0.1; +https://developer.amazon.com/support/amazonbot) Chrome/119.0.6045.214 Safari/537.36" "-"
2a03:2880:f800:: - - [22/Mar/2026:00:28:11 -0400] "GET /shop/dureless/swounds024147702003.html?path=/homepages/38/d1014936368/htdocs/clickandbuilds/HawkConstruction/.metadata HTTP/1.1" 429 267 hawk-cs.com "-" "meta-externalagent/1.1 (+https://developers.facebook.com/docs/sharing/webmasters/crawler)" "-"
66.249.64.0 - - [22/Mar/2026:00:28:13 -0400] "GET /shop/turreted/leave001553794842.html HTTP/1.1" 200 196647 hawk-cs.com "-" "Mozilla/5.0 (Linux; Android 6.0.1; Nexus 5X Build/MMB29P) AppleWebKit/537.36 (KHTML, like Gecko) Chrome/145.0.7632.159 Mobile Safari/537.36 (compatible; Googlebot/2.1; +http://www.google.com/bot.html)" "-"
2a03:2880:f800:: - - [22/Mar/2026:00:28:14 -0400] "GET /shop/banat/thermotropism00638626360.html?path=//opt HTTP/1.1" 429 267 hawk-cs.com "-" "meta-externalagent/1.1 (+https://developers.facebook.com/docs/sharing/webmasters/crawler)" "-"
44.208.223.0 - - [22/Mar/2026:00:28:14 -0400] "GET /wp-json/wp/v2/categories/1?path=/homepages/38/d1014936368/htdocs/clickandbuilds/HawkConstruction/wp-content/et-cache/4022 HTTP/1.1" 429 267 hawk-cs.com "-" "Mozilla/5.0 AppleWebKit/537.36 (KHTML, like Gecko; compatible; Amazonbot/0.1; +https://developer.amazon.com/support/amazonbot) Chrome/119.0.6045.214 Safari/537.36" "-"
66.249.64.0 - - [22/Mar/2026:00:28:14 -0400] "GET /shop/subscribe/traps026394691.html HTTP/1.1" 200 204871 hawk-cs.com "-" "Mozilla/5.0 (Linux; Android 6.0.1; Nexus 5X Build/MMB29P) AppleWebKit/537.36 (KHTML, like Gecko) Chrome/145.0.7632.159 Mobile Safari/537.36 (compatible; Googlebot/2.1; +http://www.google.com/bot.html)" "-"
66.249.64.0 - - [22/Mar/2026:00:28:14 -0400] "GET /shop/undervaluer/chloranthus141501274634.html HTTP/1.1" 200 221216 hawk-cs.com "-" "Mozilla/5.0 (Linux; Android 6.0.1; Nexus 5X Build/MMB29P) AppleWebKit/537.36 (KHTML, like Gecko) Chrome/145.0.7632.159 Mobile Safari/537.36 (compatible; Googlebot/2.1; +http://www.google.com/bot.html)" "-"
2a03:2880:f800:: - - [22/Mar/2026:00:28:16 -0400] "GET /shop/cryptobranchiate/comfortress001123264086.html?path=/homepages/31 HTTP/1.1" 429 267 hawk-cs.com "-" "meta-externalagent/1.1 (+https://developers.facebook.com/docs/sharing/webmasters/crawler)" "-"
216.73.216.0 - - [22/Mar/2026:00:28:18 -0400] "GET /shop/caballo/pumps011334862774.html?fileloc=%2Fhomepages%2F38%2Fd1014936368%2Fhtdocs%2Fclickandbuilds%2FHawkConstruction%2Foptions.php&path=%2Fhomepages%2F38%2Fd1014936368%2Fhtdocs%2Fclickandbuilds%2FHawkConstruction HTTP/1.1" 429 267 hawk-cs.com "-" "Mozilla/5.0 AppleWebKit/537.36 (KHTML, like Gecko; compatible; ClaudeBot/1.0; +claudebot@anthropic.com)" "-"
52.45.77.0 - - [22/Mar/2026:00:28:18 -0400] "GET /wp-json/wp/v2/categories/1?path=/homepages/38/d1014936368/htdocs/clickandbuilds/HawkConstruction/wp-content/et-cache/4934 HTTP/1.1" 429 267 hawk-cs.com "-" "Mozilla/5.0 AppleWebKit/537.36 (KHTML, like Gecko; compatible; Amazonbot/0.1; +https://developer.amazon.com/support/amazonbot) Chrome/119.0.6045.214 Safari/537.36" "-"
216.73.216.0 - - [22/Mar/2026:00:28:18 -0400] "GET /shop/piratical/destiny012716409093.html?fileloc=%2Fhomepages%2F38%2Fd1014936368%2Fhtdocs%2Fclickandbuilds%2FHawkConstruction%2Fcopcu.php&path=%2Fhomepages%2F38%2Fd1014936368%2Fhtdocs%2Fclickandbuilds%2FHawkConstruction HTTP/1.1" 429 267 hawk-cs.com "-" "Mozilla/5.0 AppleWebKit/537.36 (KHTML, like Gecko; compatible; ClaudeBot/1.0; +claudebot@anthropic.com)" "-"
66.249.64.0 - - [22/Mar/2026:00:28:18 -0400] "GET /shop/nontoxic/grint154159948254.html HTTP/1.1" 200 218903 hawk-cs.com "-" "Mozilla/5.0 (Linux; Android 6.0.1; Nexus 5X Build/MMB29P) AppleWebKit/537.36 (KHTML, like Gecko) Chrome/145.0.7632.159 Mobile Safari/537.36 (compatible; Googlebot/2.1; +http://www.google.com/bot.html)" "-"
2a03:2880:f800:: - - [22/Mar/2026:00:28:19 -0400] "GET /shop/conic/duckbill021623949608.html?path=/homepages/38/d1014936368 HTTP/1.1" 429 267 hawk-cs.com "-" "meta-externalagent/1.1 (+https://developers.facebook.com/docs/sharing/webmasters/crawler)" "-"
