52.2.191.0 - - [22/Mar/2026:00:23:18 -0400] "GET /wp-json/wp/v2/categories/1?path=/homepages/38/d1014936368/htdocs/clickandbuilds/HawkConstruction/wp-content/et-cache/603 HTTP/1.1" 429 267 hawk-cs.com "-" "Mozilla/5.0 AppleWebKit/537.36 (KHTML, like Gecko; compatible; Amazonbot/0.1; +https://developer.amazon.com/support/amazonbot) Chrome/119.0.6045.214 Safari/537.36" "-"
66.249.64.0 - - [22/Mar/2026:00:23:20 -0400] "GET /shop/misanthropy/unconcernedness023894050049.html HTTP/1.1" 200 226437 hawk-cs.com "-" "Mozilla/5.0 (Linux; Android 6.0.1; Nexus 5X Build/MMB29P) AppleWebKit/537.36 (KHTML, like Gecko) Chrome/145.0.7632.159 Mobile Safari/537.36 (compatible; Googlebot/2.1; +http://www.google.com/bot.html)" "-"
2a03:2880:f800:: - - [22/Mar/2026:00:23:20 -0400] "GET /shop/lochan/herehence022681662090.html?path=/homepages/38/d1016322680 HTTP/1.1" 200 29998 hawk-cs.com "-" "meta-externalagent/1.1 (+https://developers.facebook.com/docs/sharing/webmasters/crawler)" "-"
66.249.64.0 - - [22/Mar/2026:00:23:20 -0400] "GET /shop/patrocinate/tamableness062840438788.html HTTP/1.1" 200 204377 hawk-cs.com "-" "Mozilla/5.0 (Linux; Android 6.0.1; Nexus 5X Build/MMB29P) AppleWebKit/537.36 (KHTML, like Gecko) Chrome/145.0.7632.159 Mobile Safari/537.36 (compatible; Googlebot/2.1; +http://www.google.com/bot.html)" "-"
216.73.216.0 - - [22/Mar/2026:00:23:21 -0400] "GET /shop/deified/scyphobranchii0271658332.html?fileloc=%2Fhomepages%2F38%2Fd1014936368%2Fhtdocs%2Fclickandbuilds%2FHawkConstruction%2Fwp-mail.php&path=%2Fhomepages%2F38%2Fd1014936368%2Fhtdocs%2Fclickandbuilds%2FHawkConstruction HTTP/1.1" 429 267 hawk-cs.com "-" "Mozilla/5.0 AppleWebKit/537.36 (KHTML, like Gecko; compatible; ClaudeBot/1.0; +claudebot@anthropic.com)" "-"
66.249.64.0 - - [22/Mar/2026:00:23:24 -0400] "GET /shop/ecbole/flagstaff08505672408.html HTTP/1.1" 200 219122 hawk-cs.com "-" "Mozilla/5.0 (Linux; Android 6.0.1; Nexus 5X Build/MMB29P) AppleWebKit/537.36 (KHTML, like Gecko) Chrome/145.0.7632.159 Mobile Safari/537.36 (compatible; Googlebot/2.1; +http://www.google.com/bot.html)" "-"
34.202.88.0 - - [22/Mar/2026:00:23:24 -0400] "GET /wp-json/wp/v2/categories/1?path=/homepages/38/d1014936368/htdocs/clickandbuilds/HawkConstruction/wp-content/et-cache/6121 HTTP/1.1" 429 267 hawk-cs.com "-" "Mozilla/5.0 AppleWebKit/537.36 (KHTML, like Gecko; compatible; Amazonbot/0.1; +https://developer.amazon.com/support/amazonbot) Chrome/119.0.6045.214 Safari/537.36" "-"
17.241.219.0 - - [22/Mar/2026:00:23:25 -0400] "GET /bester-schweizer-online-casino-gewinn-ohne-einzahlung/?path=/homepages/38/d1014936368 HTTP/1.1" 200 31472 hawk-cs.com "-" "Mozilla/5.0 (Macintosh; Intel Mac OS X 10_15_7) AppleWebKit/605.1.15 (KHTML, like Gecko) Version/17.4 Safari/605.1.15 (Applebot/0.1; +http://www.apple.com/go/applebot)" "-"
2a03:2880:f800:: - - [22/Mar/2026:00:23:25 -0400] "GET /shop/excelsum/tortion023638844447.html?path=/homepages/4 HTTP/1.1" 200 72635 hawk-cs.com "-" "meta-externalagent/1.1 (+https://developers.facebook.com/docs/sharing/webmasters/crawler)" "-"
216.73.216.0 - - [22/Mar/2026:00:23:26 -0400] "GET /shop/synchondrotomy/deflowered021617832226.html?fileloc=%2Fhomepages%2F38%2Fd1014936368%2Fhtdocs%2Fclickandbuilds%2FHawkConstruction%2Fwp-trackback.php&path=%2Fhomepages%2F38%2Fd1014936368%2Fhtdocs%2Fclickandbuilds%2FHawkConstruction HTTP/1.1" 429 267 hawk-cs.com "-" "Mozilla/5.0 AppleWebKit/537.36 (KHTML, like Gecko; compatible; ClaudeBot/1.0; +claudebot@anthropic.com)" "-"
52.70.123.0 - - [22/Mar/2026:00:23:27 -0400] "GET /wp-json/wp/v2/categories/1?path=/homepages/38/d1014936368/htdocs/clickandbuilds/HawkConstruction/wp-content/et-cache/5588 HTTP/1.1" 429 267 hawk-cs.com "-" "Mozilla/5.0 AppleWebKit/537.36 (KHTML, like Gecko; compatible; Amazonbot/0.1; +https://developer.amazon.com/support/amazonbot) Chrome/119.0.6045.214 Safari/537.36" "-"
66.249.64.0 - - [22/Mar/2026:00:23:28 -0400] "GET /shop/pseudepigraphy/meticulosity15151199876.html HTTP/1.1" 200 210429 hawk-cs.com "-" "Mozilla/5.0 (Linux; Android 6.0.1; Nexus 5X Build/MMB29P) AppleWebKit/537.36 (KHTML, like Gecko) Chrome/145.0.7632.159 Mobile Safari/537.36 (compatible; Googlebot/2.1; +http://www.google.com/bot.html)" "-"
2a03:2880:f800:: - - [22/Mar/2026:00:23:31 -0400] "GET /shop/provine/revive024031955359.html?path=/homepages/38/d1016602659 HTTP/1.1" 200 28508 hawk-cs.com "-" "meta-externalagent/1.1 (+https://developers.facebook.com/docs/sharing/webmasters/crawler)" "-"
216.73.216.0 - - [22/Mar/2026:00:23:31 -0400] "GET /shop/imitation/fissiparously021668837210.html?fileloc=%2Fhomepages%2F38%2Fd1014936368%2Fhtdocs%2Fclickandbuilds%2FHawkConstruction%2Fwp-cron.php&path=%2Fhomepages%2F38%2Fd1014936368%2Fhtdocs%2Fclickandbuilds%2FHawkConstruction HTTP/1.1" 429 267 hawk-cs.com "-" "Mozilla/5.0 AppleWebKit/537.36 (KHTML, like Gecko; compatible; ClaudeBot/1.0; +claudebot@anthropic.com)" "-"
66.249.64.0 - - [22/Mar/2026:00:23:32 -0400] "GET /shop/twirl/acrocinus124128925832.html HTTP/1.1" 200 212473 hawk-cs.com "-" "Mozilla/5.0 (Linux; Android 6.0.1; Nexus 5X Build/MMB29P) AppleWebKit/537.36 (KHTML, like Gecko) Chrome/145.0.7632.159 Mobile Safari/537.36 (compatible; Googlebot/2.1; +http://www.google.com/bot.html)" "-"
98.82.59.0 - - [22/Mar/2026:00:23:35 -0400] "GET /wp-json/wp/v2/categories/1?path=/homepages/38/d1014936368/htdocs/clickandbuilds/HawkConstruction/wp-content/et-cache/5558 HTTP/1.1" 429 267 hawk-cs.com "-" "Mozilla/5.0 AppleWebKit/537.36 (KHTML, like Gecko; compatible; Amazonbot/0.1; +https://developer.amazon.com/support/amazonbot) Chrome/119.0.6045.214 Safari/537.36" "-"
216.73.216.0 - - [22/Mar/2026:00:23:36 -0400] "GET /shop/selfconsciousness/flack022101824646.html?fileloc=%2Fhomepages%2F38%2Fd1014936368%2Fhtdocs%2Fclickandbuilds%2FHawkConstruction%2Fcopcu.php&path=%2Fhomepages%2F38%2Fd1014936368%2Fhtdocs%2Fclickandbuilds%2FHawkConstruction HTTP/1.1" 429 267 hawk-cs.com "-" "Mozilla/5.0 AppleWebKit/537.36 (KHTML, like Gecko; compatible; ClaudeBot/1.0; +claudebot@anthropic.com)" "-"
2a03:2880:f800:: - - [22/Mar/2026:00:23:36 -0400] "GET /shop/monopolizer/zoosporangium022045713406.html?path=//homepages HTTP/1.1" 200 79984 hawk-cs.com "-" "meta-externalagent/1.1 (+https://developers.facebook.com/docs/sharing/webmasters/crawler)" "-"
66.249.64.0 - - [22/Mar/2026:00:23:36 -0400] "GET /shop/ilicic/detainder15557271536.html HTTP/1.1" 200 223885 hawk-cs.com "-" "Mozilla/5.0 (Linux; Android 6.0.1; Nexus 5X Build/MMB29P) AppleWebKit/537.36 (KHTML, like Gecko) Chrome/145.0.7632.159 Mobile Safari/537.36 (compatible; Googlebot/2.1; +http://www.google.com/bot.html)" "-"
3.211.181.0 - - [22/Mar/2026:00:23:39 -0400] "GET /wp-json/wp/v2/categories/1?path=/homepages/38/d1014936368/htdocs/clickandbuilds/HawkConstruction/wp-content/et-cache/2660 HTTP/1.1" 429 267 hawk-cs.com "-" "Mozilla/5.0 AppleWebKit/537.36 (KHTML, like Gecko; compatible; Amazonbot/0.1; +https://developer.amazon.com/support/amazonbot) Chrome/119.0.6045.214 Safari/537.36" "-"
34.225.24.0 - - [22/Mar/2026:00:23:40 -0400] "GET /wp-json/wp/v2/categories/1?path=/homepages/38/d1014936368/htdocs/clickandbuilds/HawkConstruction/wp-content/et-cache/2849 HTTP/1.1" 429 267 hawk-cs.com "-" "Mozilla/5.0 AppleWebKit/537.36 (KHTML, like Gecko; compatible; Amazonbot/0.1; +https://developer.amazon.com/support/amazonbot) Chrome/119.0.6045.214 Safari/537.36" "-"
2a03:2880:f800:: - - [22/Mar/2026:00:23:40 -0400] "GET /shop/demogorgon/hopeless02284587292.html?fileloc=/homepages/38/d1014936368/htpasswd&path=/homepages/38/d1014936368 HTTP/1.1" 429 267 hawk-cs.com "-" "meta-externalagent/1.1 (+https://developers.facebook.com/docs/sharing/webmasters/crawler)" "-"
216.73.216.0 - - [22/Mar/2026:00:23:41 -0400] "GET /shop/jungermannia/acquisition022719155143.html?fileloc=%2Fhomepages%2F38%2Fd1014936368%2Fhtdocs%2Fclickandbuilds%2FHawkConstruction%2Fradio.php&path=%2Fhomepages%2F38%2Fd1014936368%2Fhtdocs%2Fclickandbuilds%2FHawkConstruction HTTP/1.1" 429 267 hawk-cs.com "-" "Mozilla/5.0 AppleWebKit/537.36 (KHTML, like Gecko; compatible; ClaudeBot/1.0; +claudebot@anthropic.com)" "-"
23.23.99.0 - - [22/Mar/2026:00:23:41 -0400] "GET /wp-json/wp/v2/categories/1?path=/homepages/38/d1014936368/htdocs/clickandbuilds/HawkConstruction/wp-content/et-cache/4839 HTTP/1.1" 429 267 hawk-cs.com "-" "Mozilla/5.0 AppleWebKit/537.36 (KHTML, like Gecko; compatible; Amazonbot/0.1; +https://developer.amazon.com/support/amazonbot) Chrome/119.0.6045.214 Safari/537.36" "-"
66.249.64.0 - - [22/Mar/2026:00:23:44 -0400] "GET /shop/grossular/redtailed031498351626.html HTTP/1.1" 200 239342 hawk-cs.com "-" "Mozilla/5.0 (Linux; Android 6.0.1; Nexus 5X Build/MMB29P) AppleWebKit/537.36 (KHTML, like Gecko) Chrome/145.0.7632.159 Mobile Safari/537.36 (compatible; Googlebot/2.1; +http://www.google.com/bot.html)" "-"
2a03:2880:f800:: - - [22/Mar/2026:00:23:45 -0400] "GET /shop/noisomeness/roseceae02774272745.html?path=/homepages/0 HTTP/1.1" 429 267 hawk-cs.com "-" "meta-externalagent/1.1 (+https://developers.facebook.com/docs/sharing/webmasters/crawler)" "-"
2a03:2880:f800:: - - [22/Mar/2026:00:23:46 -0400] "GET /shop/calvary/kopek021681928503.html?path=//home HTTP/1.1" 429 267 hawk-cs.com "-" "meta-externalagent/1.1 (+https://developers.facebook.com/docs/sharing/webmasters/crawler)" "-"
216.73.216.0 - - [22/Mar/2026:00:23:47 -0400] "GET /shop/aegrotat/charring022063299905.html?fileloc=%2Fhomepages%2F38%2Fd1014936368%2Fhtdocs%2Fclickandbuilds%2FHawkConstruction%2Fwp-settings.php&path=%2Fhomepages%2F38%2Fd1014936368%2Fhtdocs%2Fclickandbuilds%2FHawkConstruction HTTP/1.1" 429 267 hawk-cs.com "-" "Mozilla/5.0 AppleWebKit/537.36 (KHTML, like Gecko; compatible; ClaudeBot/1.0; +claudebot@anthropic.com)" "-"
54.91.122.0 - - [22/Mar/2026:00:23:47 -0400] "GET /wp-json/wp/v2/categories/1?path=/homepages/38/d1014936368/htdocs/clickandbuilds/HawkConstruction/wp-content/et-cache/4584 HTTP/1.1" 429 267 hawk-cs.com "-" "Mozilla/5.0 AppleWebKit/537.36 (KHTML, like Gecko; compatible; Amazonbot/0.1; +https://developer.amazon.com/support/amazonbot) Chrome/119.0.6045.214 Safari/537.36" "-"
66.249.64.0 - - [22/Mar/2026:00:23:48 -0400] "GET /shop/dunned/nitrogelatin03681591693.html HTTP/1.1" 200 216569 hawk-cs.com "-" "Mozilla/5.0 (Linux; Android 6.0.1; Nexus 5X Build/MMB29P) AppleWebKit/537.36 (KHTML, like Gecko) Chrome/145.0.7632.159 Mobile Safari/537.36 (compatible; Googlebot/2.1; +http://www.google.com/bot.html)" "-"
74.7.243.0 - - [22/Mar/2026:00:23:49 -0400] "GET /shop/lunitidal/sputtering061237326761.html HTTP/1.1" 200 76933 hawk-cs.com "https://hawk-cs.com/sitemap-sub-2034.xml" "Mozilla/5.0 AppleWebKit/537.36 (KHTML, like Gecko; compatible; GPTBot/1.3; +https://openai.com/gptbot)" "-"
2a03:2880:f800:: - - [22/Mar/2026:00:23:51 -0400] "GET /shop/hieracifolius/intrusive001322773645.html?path=//boot HTTP/1.1" 429 267 hawk-cs.com "-" "meta-externalagent/1.1 (+https://developers.facebook.com/docs/sharing/webmasters/crawler)" "-"
100.29.155.0 - - [22/Mar/2026:00:23:51 -0400] "GET /wp-json/wp/v2/categories/1?path=/homepages/38/d1014936368/htdocs/clickandbuilds/HawkConstruction/wp-content/et-cache/5512 HTTP/1.1" 429 267 hawk-cs.com "-" "Mozilla/5.0 AppleWebKit/537.36 (KHTML, like Gecko; compatible; Amazonbot/0.1; +https://developer.amazon.com/support/amazonbot) Chrome/119.0.6045.214 Safari/537.36" "-"
216.73.216.0 - - [22/Mar/2026:00:23:51 -0400] "GET /shop/cosmogonies/pyrogallol02845040420.html?fileloc=%2Fhomepages%2F38%2Fd1014936368%2Fhtdocs%2Fclickandbuilds%2FHawkConstruction%2Fwp-mail.php&path=%2Fhomepages%2F38%2Fd1014936368%2Fhtdocs%2Fclickandbuilds%2FHawkConstruction HTTP/1.1" 429 267 hawk-cs.com "-" "Mozilla/5.0 AppleWebKit/537.36 (KHTML, like Gecko; compatible; ClaudeBot/1.0; +claudebot@anthropic.com)" "-"
2a03:2880:f800:: - - [22/Mar/2026:00:23:52 -0400] "GET /shop/siblings/homoplasty023126560260.html?path=/homepages/38/d1013131192 HTTP/1.1" 429 267 hawk-cs.com "-" "meta-externalagent/1.1 (+https://developers.facebook.com/docs/sharing/webmasters/crawler)" "-"
66.249.64.0 - - [22/Mar/2026:00:23:52 -0400] "GET /shop/bakers/inceptively15896570268.html HTTP/1.1" 200 213788 hawk-cs.com "-" "Mozilla/5.0 (Linux; Android 6.0.1; Nexus 5X Build/MMB29P) AppleWebKit/537.36 (KHTML, like Gecko) Chrome/145.0.7632.159 Mobile Safari/537.36 (compatible; Googlebot/2.1; +http://www.google.com/bot.html)" "-"
2a03:2880:f800:: - - [22/Mar/2026:00:23:53 -0400] "GET /shop/flood/paroxysmal001738433333.html?path=/homepages/38/d1014010327 HTTP/1.1" 429 267 hawk-cs.com "-" "meta-externalagent/1.1 (+https://developers.facebook.com/docs/sharing/webmasters/crawler)" "-"
18.210.58.0 - - [22/Mar/2026:00:23:54 -0400] "GET /wp-json/wp/v2/categories/1?path=/homepages/38/d1014936368/htdocs/clickandbuilds/HawkConstruction/wp-content/et-cache/1008 HTTP/1.1" 429 267 hawk-cs.com "-" "Mozilla/5.0 AppleWebKit/537.36 (KHTML, like Gecko; compatible; Amazonbot/0.1; +https://developer.amazon.com/support/amazonbot) Chrome/119.0.6045.214 Safari/537.36" "-"
216.73.216.0 - - [22/Mar/2026:00:23:56 -0400] "GET /shop/jungermannia/acquisition022719155143.html?fileloc=%2Fhomepages%2F38%2Fd1014936368%2Fhtdocs%2Fclickandbuilds%2FHawkConstruction%2Fwp-links-opml.php&path=%2Fhomepages%2F38%2Fd1014936368%2Fhtdocs%2Fclickandbuilds%2FHawkConstruction HTTP/1.1" 429 267 hawk-cs.com "-" "Mozilla/5.0 AppleWebKit/537.36 (KHTML, like Gecko; compatible; ClaudeBot/1.0; +claudebot@anthropic.com)" "-"
66.249.64.0 - - [22/Mar/2026:00:23:56 -0400] "GET /shop/pignon/transmuter032539520381.html HTTP/1.1" 200 210474 hawk-cs.com "-" "Mozilla/5.0 (Linux; Android 6.0.1; Nexus 5X Build/MMB29P) AppleWebKit/537.36 (KHTML, like Gecko) Chrome/145.0.7632.159 Mobile Safari/537.36 (compatible; Googlebot/2.1; +http://www.google.com/bot.html)" "-"
54.152.163.0 - - [22/Mar/2026:00:23:58 -0400] "GET /wp-json/wp/v2/categories/1?path=/homepages/38/d1014936368/htdocs/clickandbuilds/HawkConstruction/wp-content/et-cache/1143 HTTP/1.1" 429 267 hawk-cs.com "-" "Mozilla/5.0 AppleWebKit/537.36 (KHTML, like Gecko; compatible; Amazonbot/0.1; +https://developer.amazon.com/support/amazonbot) Chrome/119.0.6045.214 Safari/537.36" "-"
2a03:2880:f800:: - - [22/Mar/2026:00:24:00 -0400] "GET /shop/scyphistomata/combustion02304270459.html?path=//boot HTTP/1.1" 429 267 hawk-cs.com "-" "meta-externalagent/1.1 (+https://developers.facebook.com/docs/sharing/webmasters/crawler)" "-"
66.249.64.0 - - [22/Mar/2026:00:24:00 -0400] "GET /shop/snottily/soutage13541778.html HTTP/1.1" 200 216240 hawk-cs.com "-" "Mozilla/5.0 (Linux; Android 6.0.1; Nexus 5X Build/MMB29P) AppleWebKit/537.36 (KHTML, like Gecko) Chrome/145.0.7632.159 Mobile Safari/537.36 (compatible; Googlebot/2.1; +http://www.google.com/bot.html)" "-"
114.119.149.0 - - [22/Mar/2026:00:24:01 -0400] "GET /shop/overready/esnecy053613195559.html HTTP/1.1" 200 76933 hawk-cs.com "https://hawk-cs.com/sitemap.xml" "Mozilla/5.0 (Linux; Android 7.0;) AppleWebKit/537.36 (KHTML, like Gecko) Mobile Safari/537.36 (compatible; PetalBot;+https://webmaster.petalsearch.com/site/petalbot)" "-"
216.73.216.0 - - [22/Mar/2026:00:24:01 -0400] "GET /shop/potentized/enneahedral013175535699.html?fileloc=%2Fhomepages%2F38%2Fd1014936368%2Fhtdocs%2Fclickandbuilds%2FHawkConstruction%2Freadme.html&path=%2Fhomepages%2F38%2Fd1014936368%2Fhtdocs%2Fclickandbuilds%2FHawkConstruction HTTP/1.1" 429 267 hawk-cs.com "-" "Mozilla/5.0 AppleWebKit/537.36 (KHTML, like Gecko; compatible; ClaudeBot/1.0; +claudebot@anthropic.com)" "-"
2a03:2880:f800:: - - [22/Mar/2026:00:24:01 -0400] "GET /shop/coranach/willingly021196570031.html?path=/homepages/38/d1012875371 HTTP/1.1" 429 267 hawk-cs.com "-" "meta-externalagent/1.1 (+https://developers.facebook.com/docs/sharing/webmasters/crawler)" "-"
2a03:2880:f800:: - - [22/Mar/2026:00:24:02 -0400] "GET /shop/hieracifolius/intrusive001322773645.html?path=/homepages/26 HTTP/1.1" 429 267 hawk-cs.com "-" "meta-externalagent/1.1 (+https://developers.facebook.com/docs/sharing/webmasters/crawler)" "-"
98.82.39.0 - - [22/Mar/2026:00:24:03 -0400] "GET /wp-json/wp/v2/categories/1?path=/homepages/38/d1014936368/htdocs/clickandbuilds/HawkConstruction/wp-content/et-cache/3467 HTTP/1.1" 429 267 hawk-cs.com "-" "Mozilla/5.0 AppleWebKit/537.36 (KHTML, like Gecko; compatible; Amazonbot/0.1; +https://developer.amazon.com/support/amazonbot) Chrome/119.0.6045.214 Safari/537.36" "-"
66.249.64.0 - - [22/Mar/2026:00:24:05 -0400] "GET /shop/macaca/stanchion00658220024.html HTTP/1.1" 200 218703 hawk-cs.com "-" "Mozilla/5.0 (Linux; Android 6.0.1; Nexus 5X Build/MMB29P) AppleWebKit/537.36 (KHTML, like Gecko) Chrome/145.0.7632.159 Mobile Safari/537.36 (compatible; Googlebot/2.1; +http://www.google.com/bot.html)" "-"
18.214.238.0 - - [22/Mar/2026:00:24:06 -0400] "GET /wp-json/wp/v2/categories/1?path=/homepages/38/d1014936368/htdocs/clickandbuilds/HawkConstruction/wp-content/et-cache/4804 HTTP/1.1" 429 267 hawk-cs.com "-" "Mozilla/5.0 AppleWebKit/537.36 (KHTML, like Gecko; compatible; Amazonbot/0.1; +https://developer.amazon.com/support/amazonbot) Chrome/119.0.6045.214 Safari/537.36" "-"
216.73.216.0 - - [22/Mar/2026:00:24:06 -0400] "GET /shop/corgi/segger02356313775.html?fileloc=%2Fhomepages%2F38%2Fd1014936368%2Fhtdocs%2Fclickandbuilds%2Fphp.ini&path=%2Fhomepages%2F38%2Fd1014936368%2Fhtdocs%2Fclickandbuilds HTTP/1.1" 429 267 hawk-cs.com "-" "Mozilla/5.0 AppleWebKit/537.36 (KHTML, like Gecko; compatible; ClaudeBot/1.0; +claudebot@anthropic.com)" "-"
66.249.64.0 - - [22/Mar/2026:00:24:09 -0400] "GET /shop/melasma/gynecological00432942964.html HTTP/1.1" 200 217284 hawk-cs.com "-" "Mozilla/5.0 (Linux; Android 6.0.1; Nexus 5X Build/MMB29P) AppleWebKit/537.36 (KHTML, like Gecko) Chrome/145.0.7632.159 Mobile Safari/537.36 (compatible; Googlebot/2.1; +http://www.google.com/bot.html)" "-"
216.73.216.0 - - [22/Mar/2026:00:24:11 -0400] "GET /shop/intermeddler/heppen021202354254.html?fileloc=%2Fhomepages%2F38%2Fd1014936368%2Fhtdocs%2Fclickandbuilds%2FHawkConstruction%2Fwp-settings.php&path=%2Fhomepages%2F38%2Fd1014936368%2Fhtdocs%2Fclickandbuilds%2FHawkConstruction HTTP/1.1" 429 267 hawk-cs.com "-" "Mozilla/5.0 AppleWebKit/537.36 (KHTML, like Gecko; compatible; ClaudeBot/1.0; +claudebot@anthropic.com)" "-"
2a03:2880:f800:: - - [22/Mar/2026:00:24:12 -0400] "GET /shop/emerson/camerzting0245403329.html?path=/homepages/38 HTTP/1.1" 429 267 hawk-cs.com "-" "meta-externalagent/1.1 (+https://developers.facebook.com/docs/sharing/webmasters/crawler)" "-"
52.203.65.0 - - [22/Mar/2026:00:24:13 -0400] "GET /wp-json/wp/v2/categories/1?path=/homepages/38/d1014936368/htdocs/clickandbuilds/HawkConstruction/wp-content/et-cache/5530 HTTP/1.1" 429 267 hawk-cs.com "-" "Mozilla/5.0 AppleWebKit/537.36 (KHTML, like Gecko; compatible; Amazonbot/0.1; +https://developer.amazon.com/support/amazonbot) Chrome/119.0.6045.214 Safari/537.36" "-"
44.210.213.0 - - [22/Mar/2026:00:24:14 -0400] "GET /wp-json/wp/v2/categories/1?path=/homepages/38/d1014936368/htdocs/clickandbuilds/HawkConstruction/wp-content/et-cache/4624 HTTP/1.1" 429 267 hawk-cs.com "-" "Mozilla/5.0 AppleWebKit/537.36 (KHTML, like Gecko; compatible; Amazonbot/0.1; +https://developer.amazon.com/support/amazonbot) Chrome/119.0.6045.214 Safari/537.36" "-"
2a03:2880:f800:: - - [22/Mar/2026:00:24:14 -0400] "GET /shop/lecherousness/matronal021535478013.html?path=/homepages/38/d1016257068 HTTP/1.1" 429 267 hawk-cs.com "-" "meta-externalagent/1.1 (+https://developers.facebook.com/docs/sharing/webmasters/crawler)" "-"
2a03:2880:f800:: - - [22/Mar/2026:00:24:15 -0400] "GET /shop/oratorious/gonangia022138911258.html?path=/homepages/38/d1014936368/htdocs/clickandbuilds/HawkConstruction/wp-includes HTTP/1.1" 429 267 hawk-cs.com "-" "meta-externalagent/1.1 (+https://developers.facebook.com/docs/sharing/webmasters/crawler)" "-"
216.73.216.0 - - [22/Mar/2026:00:24:16 -0400] "GET /shop/reprevable/ovula022563346425.html?fileloc=%2Fhomepages%2F38%2Fd1014936368%2Fhtdocs%2Fclickandbuilds%2FHawkConstruction%2Ftxets.php&path=%2Fhomepages%2F38%2Fd1014936368%2Fhtdocs%2Fclickandbuilds%2FHawkConstruction HTTP/1.1" 429 267 hawk-cs.com "-" "Mozilla/5.0 AppleWebKit/537.36 (KHTML, like Gecko; compatible; ClaudeBot/1.0; +claudebot@anthropic.com)" "-"
66.249.64.0 - - [22/Mar/2026:00:24:17 -0400] "GET /shop/patter/alternator07358359185.html HTTP/1.1" 200 212859 hawk-cs.com "-" "Mozilla/5.0 (Linux; Android 6.0.1; Nexus 5X Build/MMB29P) AppleWebKit/537.36 (KHTML, like Gecko) Chrome/145.0.7632.159 Mobile Safari/537.36 (compatible; Googlebot/2.1; +http://www.google.com/bot.html)" "-"
2a03:2880:f800:: - - [22/Mar/2026:00:24:17 -0400] "GET /shop/indivisible/titmouse023747414582.html?path=/homepages/38/d1014936368/htdocs/clickandbuilds/HawkConstruction/images HTTP/1.1" 429 267 hawk-cs.com "-" "meta-externalagent/1.1 (+https://developers.facebook.com/docs/sharing/webmasters/crawler)" "-"
2a03:2880:f800:: - - [22/Mar/2026:00:24:18 -0400] "GET /shop/iguanid/brusher022269239423.html?path=/homepages/27 HTTP/1.1" 429 267 hawk-cs.com "-" "meta-externalagent/1.1 (+https://developers.facebook.com/docs/sharing/webmasters/crawler)" "-"
52.5.242.0 - - [22/Mar/2026:00:24:20 -0400] "GET /wp-json/wp/v2/categories/1?path=/homepages/38/d1014936368/htdocs/clickandbuilds/HawkConstruction/wp-content/et-cache/6124 HTTP/1.1" 200 13291 hawk-cs.com "-" "Mozilla/5.0 AppleWebKit/537.36 (KHTML, like Gecko; compatible; Amazonbot/0.1; +https://developer.amazon.com/support/amazonbot) Chrome/119.0.6045.214 Safari/537.36" "-"
66.249.64.0 - - [22/Mar/2026:00:24:21 -0400] "GET /shop/anglicism/outland123843362549.html HTTP/1.1" 200 214474 hawk-cs.com "-" "Mozilla/5.0 (Linux; Android 6.0.1; Nexus 5X Build/MMB29P) AppleWebKit/537.36 (KHTML, like Gecko) Chrome/145.0.7632.159 Mobile Safari/537.36 (compatible; Googlebot/2.1; +http://www.google.com/bot.html)" "-"
216.73.216.0 - - [22/Mar/2026:00:24:21 -0400] "GET /shop/hertz/stomatode024218385092.html?fileloc=%2Fhomepages%2F38%2Fd1014936368%2Fhtdocs%2Fclickandbuilds%2FHawkConstruction%2Fwp-cron.php&path=%2Fhomepages%2F38%2Fd1014936368%2Fhtdocs%2Fclickandbuilds%2FHawkConstruction HTTP/1.1" 429 267 hawk-cs.com "-" "Mozilla/5.0 AppleWebKit/537.36 (KHTML, like Gecko; compatible; ClaudeBot/1.0; +claudebot@anthropic.com)" "-"
2a03:2880:f800:: - - [22/Mar/2026:00:24:22 -0400] "GET /shop/crescentwise/selvage022657997284.html?path=/homepages/38/d1014936368/htdocs/clickandbuilds/HawkConstruction/.local HTTP/1.1" 429 267 hawk-cs.com "-" "meta-externalagent/1.1 (+https://developers.facebook.com/docs/sharing/webmasters/crawler)" "-"
3.231.193.0 - - [22/Mar/2026:00:24:22 -0400] "GET /wp-json/wp/v2/categories/1?path=/homepages/38/d1014936368/htdocs/clickandbuilds/HawkConstruction/wp-content/et-cache/4317 HTTP/1.1" 200 13291 hawk-cs.com "-" "Mozilla/5.0 AppleWebKit/537.36 (KHTML, like Gecko; compatible; Amazonbot/0.1; +https://developer.amazon.com/support/amazonbot) Chrome/119.0.6045.214 Safari/537.36" "-"
66.249.64.0 - - [22/Mar/2026:00:24:25 -0400] "GET /shop/inflecting/heathenizing071743753296.html HTTP/1.1" 200 217781 hawk-cs.com "-" "Mozilla/5.0 (Linux; Android 6.0.1; Nexus 5X Build/MMB29P) AppleWebKit/537.36 (KHTML, like Gecko) Chrome/145.0.7632.159 Mobile Safari/537.36 (compatible; Googlebot/2.1; +http://www.google.com/bot.html)" "-"
2a03:2880:f800:: - - [22/Mar/2026:00:24:25 -0400] "GET /shop/coffea/integrable002444458556.html?path=/homepages/38/d1015169535 HTTP/1.1" 429 267 hawk-cs.com "-" "meta-externalagent/1.1 (+https://developers.facebook.com/docs/sharing/webmasters/crawler)" "-"
3.90.73.0 - - [22/Mar/2026:00:24:26 -0400] "GET /wp-json/wp/v2/categories/1?path=/homepages/38/d1014936368/htdocs/clickandbuilds/HawkConstruction/wp-content/et-cache/3267 HTTP/1.1" 200 13291 hawk-cs.com "-" "Mozilla/5.0 AppleWebKit/537.36 (KHTML, like Gecko; compatible; Amazonbot/0.1; +https://developer.amazon.com/support/amazonbot) Chrome/119.0.6045.214 Safari/537.36" "-"
216.73.216.0 - - [22/Mar/2026:00:24:26 -0400] "GET /shop/compressible/studding011253101901.html?fileloc=%2Fhomepages%2F38%2Fd1014936368%2Fhtdocs%2Fclickandbuilds%2FHawkConstruction%2Fradio.php&path=%2Fhomepages%2F38%2Fd1014936368%2Fhtdocs%2Fclickandbuilds%2FHawkConstruction HTTP/1.1" 429 267 hawk-cs.com "-" "Mozilla/5.0 AppleWebKit/537.36 (KHTML, like Gecko; compatible; ClaudeBot/1.0; +claudebot@anthropic.com)" "-"
66.249.64.0 - - [22/Mar/2026:00:24:29 -0400] "GET /shop/impoofoo/nodosarine12366212699.html HTTP/1.1" 200 205435 hawk-cs.com "-" "Mozilla/5.0 (Linux; Android 6.0.1; Nexus 5X Build/MMB29P) AppleWebKit/537.36 (KHTML, like Gecko) Chrome/145.0.7632.159 Mobile Safari/537.36 (compatible; Googlebot/2.1; +http://www.google.com/bot.html)" "-"
54.84.169.0 - - [22/Mar/2026:00:24:30 -0400] "GET /wp-json/wp/v2/categories/1?path=/homepages/38/d1014936368/htdocs/clickandbuilds/HawkConstruction/wp-content/et-cache/4034 HTTP/1.1" 200 13291 hawk-cs.com "-" "Mozilla/5.0 AppleWebKit/537.36 (KHTML, like Gecko; compatible; Amazonbot/0.1; +https://developer.amazon.com/support/amazonbot) Chrome/119.0.6045.214 Safari/537.36" "-"
216.73.216.0 - - [22/Mar/2026:00:24:31 -0400] "GET /shop/inkfish/splitting022290000548.html?fileloc=%2Fhomepages%2F38%2Fd1014936368%2Fhtdocs%2Fclickandbuilds%2FHawkConstruction%2Fcopcu.php&path=%2Fhomepages%2F38%2Fd1014936368%2Fhtdocs%2Fclickandbuilds%2FHawkConstruction HTTP/1.1" 429 267 hawk-cs.com "-" "Mozilla/5.0 AppleWebKit/537.36 (KHTML, like Gecko; compatible; ClaudeBot/1.0; +claudebot@anthropic.com)" "-"
66.249.64.0 - - [22/Mar/2026:00:24:33 -0400] "GET /shop/beneficialness/kinkhaust121872214991.html HTTP/1.1" 200 211386 hawk-cs.com "-" "Mozilla/5.0 (Linux; Android 6.0.1; Nexus 5X Build/MMB29P) AppleWebKit/537.36 (KHTML, like Gecko) Chrome/145.0.7632.159 Mobile Safari/537.36 (compatible; Googlebot/2.1; +http://www.google.com/bot.html)" "-"
54.88.84.0 - - [22/Mar/2026:00:24:35 -0400] "GET /wp-json/wp/v2/categories/1?path=/homepages/38/d1014936368/htdocs/clickandbuilds/HawkConstruction/wp-content/et-cache/4180 HTTP/1.1" 200 13291 hawk-cs.com "-" "Mozilla/5.0 AppleWebKit/537.36 (KHTML, like Gecko; compatible; Amazonbot/0.1; +https://developer.amazon.com/support/amazonbot) Chrome/119.0.6045.214 Safari/537.36" "-"
216.73.216.0 - - [22/Mar/2026:00:24:36 -0400] "GET /shop/deterge/chemung022873955775.html?fileloc=%2Fhomepages%2F38%2Fd1014936368%2Fhtdocs%2Fclickandbuilds%2FHawkConstruction%2Fwp-load.php&path=%2Fhomepages%2F38%2Fd1014936368%2Fhtdocs%2Fclickandbuilds%2FHawkConstruction HTTP/1.1" 429 267 hawk-cs.com "-" "Mozilla/5.0 AppleWebKit/537.36 (KHTML, like Gecko; compatible; ClaudeBot/1.0; +claudebot@anthropic.com)" "-"
66.249.64.0 - - [22/Mar/2026:00:24:37 -0400] "GET /shop/gobius/trachyspermous131618632979.html HTTP/1.1" 200 217811 hawk-cs.com "-" "Mozilla/5.0 (Linux; Android 6.0.1; Nexus 5X Build/MMB29P) AppleWebKit/537.36 (KHTML, like Gecko) Chrome/145.0.7632.159 Mobile Safari/537.36 (compatible; Googlebot/2.1; +http://www.google.com/bot.html)" "-"
66.249.64.0 - - [22/Mar/2026:00:24:38 -0400] "GET /shop/ischuretic/repercuss05633131480.html HTTP/1.1" 200 224462 hawk-cs.com "-" "Mozilla/5.0 (Linux; Android 6.0.1; Nexus 5X Build/MMB29P) AppleWebKit/537.36 (KHTML, like Gecko) Chrome/145.0.7632.159 Mobile Safari/537.36 (compatible; Googlebot/2.1; +http://www.google.com/bot.html)" "-"
18.215.112.0 - - [22/Mar/2026:00:24:39 -0400] "GET /wp-json/wp/v2/categories/1?path=/homepages/38/d1014936368/htdocs/clickandbuilds/HawkConstruction/wp-content/et-cache/5734 HTTP/1.1" 200 13291 hawk-cs.com "-" "Mozilla/5.0 AppleWebKit/537.36 (KHTML, like Gecko; compatible; Amazonbot/0.1; +https://developer.amazon.com/support/amazonbot) Chrome/119.0.6045.214 Safari/537.36" "-"
66.249.64.0 - - [22/Mar/2026:00:24:40 -0400] "GET /shop/shiftlessness/underlet071070890046.html HTTP/1.1" 200 211167 hawk-cs.com "-" "Mozilla/5.0 (Linux; Android 6.0.1; Nexus 5X Build/MMB29P) AppleWebKit/537.36 (KHTML, like Gecko) Chrome/145.0.7632.159 Mobile Safari/537.36 (compatible; Googlebot/2.1; +http://www.google.com/bot.html)" "-"
66.249.64.0 - - [22/Mar/2026:00:24:41 -0400] "GET /shop/victualis/ruralist121080946351.html HTTP/1.1" 200 211655 hawk-cs.com "-" "Mozilla/5.0 (Linux; Android 6.0.1; Nexus 5X Build/MMB29P) AppleWebKit/537.36 (KHTML, like Gecko) Chrome/145.0.7632.159 Mobile Safari/537.36 (compatible; Googlebot/2.1; +http://www.google.com/bot.html)" "-"
216.73.216.0 - - [22/Mar/2026:00:24:41 -0400] "GET /shop/trapdoor/sylvius013151042499.html?fileloc=%2Fhomepages%2F38%2Fd1014936368%2Fhtdocs%2Fclickandbuilds%2FHawkConstruction%2Fwp-activate.php&path=%2Fhomepages%2F38%2Fd1014936368%2Fhtdocs%2Fclickandbuilds%2FHawkConstruction HTTP/1.1" 429 267 hawk-cs.com "-" "Mozilla/5.0 AppleWebKit/537.36 (KHTML, like Gecko; compatible; ClaudeBot/1.0; +claudebot@anthropic.com)" "-"
2a03:2880:f800:: - - [22/Mar/2026:00:24:43 -0400] "GET /shop/fieldsman/pharisaism022733309696.html?path=/homepages/38/d1014376974 HTTP/1.1" 200 28508 hawk-cs.com "-" "meta-externalagent/1.1 (+https://developers.facebook.com/docs/sharing/webmasters/crawler)" "-"
54.163.136.0 - - [22/Mar/2026:00:24:44 -0400] "GET /wp-json/wp/v2/categories/1?path=/homepages/38/d1014936368/htdocs/clickandbuilds/HawkConstruction/wp-content/et-cache/1544 HTTP/1.1" 200 22350 hawk-cs.com "-" "Mozilla/5.0 AppleWebKit/537.36 (KHTML, like Gecko; compatible; Amazonbot/0.1; +https://developer.amazon.com/support/amazonbot) Chrome/119.0.6045.214 Safari/537.36" "-"
66.249.64.0 - - [22/Mar/2026:00:24:45 -0400] "GET /shop/halfpennies/platanus022782809634.html HTTP/1.1" 200 214802 hawk-cs.com "-" "Mozilla/5.0 (Linux; Android 6.0.1; Nexus 5X Build/MMB29P) AppleWebKit/537.36 (KHTML, like Gecko) Chrome/145.0.7632.159 Mobile Safari/537.36 (compatible; Googlebot/2.1; +http://www.google.com/bot.html)" "-"
216.73.216.0 - - [22/Mar/2026:00:24:46 -0400] "GET /shop/genip/reposer024184564052.html?fileloc=%2Fhomepages%2F38%2Fd1014936368%2Fhtdocs%2Fclickandbuilds%2FHawkConstruction%2Fwp-load.php&path=%2Fhomepages%2F38%2Fd1014936368%2Fhtdocs%2Fclickandbuilds%2FHawkConstruction HTTP/1.1" 429 267 hawk-cs.com "-" "Mozilla/5.0 AppleWebKit/537.36 (KHTML, like Gecko; compatible; ClaudeBot/1.0; +claudebot@anthropic.com)" "-"
2a03:2880:f800:: - - [22/Mar/2026:00:24:47 -0400] "GET /shop/bureaucracy/vernacularly021215466429.html?path=/homepages/38/d1014936368/htdocs/clickandbuilds/HawkConstruction/wp-includes HTTP/1.1" 200 494972 hawk-cs.com "-" "meta-externalagent/1.1 (+https://developers.facebook.com/docs/sharing/webmasters/crawler)" "-"
54.235.158.0 - - [22/Mar/2026:00:24:47 -0400] "GET /wp-json/wp/v2/categories/1?path=/homepages/38/d1014936368/htdocs/clickandbuilds/HawkConstruction/wp-content/et-cache/4778 HTTP/1.1" 200 13291 hawk-cs.com "-" "Mozilla/5.0 AppleWebKit/537.36 (KHTML, like Gecko; compatible; Amazonbot/0.1; +https://developer.amazon.com/support/amazonbot) Chrome/119.0.6045.214 Safari/537.36" "-"
74.7.243.0 - - [22/Mar/2026:00:24:50 -0400] "GET /shop/anthrophyta/vibrograph063837785486.html HTTP/1.1" 429 267 hawk-cs.com "https://hawk-cs.com/sitemap-sub-2034.xml" "Mozilla/5.0 AppleWebKit/537.36 (KHTML, like Gecko; compatible; GPTBot/1.3; +https://openai.com/gptbot)" "-"
52.2.83.0 - - [22/Mar/2026:00:24:51 -0400] "GET /wp-json/wp/v2/categories/1?path=/homepages/38/d1014936368/htdocs/clickandbuilds/HawkConstruction/wp-content/et-cache/4080 HTTP/1.1" 200 22350 hawk-cs.com "-" "Mozilla/5.0 AppleWebKit/537.36 (KHTML, like Gecko; compatible; Amazonbot/0.1; +https://developer.amazon.com/support/amazonbot) Chrome/119.0.6045.214 Safari/537.36" "-"
216.73.216.0 - - [22/Mar/2026:00:24:51 -0400] "GET /shop/occultism/aterrimus02232395603.html?fileloc=%2Fhomepages%2F38%2Fd1014936368%2Fhtdocs%2Fclickandbuilds%2FHawkConstruction%2Fwp-includes%2Fmeta.php&path=%2Fhomepages%2F38%2Fd1014936368%2Fhtdocs%2Fclickandbuilds%2FHawkConstruction%2Fwp-includes HTTP/1.1" 429 267 hawk-cs.com "-" "Mozilla/5.0 AppleWebKit/537.36 (KHTML, like Gecko; compatible; ClaudeBot/1.0; +claudebot@anthropic.com)" "-"
66.249.64.0 - - [22/Mar/2026:00:24:53 -0400] "GET /shop/elephantiac/aengus131359379404.html HTTP/1.1" 200 211065 hawk-cs.com "-" "Mozilla/5.0 (Linux; Android 6.0.1; Nexus 5X Build/MMB29P) AppleWebKit/537.36 (KHTML, like Gecko) Chrome/145.0.7632.159 Mobile Safari/537.36 (compatible; Googlebot/2.1; +http://www.google.com/bot.html)" "-"
52.45.92.0 - - [22/Mar/2026:00:24:54 -0400] "GET /wp-json/wp/v2/categories/1?path=/homepages/38/d1014936368/htdocs/clickandbuilds/HawkConstruction/wp-content/et-cache/4361 HTTP/1.1" 200 13291 hawk-cs.com "-" "Mozilla/5.0 AppleWebKit/537.36 (KHTML, like Gecko; compatible; Amazonbot/0.1; +https://developer.amazon.com/support/amazonbot) Chrome/119.0.6045.214 Safari/537.36" "-"
216.73.216.0 - - [22/Mar/2026:00:24:56 -0400] "GET /shop/octonaphthene/misteaching02820768481.html?fileloc=%2Fhomepages%2F38%2Fd1014936368%2Fhtdocs%2Fclickandbuilds%2FHawkConstruction%2Ftxets.php&path=%2Fhomepages%2F38%2Fd1014936368%2Fhtdocs%2Fclickandbuilds%2FHawkConstruction HTTP/1.1" 429 267 hawk-cs.com "-" "Mozilla/5.0 AppleWebKit/537.36 (KHTML, like Gecko; compatible; ClaudeBot/1.0; +claudebot@anthropic.com)" "-"
66.249.64.0 - - [22/Mar/2026:00:24:57 -0400] "GET /shop/dubitative/necklet09990819766.html HTTP/1.1" 200 215784 hawk-cs.com "-" "Mozilla/5.0 (Linux; Android 6.0.1; Nexus 5X Build/MMB29P) AppleWebKit/537.36 (KHTML, like Gecko) Chrome/145.0.7632.159 Mobile Safari/537.36 (compatible; Googlebot/2.1; +http://www.google.com/bot.html)" "-"
66.249.64.0 - - [22/Mar/2026:00:24:57 -0400] "GET /shop/childbearing/siluroidei061680348211.html HTTP/1.1" 200 220181 hawk-cs.com "-" "Mozilla/5.0 (Linux; Android 6.0.1; Nexus 5X Build/MMB29P) AppleWebKit/537.36 (KHTML, like Gecko) Chrome/145.0.7632.159 Mobile Safari/537.36 (compatible; Googlebot/2.1; +http://www.google.com/bot.html)" "-"
54.156.55.0 - - [22/Mar/2026:00:24:58 -0400] "GET /wp-json/wp/v2/categories/1?path=/homepages/38/d1014936368/htdocs/clickandbuilds/HawkConstruction/wp-content/et-cache/1124 HTTP/1.1" 200 13291 hawk-cs.com "-" "Mozilla/5.0 AppleWebKit/537.36 (KHTML, like Gecko; compatible; Amazonbot/0.1; +https://developer.amazon.com/support/amazonbot) Chrome/119.0.6045.214 Safari/537.36" "-"
66.249.64.0 - - [22/Mar/2026:00:25:01 -0400] "GET /shop/feculency/identifiable142839605069.html HTTP/1.1" 200 208154 hawk-cs.com "-" "Mozilla/5.0 (Linux; Android 6.0.1; Nexus 5X Build/MMB29P) AppleWebKit/537.36 (KHTML, like Gecko) Chrome/145.0.7632.159 Mobile Safari/537.36 (compatible; Googlebot/2.1; +http://www.google.com/bot.html)" "-"
66.249.64.0 - - [22/Mar/2026:00:25:01 -0400] "GET /shop/psephotus/lemuridae023539132798.html HTTP/1.1" 200 208157 hawk-cs.com "-" "Mozilla/5.0 (Linux; Android 6.0.1; Nexus 5X Build/MMB29P) AppleWebKit/537.36 (KHTML, like Gecko) Chrome/145.0.7632.159 Mobile Safari/537.36 (compatible; Googlebot/2.1; +http://www.google.com/bot.html)" "-"
216.73.216.0 - - [22/Mar/2026:00:25:01 -0400] "GET /shop/godsib/sublimated02705612087.html?fileloc=%2Fhomepages%2F38%2Fd1014936368%2Fhtdocs%2Fclickandbuilds%2FHawkConstruction%2Fwp-settings.php&path=%2Fhomepages%2F38%2Fd1014936368%2Fhtdocs%2Fclickandbuilds%2FHawkConstruction HTTP/1.1" 429 267 hawk-cs.com "-" "Mozilla/5.0 AppleWebKit/537.36 (KHTML, like Gecko; compatible; ClaudeBot/1.0; +claudebot@anthropic.com)" "-"
3.209.174.0 - - [22/Mar/2026:00:25:02 -0400] "GET /wp-json/wp/v2/categories/1?path=/homepages/38/d1014936368/htdocs/clickandbuilds/HawkConstruction/wp-content/et-cache/1682 HTTP/1.1" 200 22350 hawk-cs.com "-" "Mozilla/5.0 AppleWebKit/537.36 (KHTML, like Gecko; compatible; Amazonbot/0.1; +https://developer.amazon.com/support/amazonbot) Chrome/119.0.6045.214 Safari/537.36" "-"
162.241.203.0 - - [22/Mar/2026:00:25:05 -0400] "GET /wp-login.php HTTP/1.1" 200 76933 hawk-cs.com "-" "Mozilla/5.0 (Macintosh; Intel Mac OS X 10_11_6) AppleWebKit/537.36 (KHTML, like Gecko) Chrome/67.0.3396.79 Safari/537.36" "-"
66.249.64.0 - - [22/Mar/2026:00:25:05 -0400] "GET /shop/clannish/ochymy131614336341.html HTTP/1.1" 200 214889 hawk-cs.com "-" "Mozilla/5.0 (Linux; Android 6.0.1; Nexus 5X Build/MMB29P) AppleWebKit/537.36 (KHTML, like Gecko) Chrome/145.0.7632.159 Mobile Safari/537.36 (compatible; Googlebot/2.1; +http://www.google.com/bot.html)" "-"
216.73.216.0 - - [22/Mar/2026:00:25:06 -0400] "GET /shop/polyadelphia/rhapsodize014129940598.html?fileloc=%2Fhomepages%2F38%2Fd1014936368%2Fhtdocs%2Fclickandbuilds%2FHawkConstruction%2Foptions.php&path=%2Fhomepages%2F38%2Fd1014936368%2Fhtdocs%2Fclickandbuilds%2FHawkConstruction HTTP/1.1" 429 267 hawk-cs.com "-" "Mozilla/5.0 AppleWebKit/537.36 (KHTML, like Gecko; compatible; ClaudeBot/1.0; +claudebot@anthropic.com)" "-"
34.227.234.0 - - [22/Mar/2026:00:25:06 -0400] "GET /wp-json/wp/v2/categories/1?path=/homepages/38/d1014936368/htdocs/clickandbuilds/HawkConstruction/wp-content/et-cache/5409 HTTP/1.1" 200 22350 hawk-cs.com "-" "Mozilla/5.0 AppleWebKit/537.36 (KHTML, like Gecko; compatible; Amazonbot/0.1; +https://developer.amazon.com/support/amazonbot) Chrome/119.0.6045.214 Safari/537.36" "-"
2a03:2880:f800:: - - [22/Mar/2026:00:25:07 -0400] "GET /shop/cytode/rectitis003872266445.html?path=/homepages/38/d1014500537 HTTP/1.1" 200 31472 hawk-cs.com "-" "meta-externalagent/1.1 (+https://developers.facebook.com/docs/sharing/webmasters/crawler)" "-"
66.249.64.0 - - [22/Mar/2026:00:25:09 -0400] "GET /shop/tucan/temperateness133112540024.html HTTP/1.1" 200 218715 hawk-cs.com "-" "Mozilla/5.0 (Linux; Android 6.0.1; Nexus 5X Build/MMB29P) AppleWebKit/537.36 (KHTML, like Gecko) Chrome/145.0.7632.159 Mobile Safari/537.36 (compatible; Googlebot/2.1; +http://www.google.com/bot.html)" "-"
3.216.13.0 - - [22/Mar/2026:00:25:10 -0400] "GET /wp-json/wp/v2/categories/1?path=/homepages/38/d1014936368/htdocs/clickandbuilds/HawkConstruction/wp-content/et-cache/1118 HTTP/1.1" 200 22350 hawk-cs.com "-" "Mozilla/5.0 AppleWebKit/537.36 (KHTML, like Gecko; compatible; Amazonbot/0.1; +https://developer.amazon.com/support/amazonbot) Chrome/119.0.6045.214 Safari/537.36" "-"
216.73.216.0 - - [22/Mar/2026:00:25:11 -0400] "GET /shop/incoercible/weaponry02500603832.html?fileloc=%2Fhomepages%2F38%2Fd1014936368%2Fhtdocs%2Fclickandbuilds%2FHawkConstruction%2Fwp-includes%2Ftheme-i18n.json&path=%2Fhomepages%2F38%2Fd1014936368%2Fhtdocs%2Fclickandbuilds%2FHawkConstruction%2Fwp-includes HTTP/1.1" 429 267 hawk-cs.com "-" "Mozilla/5.0 AppleWebKit/537.36 (KHTML, like Gecko; compatible; ClaudeBot/1.0; +claudebot@anthropic.com)" "-"
66.249.64.0 - - [22/Mar/2026:00:25:13 -0400] "GET /shop/glaucomys/darnel124137175700.html HTTP/1.1" 200 211879 hawk-cs.com "-" "Mozilla/5.0 (Linux; Android 6.0.1; Nexus 5X Build/MMB29P) AppleWebKit/537.36 (KHTML, like Gecko) Chrome/145.0.7632.159 Mobile Safari/537.36 (compatible; Googlebot/2.1; +http://www.google.com/bot.html)" "-"
3.212.219.0 - - [22/Mar/2026:00:25:14 -0400] "GET /wp-json/wp/v2/categories/1?path=/homepages/38/d1014936368/htdocs/clickandbuilds/HawkConstruction/wp-content/et-cache/1679 HTTP/1.1" 200 13291 hawk-cs.com "-" "Mozilla/5.0 AppleWebKit/537.36 (KHTML, like Gecko; compatible; Amazonbot/0.1; +https://developer.amazon.com/support/amazonbot) Chrome/119.0.6045.214 Safari/537.36" "-"
162.241.203.0 - - [22/Mar/2026:00:25:17 -0400] "POST /wp-login.php HTTP/1.1" 200 76933 hawk-cs.com "https://hawk-cs.com/wp-login.php" "Mozilla/5.0 (Macintosh; Intel Mac OS X 10_11_6) AppleWebKit/537.36 (KHTML, like Gecko) Chrome/67.0.3396.79 Safari/537.36" "-"
66.249.64.0 - - [22/Mar/2026:00:25:17 -0400] "GET /shop/hagriddenhagriddn/keynote052114455084.html HTTP/1.1" 200 220000 hawk-cs.com "-" "Mozilla/5.0 (Linux; Android 6.0.1; Nexus 5X Build/MMB29P) AppleWebKit/537.36 (KHTML, like Gecko) Chrome/145.0.7632.159 Mobile Safari/537.36 (compatible; Googlebot/2.1; +http://www.google.com/bot.html)" "-"
3.213.106.0 - - [22/Mar/2026:00:25:18 -0400] "GET /wp-json/wp/v2/categories/1?path=/homepages/38/d1014936368/htdocs/clickandbuilds/HawkConstruction/wp-content/et-cache/1054 HTTP/1.1" 200 13291 hawk-cs.com "-" "Mozilla/5.0 AppleWebKit/537.36 (KHTML, like Gecko; compatible; Amazonbot/0.1; +https://developer.amazon.com/support/amazonbot) Chrome/119.0.6045.214 Safari/537.36" "-"
216.73.216.0 - - [22/Mar/2026:00:25:20 -0400] "GET /shop/balaena/preprovide02887364997.html?fileloc=%2Fhomepages%2F38%2Fd1014936368%2Fhtdocs%2Fclickandbuilds%2FHawkConstruction%2Fgoods.php&path=%2Fhomepages%2F38%2Fd1014936368%2Fhtdocs%2Fclickandbuilds%2FHawkConstruction HTTP/1.1" 429 267 hawk-cs.com "-" "Mozilla/5.0 AppleWebKit/537.36 (KHTML, like Gecko; compatible; ClaudeBot/1.0; +claudebot@anthropic.com)" "-"
216.73.216.0 - - [22/Mar/2026:00:25:21 -0400] "GET /shop/greasier/connectedly032278443472.html?fileloc=%2Fhomepages%2F38%2Fd1014936368%2Fhtdocs%2Fclickandbuilds%2FHawkConstruction%2Fwp-cron.php&path=%2Fhomepages%2F38%2Fd1014936368%2Fhtdocs%2Fclickandbuilds%2FHawkConstruction HTTP/1.1" 429 267 hawk-cs.com "-" "Mozilla/5.0 AppleWebKit/537.36 (KHTML, like Gecko; compatible; ClaudeBot/1.0; +claudebot@anthropic.com)" "-"
100.29.160.0 - - [22/Mar/2026:00:25:22 -0400] "GET /wp-json/wp/v2/categories/1?path=/homepages/38/d1014936368/htdocs/clickandbuilds/HawkConstruction/wp-content/et-cache/3444 HTTP/1.1" 200 13291 hawk-cs.com "-" "Mozilla/5.0 AppleWebKit/537.36 (KHTML, like Gecko; compatible; Amazonbot/0.1; +https://developer.amazon.com/support/amazonbot) Chrome/119.0.6045.214 Safari/537.36" "-"
66.249.64.0 - - [22/Mar/2026:00:25:23 -0400] "GET /shop/demolisher/healthily12344747499.html HTTP/1.1" 200 212780 hawk-cs.com "-" "Mozilla/5.0 (Linux; Android 6.0.1; Nexus 5X Build/MMB29P) AppleWebKit/537.36 (KHTML, like Gecko) Chrome/145.0.7632.159 Mobile Safari/537.36 (compatible; Googlebot/2.1; +http://www.google.com/bot.html)" "-"
2a03:2880:f800:: - - [22/Mar/2026:00:25:23 -0400] "GET /shop/megaptera/interfulgent023532109625.html?path=/homepages/38/d1016172468 HTTP/1.1" 200 27010 hawk-cs.com "-" "meta-externalagent/1.1 (+https://developers.facebook.com/docs/sharing/webmasters/crawler)" "-"
66.249.64.0 - - [22/Mar/2026:00:25:25 -0400] "GET /shop/musingly/transportability112856265594.html HTTP/1.1" 200 211324 hawk-cs.com "-" "Mozilla/5.0 (Linux; Android 6.0.1; Nexus 5X Build/MMB29P) AppleWebKit/537.36 (KHTML, like Gecko) Chrome/145.0.7632.159 Mobile Safari/537.36 (compatible; Googlebot/2.1; +http://www.google.com/bot.html)" "-"
216.73.216.0 - - [22/Mar/2026:00:25:26 -0400] "GET /shop/guyle/rappel023421813344.html?fileloc=%2Fhomepages%2F38%2Fd1014936368%2Fhtdocs%2Fclickandbuilds%2FHawkConstruction%2Fclick.php&path=%2Fhomepages%2F38%2Fd1014936368%2Fhtdocs%2Fclickandbuilds%2FHawkConstruction HTTP/1.1" 429 267 hawk-cs.com "-" "Mozilla/5.0 AppleWebKit/537.36 (KHTML, like Gecko; compatible; ClaudeBot/1.0; +claudebot@anthropic.com)" "-"
66.249.64.0 - - [22/Mar/2026:00:25:29 -0400] "GET /shop/cryptogamia/puritan051861964960.html HTTP/1.1" 200 219952 hawk-cs.com "-" "Mozilla/5.0 (Linux; Android 6.0.1; Nexus 5X Build/MMB29P) AppleWebKit/537.36 (KHTML, like Gecko) Chrome/145.0.7632.159 Mobile Safari/537.36 (compatible; Googlebot/2.1; +http://www.google.com/bot.html)" "-"
44.223.232.0 - - [22/Mar/2026:00:25:29 -0400] "GET /wp-json/wp/v2/categories/1?path=/homepages/38/d1014936368/htdocs/clickandbuilds/HawkConstruction/wp-content/et-cache/2789 HTTP/1.1" 200 13291 hawk-cs.com "-" "Mozilla/5.0 AppleWebKit/537.36 (KHTML, like Gecko; compatible; Amazonbot/0.1; +https://developer.amazon.com/support/amazonbot) Chrome/119.0.6045.214 Safari/537.36" "-"
107.20.255.0 - - [22/Mar/2026:00:25:31 -0400] "GET /wp-json/wp/v2/categories/1?path=/homepages/38/d1014936368/htdocs/clickandbuilds/HawkConstruction/wp-content/et-cache/2426 HTTP/1.1" 200 13291 hawk-cs.com "-" "Mozilla/5.0 AppleWebKit/537.36 (KHTML, like Gecko; compatible; Amazonbot/0.1; +https://developer.amazon.com/support/amazonbot) Chrome/119.0.6045.214 Safari/537.36" "-"
216.73.216.0 - - [22/Mar/2026:00:25:31 -0400] "GET /shop/nervomuscular/inviolable021856360562.html?fileloc=%2Fhomepages%2F38%2Fd1014936368%2Fhtdocs%2Fclickandbuilds%2FHawkConstruction%2Ftxets.php&path=%2Fhomepages%2F38%2Fd1014936368%2Fhtdocs%2Fclickandbuilds%2FHawkConstruction HTTP/1.1" 429 267 hawk-cs.com "-" "Mozilla/5.0 AppleWebKit/537.36 (KHTML, like Gecko; compatible; ClaudeBot/1.0; +claudebot@anthropic.com)" "-"
66.249.64.0 - - [22/Mar/2026:00:25:33 -0400] "GET /shop/plutarchy/successfully064083271267.html HTTP/1.1" 200 219320 hawk-cs.com "-" "Mozilla/5.0 (Linux; Android 6.0.1; Nexus 5X Build/MMB29P) AppleWebKit/537.36 (KHTML, like Gecko) Chrome/145.0.7632.159 Mobile Safari/537.36 (compatible; Googlebot/2.1; +http://www.google.com/bot.html)" "-"
3.219.80.0 - - [22/Mar/2026:00:25:34 -0400] "GET /wp-json/wp/v2/categories/1?path=/homepages/38/d1014936368/htdocs/clickandbuilds/HawkConstruction/wp-content/et-cache/5812 HTTP/1.1" 200 13291 hawk-cs.com "-" "Mozilla/5.0 AppleWebKit/537.36 (KHTML, like Gecko; compatible; Amazonbot/0.1; +https://developer.amazon.com/support/amazonbot) Chrome/119.0.6045.214 Safari/537.36" "-"
216.73.216.0 - - [22/Mar/2026:00:25:36 -0400] "GET /shop/cravened/lapidific02397977676.html?fileloc=%2Fhomepages%2F38%2Fd1014936368%2Fhtdocs%2Fclickandbuilds%2FHawkConstruction%2Fcopcu.php&path=%2Fhomepages%2F38%2Fd1014936368%2Fhtdocs%2Fclickandbuilds%2FHawkConstruction HTTP/1.1" 429 267 hawk-cs.com "-" "Mozilla/5.0 AppleWebKit/537.36 (KHTML, like Gecko; compatible; ClaudeBot/1.0; +claudebot@anthropic.com)" "-"
66.249.64.0 - - [22/Mar/2026:00:25:37 -0400] "GET /shop/eddas/mulierose072506405699.html HTTP/1.1" 200 215192 hawk-cs.com "-" "Mozilla/5.0 (Linux; Android 6.0.1; Nexus 5X Build/MMB29P) AppleWebKit/537.36 (KHTML, like Gecko) Chrome/145.0.7632.159 Mobile Safari/537.36 (compatible; Googlebot/2.1; +http://www.google.com/bot.html)" "-"
66.249.64.0 - - [22/Mar/2026:00:25:38 -0400] "GET /shop/motorpathy/curculionideae154115584291.html HTTP/1.1" 200 211523 hawk-cs.com "-" "Mozilla/5.0 (Linux; Android 6.0.1; Nexus 5X Build/MMB29P) AppleWebKit/537.36 (KHTML, like Gecko) Chrome/145.0.7632.159 Mobile Safari/537.36 (compatible; Googlebot/2.1; +http://www.google.com/bot.html)" "-"
2a03:2880:f800:: - - [22/Mar/2026:00:25:38 -0400] "GET /shop/bodian/weekly00982123130.html?path=/homepages/38/d1013131192 HTTP/1.1" 200 31472 hawk-cs.com "-" "meta-externalagent/1.1 (+https://developers.facebook.com/docs/sharing/webmasters/crawler)" "-"
3.89.170.0 - - [22/Mar/2026:00:25:38 -0400] "GET /wp-json/wp/v2/categories/1?path=/homepages/38/d1014936368/htdocs/clickandbuilds/HawkConstruction/wp-content/et-cache/1978 HTTP/1.1" 429 267 hawk-cs.com "-" "Mozilla/5.0 AppleWebKit/537.36 (KHTML, like Gecko; compatible; Amazonbot/0.1; +https://developer.amazon.com/support/amazonbot) Chrome/119.0.6045.214 Safari/537.36" "-"
66.249.64.0 - - [22/Mar/2026:00:25:41 -0400] "GET /shop/fugaciousness/margarys042691439919.html HTTP/1.1" 200 212763 hawk-cs.com "-" "Mozilla/5.0 (Linux; Android 6.0.1; Nexus 5X Build/MMB29P) AppleWebKit/537.36 (KHTML, like Gecko) Chrome/145.0.7632.159 Mobile Safari/537.36 (compatible; Googlebot/2.1; +http://www.google.com/bot.html)" "-"
216.73.216.0 - - [22/Mar/2026:00:25:41 -0400] "GET /shop/affectedness/danubian021027119652.html?fileloc=%2Fhomepages%2F38%2Fd1014936368%2Fhtdocs%2Fclickandbuilds%2FHawkConstruction%2Fradio.php&path=%2Fhomepages%2F38%2Fd1014936368%2Fhtdocs%2Fclickandbuilds%2FHawkConstruction HTTP/1.1" 429 267 hawk-cs.com "-" "Mozilla/5.0 AppleWebKit/537.36 (KHTML, like Gecko; compatible; ClaudeBot/1.0; +claudebot@anthropic.com)" "-"
52.44.148.0 - - [22/Mar/2026:00:25:42 -0400] "GET /wp-json/wp/v2/categories/1?path=/homepages/38/d1014936368/htdocs/clickandbuilds/HawkConstruction/wp-content/et-cache/5060 HTTP/1.1" 429 267 hawk-cs.com "-" "Mozilla/5.0 AppleWebKit/537.36 (KHTML, like Gecko; compatible; Amazonbot/0.1; +https://developer.amazon.com/support/amazonbot) Chrome/119.0.6045.214 Safari/537.36" "-"
74.7.243.0 - - [22/Mar/2026:00:25:44 -0400] "GET /shop/cockerel/hyperlipemia061752266858.html HTTP/1.1" 200 76933 hawk-cs.com "https://hawk-cs.com/sitemap-sub-2034.xml" "Mozilla/5.0 AppleWebKit/537.36 (KHTML, like Gecko; compatible; GPTBot/1.3; +https://openai.com/gptbot)" "-"
66.249.64.0 - - [22/Mar/2026:00:25:45 -0400] "GET /shop/quadrifid/berthierite151127707221.html HTTP/1.1" 200 221414 hawk-cs.com "-" "Mozilla/5.0 (Linux; Android 6.0.1; Nexus 5X Build/MMB29P) AppleWebKit/537.36 (KHTML, like Gecko) Chrome/145.0.7632.159 Mobile Safari/537.36 (compatible; Googlebot/2.1; +http://www.google.com/bot.html)" "-"
216.73.216.0 - - [22/Mar/2026:00:25:46 -0400] "GET /shop/slacker/epipterygoid022061752941.html?fileloc=%2Fhomepages%2F38%2Fd1014936368%2Fhtdocs%2Fclickandbuilds%2FHawkConstruction%2Fbuy.php&path=%2Fhomepages%2F38%2Fd1014936368%2Fhtdocs%2Fclickandbuilds%2FHawkConstruction HTTP/1.1" 429 267 hawk-cs.com "-" "Mozilla/5.0 AppleWebKit/537.36 (KHTML, like Gecko; compatible; ClaudeBot/1.0; +claudebot@anthropic.com)" "-"
54.84.147.0 - - [22/Mar/2026:00:25:47 -0400] "GET /wp-json/wp/v2/categories/1?path=/homepages/38/d1014936368/htdocs/clickandbuilds/HawkConstruction/wp-content/et-cache/4078 HTTP/1.1" 429 267 hawk-cs.com "-" "Mozilla/5.0 AppleWebKit/537.36 (KHTML, like Gecko; compatible; Amazonbot/0.1; +https://developer.amazon.com/support/amazonbot) Chrome/119.0.6045.214 Safari/537.36" "-"
66.249.64.0 - - [22/Mar/2026:00:25:50 -0400] "GET /shop/swording/bifurcation14900935656.html HTTP/1.1" 200 220112 hawk-cs.com "-" "Mozilla/5.0 (Linux; Android 6.0.1; Nexus 5X Build/MMB29P) AppleWebKit/537.36 (KHTML, like Gecko) Chrome/145.0.7632.159 Mobile Safari/537.36 (compatible; Googlebot/2.1; +http://www.google.com/bot.html)" "-"
2a03:2880:f800:: - - [22/Mar/2026:00:25:50 -0400] "GET /shop/prompting/cheoplasty00676435253.html?path=/homepages/38/d1013076813 HTTP/1.1" 200 31472 hawk-cs.com "-" "meta-externalagent/1.1 (+https://developers.facebook.com/docs/sharing/webmasters/crawler)" "-"
66.249.64.0 - - [22/Mar/2026:00:25:51 -0400] "GET /shop/catostomus/counterchecked062230326870.html HTTP/1.1" 200 215259 hawk-cs.com "-" "Mozilla/5.0 (Linux; Android 6.0.1; Nexus 5X Build/MMB29P) AppleWebKit/537.36 (KHTML, like Gecko) Chrome/145.0.7632.159 Mobile Safari/537.36 (compatible; Googlebot/2.1; +http://www.google.com/bot.html)" "-"
