216.73.216.0 - - [22/Mar/2026:00:11:17 -0400] "GET /shop/jabberment/ileocaecal022786009729.html?path=%2Fhomepages%2F38%2Fd1014936368%2Fhtdocs%2Fclickandbuilds%2FHawkConstruction%2F.local HTTP/1.1" 429 267 hawk-cs.com "-" "Mozilla/5.0 AppleWebKit/537.36 (KHTML, like Gecko; compatible; ClaudeBot/1.0; +claudebot@anthropic.com)" "-"
54.147.182.0 - - [22/Mar/2026:00:11:17 -0400] "GET /discover-fantastic-worlds-asian-market-join-now/?fileloc=/homepages/38/d1014936368/htdocs/clickandbuilds/HawkConstruction/wp-includes/class-walker-category.php&path=/homepages/38/d1014936368/htdocs/clickandbuilds/HawkConstruction/wp-includes HTTP/1.1" 200 21575 hawk-cs.com "-" "Mozilla/5.0 AppleWebKit/537.36 (KHTML, like Gecko; compatible; Amazonbot/0.1; +https://developer.amazon.com/support/amazonbot) Chrome/119.0.6045.214 Safari/537.36" "-"
2a03:2880:f800:: - - [22/Mar/2026:00:11:18 -0400] "GET /shop/sexto/claim021085671751.html?path=/homepages/38/d1016415928 HTTP/1.1" 200 29998 hawk-cs.com "-" "meta-externalagent/1.1 (+https://developers.facebook.com/docs/sharing/webmasters/crawler)" "-"
114.119.151.0 - - [22/Mar/2026:00:11:18 -0400] "GET /shop/outgo/clansmen051997550336.html HTTP/1.1" 200 76933 hawk-cs.com "https://hawk-cs.com/sitemaps.xmlDisallow:%20*/cache/ionos-performance/" "Mozilla/5.0 (Linux; Android 7.0;) AppleWebKit/537.36 (KHTML, like Gecko) Mobile Safari/537.36 (compatible; PetalBot;+https://webmaster.petalsearch.com/site/petalbot)" "-"
54.85.109.0 - - [22/Mar/2026:00:11:21 -0400] "GET /our-service-welcomes-you-7-days-a-week-north-america-grab-your-bonus/?fileloc=/homepages/38/d1014936368/htdocs/clickandbuilds/HawkConstruction/wp-admin/comment.php&path=/homepages/38/d1014936368/htdocs/clickandbuilds/HawkConstruction/wp-admin HTTP/1.1" 200 25520 hawk-cs.com "-" "Mozilla/5.0 AppleWebKit/537.36 (KHTML, like Gecko; compatible; Amazonbot/0.1; +https://developer.amazon.com/support/amazonbot) Chrome/119.0.6045.214 Safari/537.36" "-"
216.73.216.0 - - [22/Mar/2026:00:11:22 -0400] "GET /shop/mohock/unboot012918533674.html?fileloc=%2Fhomepages%2F38%2Fd1014936368%2Fhtdocs%2Fclickandbuilds%2FHawkConstruction%2Fwp-config.php&path=%2Fhomepages%2F38%2Fd1014936368%2Fhtdocs%2Fclickandbuilds%2FHawkConstruction HTTP/1.1" 429 267 hawk-cs.com "-" "Mozilla/5.0 AppleWebKit/537.36 (KHTML, like Gecko; compatible; ClaudeBot/1.0; +claudebot@anthropic.com)" "-"
66.249.64.0 - - [22/Mar/2026:00:11:23 -0400] "GET /shop/chastisable/mistelling091866972759.html HTTP/1.1" 200 214504 hawk-cs.com "-" "Mozilla/5.0 (Linux; Android 6.0.1; Nexus 5X Build/MMB29P) AppleWebKit/537.36 (KHTML, like Gecko) Chrome/145.0.7632.159 Mobile Safari/537.36 (compatible; Googlebot/2.1; +http://www.google.com/bot.html)" "-"
66.249.64.0 - - [22/Mar/2026:00:11:25 -0400] "GET /shop/chimaera/teter07999593651.html HTTP/1.1" 200 216253 hawk-cs.com "-" "Mozilla/5.0 (Linux; Android 6.0.1; Nexus 5X Build/MMB29P) AppleWebKit/537.36 (KHTML, like Gecko) Chrome/145.0.7632.159 Mobile Safari/537.36 (compatible; Googlebot/2.1; +http://www.google.com/bot.html)" "-"
52.205.141.0 - - [22/Mar/2026:00:11:25 -0400] "GET /alive-principal-alternative-new-zealand-spin-to-win/?fileloc=/homepages/38/d1014936368/htdocs/clickandbuilds/HawkConstruction/wp-admin/js/tags-suggest.min.js&path=/homepages/38/d1014936368/htdocs/clickandbuilds/HawkConstruction/wp-admin/js HTTP/1.1" 200 15680 hawk-cs.com "-" "Mozilla/5.0 AppleWebKit/537.36 (KHTML, like Gecko; compatible; Amazonbot/0.1; +https://developer.amazon.com/support/amazonbot) Chrome/119.0.6045.214 Safari/537.36" "-"
66.249.64.0 - - [22/Mar/2026:00:11:28 -0400] "GET /shop/lumberjack/miscontinuance094203724468.html HTTP/1.1" 200 212236 hawk-cs.com "-" "Mozilla/5.0 (Linux; Android 6.0.1; Nexus 5X Build/MMB29P) AppleWebKit/537.36 (KHTML, like Gecko) Chrome/145.0.7632.159 Mobile Safari/537.36 (compatible; Googlebot/2.1; +http://www.google.com/bot.html)" "-"
216.73.216.0 - - [22/Mar/2026:00:11:28 -0400] "GET /shop/zoomorphism/bereavement031071973140.html?fileloc=%2Fhomepages%2F38%2Fd1014936368%2Fhtdocs%2Fclickandbuilds%2FHawkConstruction%2Fwp-config-sample.php&path=%2Fhomepages%2F38%2Fd1014936368%2Fhtdocs%2Fclickandbuilds%2FHawkConstruction HTTP/1.1" 429 267 hawk-cs.com "-" "Mozilla/5.0 AppleWebKit/537.36 (KHTML, like Gecko; compatible; ClaudeBot/1.0; +claudebot@anthropic.com)" "-"
3.224.104.0 - - [22/Mar/2026:00:11:29 -0400] "GET /category/uncategorized/page/3/?fileloc=/homepages/38/d1016172468/htaccesslist&path=/homepages/38/d1016172468 HTTP/1.1" 200 12319 hawk-cs.com "-" "Mozilla/5.0 AppleWebKit/537.36 (KHTML, like Gecko; compatible; Amazonbot/0.1; +https://developer.amazon.com/support/amazonbot) Chrome/119.0.6045.214 Safari/537.36" "-"
66.249.64.0 - - [22/Mar/2026:00:11:32 -0400] "GET /shop/mobocracy/brannew1166276996.html HTTP/1.1" 200 207428 hawk-cs.com "-" "Mozilla/5.0 (Linux; Android 6.0.1; Nexus 5X Build/MMB29P) AppleWebKit/537.36 (KHTML, like Gecko) Chrome/145.0.7632.159 Mobile Safari/537.36 (compatible; Googlebot/2.1; +http://www.google.com/bot.html)" "-"
216.73.216.0 - - [22/Mar/2026:00:11:33 -0400] "GET /shop/irreclaimable/papule022647660879.html?fileloc=%2Fhomepages%2F38%2Fd1014936368%2Fhtdocs%2Fclickandbuilds%2FHawkConstruction%2Fwp-comments-post.php&path=%2Fhomepages%2F38%2Fd1014936368%2Fhtdocs%2Fclickandbuilds%2FHawkConstruction HTTP/1.1" 429 267 hawk-cs.com "-" "Mozilla/5.0 AppleWebKit/537.36 (KHTML, like Gecko; compatible; ClaudeBot/1.0; +claudebot@anthropic.com)" "-"
44.223.232.0 - - [22/Mar/2026:00:11:33 -0400] "GET /category/uncategorized/page/3/?fileloc=/homepages/38/d1016172468/phpinilist&path=/homepages/38/d1016172468 HTTP/1.1" 200 12317 hawk-cs.com "-" "Mozilla/5.0 AppleWebKit/537.36 (KHTML, like Gecko; compatible; Amazonbot/0.1; +https://developer.amazon.com/support/amazonbot) Chrome/119.0.6045.214 Safari/537.36" "-"
66.249.64.0 - - [22/Mar/2026:00:11:36 -0400] "GET /shop/rascaldom/suberization132553974066.html HTTP/1.1" 200 217486 hawk-cs.com "-" "Mozilla/5.0 (Linux; Android 6.0.1; Nexus 5X Build/MMB29P) AppleWebKit/537.36 (KHTML, like Gecko) Chrome/145.0.7632.159 Mobile Safari/537.36 (compatible; Googlebot/2.1; +http://www.google.com/bot.html)" "-"
3.222.190.0 - - [22/Mar/2026:00:11:37 -0400] "GET /category/uncategorized/page/3/?fileloc=/homepages/38/d1014010327/DASTOOLSTART&path=/homepages/38/d1014010327 HTTP/1.1" 429 267 hawk-cs.com "-" "Mozilla/5.0 AppleWebKit/537.36 (KHTML, like Gecko; compatible; Amazonbot/0.1; +https://developer.amazon.com/support/amazonbot) Chrome/119.0.6045.214 Safari/537.36" "-"
216.73.216.0 - - [22/Mar/2026:00:11:38 -0400] "GET /shop/miscreant/austerus023181575746.html?fileloc=%2Fhomepages%2F38%2Fd1014936368%2Fhtdocs%2Fclickandbuilds%2FHawkConstruction%2Fwp-login.php&path=%2Fhomepages%2F38%2Fd1014936368%2Fhtdocs%2Fclickandbuilds%2FHawkConstruction HTTP/1.1" 429 267 hawk-cs.com "-" "Mozilla/5.0 AppleWebKit/537.36 (KHTML, like Gecko; compatible; ClaudeBot/1.0; +claudebot@anthropic.com)" "-"
52.45.29.0 - - [22/Mar/2026:00:11:41 -0400] "GET /what-client-musical-accompaniment-selection-are-available-pacific-region-get-bonus-now/?fileloc=/homepages/38/d1014936368/htdocs/clickandbuilds/HawkConstruction/wp-admin/images/date-button.gif&path=/homepages/38/d1014936368/htdocs/clickandbuilds/HawkConstruction/wp-admin/images HTTP/1.1" 429 267 hawk-cs.com "-" "Mozilla/5.0 AppleWebKit/537.36 (KHTML, like Gecko; compatible; Amazonbot/0.1; +https://developer.amazon.com/support/amazonbot) Chrome/119.0.6045.214 Safari/537.36" "-"
216.73.216.0 - - [22/Mar/2026:00:11:43 -0400] "GET /shop/levitation/phalangial021970244662.html?fileloc=%2Fhomepages%2F38%2Fd1014936368%2Fhtdocs%2Fclickandbuilds%2FHawkConstruction%2Fwp-settings.php&path=%2Fhomepages%2F38%2Fd1014936368%2Fhtdocs%2Fclickandbuilds%2FHawkConstruction HTTP/1.1" 429 267 hawk-cs.com "-" "Mozilla/5.0 AppleWebKit/537.36 (KHTML, like Gecko; compatible; ClaudeBot/1.0; +claudebot@anthropic.com)" "-"
2a03:2880:f800:: - - [22/Mar/2026:00:11:44 -0400] "GET /shop/urechitis/tatouay021068406455.html?path=/homepages/38/d1014936368/htdocs HTTP/1.1" 200 18435 hawk-cs.com "-" "meta-externalagent/1.1 (+https://developers.facebook.com/docs/sharing/webmasters/crawler)" "-"
66.249.64.0 - - [22/Mar/2026:00:11:44 -0400] "GET /shop/preordinate/clouds1334592635.html HTTP/1.1" 200 213527 hawk-cs.com "-" "Mozilla/5.0 (Linux; Android 6.0.1; Nexus 5X Build/MMB29P) AppleWebKit/537.36 (KHTML, like Gecko) Chrome/145.0.7632.159 Mobile Safari/537.36 (compatible; Googlebot/2.1; +http://www.google.com/bot.html)" "-"
52.45.77.0 - - [22/Mar/2026:00:11:45 -0400] "GET /alive-principal-alternative-new-zealand-spin-to-win/?fileloc=/homepages/38/d1014936368/htdocs/clickandbuilds/HawkConstruction/wp-admin/images/w-logo-white.png&path=/homepages/38/d1014936368/htdocs/clickandbuilds/HawkConstruction/wp-admin/images HTTP/1.1" 429 267 hawk-cs.com "-" "Mozilla/5.0 AppleWebKit/537.36 (KHTML, like Gecko; compatible; Amazonbot/0.1; +https://developer.amazon.com/support/amazonbot) Chrome/119.0.6045.214 Safari/537.36" "-"
66.249.64.0 - - [22/Mar/2026:00:11:46 -0400] "GET /shop/rhizoclonium/gleesome02372501073.html HTTP/1.1" 200 214088 hawk-cs.com "-" "Mozilla/5.0 (Linux; Android 6.0.1; Nexus 5X Build/MMB29P) AppleWebKit/537.36 (KHTML, like Gecko) Chrome/145.0.7632.159 Mobile Safari/537.36 (compatible; Googlebot/2.1; +http://www.google.com/bot.html)" "-"
216.73.216.0 - - [22/Mar/2026:00:11:48 -0400] "GET /shop/shorage/conglobed021790022370.html?fileloc=%2Fhomepages%2F38%2Fd1014936368%2Fhtdocs%2Fclickandbuilds%2FHawkConstruction%2Fwp-includes%2Fcanonical.php&path=%2Fhomepages%2F38%2Fd1014936368%2Fhtdocs%2Fclickandbuilds%2FHawkConstruction%2Fwp-includes HTTP/1.1" 429 267 hawk-cs.com "-" "Mozilla/5.0 AppleWebKit/537.36 (KHTML, like Gecko; compatible; ClaudeBot/1.0; +claudebot@anthropic.com)" "-"
66.249.64.0 - - [22/Mar/2026:00:11:48 -0400] "GET /shop/chincha/elation11758715372.html HTTP/1.1" 200 221282 hawk-cs.com "-" "Mozilla/5.0 (Linux; Android 6.0.1; Nexus 5X Build/MMB29P) AppleWebKit/537.36 (KHTML, like Gecko) Chrome/145.0.7632.159 Mobile Safari/537.36 (compatible; Googlebot/2.1; +http://www.google.com/bot.html)" "-"
98.83.8.0 - - [22/Mar/2026:00:11:49 -0400] "GET /what-client-musical-accompaniment-selection-are-available-pacific-region-get-bonus-now/?fileloc=/homepages/38/d1014936368/htdocs/clickandbuilds/HawkConstruction/wp-admin/images/w-logo-blue.png&path=/homepages/38/d1014936368/htdocs/clickandbuilds/HawkConstruction/wp-admin/images HTTP/1.1" 429 267 hawk-cs.com "-" "Mozilla/5.0 AppleWebKit/537.36 (KHTML, like Gecko; compatible; Amazonbot/0.1; +https://developer.amazon.com/support/amazonbot) Chrome/119.0.6045.214 Safari/537.36" "-"
66.249.64.0 - - [22/Mar/2026:00:11:52 -0400] "GET /shop/smoothed/radicalness134276242695.html HTTP/1.1" 200 212362 hawk-cs.com "-" "Mozilla/5.0 (Linux; Android 6.0.1; Nexus 5X Build/MMB29P) AppleWebKit/537.36 (KHTML, like Gecko) Chrome/145.0.7632.159 Mobile Safari/537.36 (compatible; Googlebot/2.1; +http://www.google.com/bot.html)" "-"
216.73.216.0 - - [22/Mar/2026:00:11:53 -0400] "GET /shop/scrotum/trucking021700600106.html?fileloc=%2Fhomepages%2F38%2Fd1014936368%2Fhtdocs%2Fclickandbuilds%2FHawkConstruction%2Fwp-admin%2Fupload.php&path=%2Fhomepages%2F38%2Fd1014936368%2Fhtdocs%2Fclickandbuilds%2FHawkConstruction%2Fwp-admin HTTP/1.1" 429 267 hawk-cs.com "-" "Mozilla/5.0 AppleWebKit/537.36 (KHTML, like Gecko; compatible; ClaudeBot/1.0; +claudebot@anthropic.com)" "-"
52.0.63.0 - - [22/Mar/2026:00:11:53 -0400] "GET /alive-principal-alternative-new-zealand-spin-to-win/?fileloc=/homepages/38/d1014936368/htdocs/clickandbuilds/HawkConstruction/wp-admin/images/icons32-2x.png&path=/homepages/38/d1014936368/htdocs/clickandbuilds/HawkConstruction/wp-admin/images HTTP/1.1" 429 267 hawk-cs.com "-" "Mozilla/5.0 AppleWebKit/537.36 (KHTML, like Gecko; compatible; Amazonbot/0.1; +https://developer.amazon.com/support/amazonbot) Chrome/119.0.6045.214 Safari/537.36" "-"
66.249.64.0 - - [22/Mar/2026:00:11:55 -0400] "GET /shop/professorial/panegyrist144274214007.html HTTP/1.1" 200 232231 hawk-cs.com "-" "Mozilla/5.0 (Linux; Android 6.0.1; Nexus 5X Build/MMB29P) AppleWebKit/537.36 (KHTML, like Gecko) Chrome/145.0.7632.159 Mobile Safari/537.36 (compatible; Googlebot/2.1; +http://www.google.com/bot.html)" "-"
66.249.64.0 - - [22/Mar/2026:00:11:56 -0400] "GET /shop/drimys/abbatical11287337432.html HTTP/1.1" 200 209774 hawk-cs.com "-" "Mozilla/5.0 (Linux; Android 6.0.1; Nexus 5X Build/MMB29P) AppleWebKit/537.36 (KHTML, like Gecko) Chrome/145.0.7632.159 Mobile Safari/537.36 (compatible; Googlebot/2.1; +http://www.google.com/bot.html)" "-"
3.224.104.0 - - [22/Mar/2026:00:11:57 -0400] "GET /sustenance-connecticut-enjoy-the-game/?fileloc=/homepages/38/d1014936368/htdocs/clickandbuilds/HawkConstruction/adebwp/adebwp/avi_69b0f72aa972e.zip&path=/homepages/38/d1014936368/htdocs/clickandbuilds/HawkConstruction/adebwp/adebwp HTTP/1.1" 429 267 hawk-cs.com "-" "Mozilla/5.0 AppleWebKit/537.36 (KHTML, like Gecko; compatible; Amazonbot/0.1; +https://developer.amazon.com/support/amazonbot) Chrome/119.0.6045.214 Safari/537.36" "-"
216.73.216.0 - - [22/Mar/2026:00:11:58 -0400] "GET /shop/tropidine/fribbling011190212147.html?fileloc=%2Fhomepages%2F38%2Fd1014936368%2Fhtdocs%2Fclickandbuilds%2FHawkConstruction%2Fwp-admin%2Fpost-new.php&path=%2Fhomepages%2F38%2Fd1014936368%2Fhtdocs%2Fclickandbuilds%2FHawkConstruction%2Fwp-admin HTTP/1.1" 429 267 hawk-cs.com "-" "Mozilla/5.0 AppleWebKit/537.36 (KHTML, like Gecko; compatible; ClaudeBot/1.0; +claudebot@anthropic.com)" "-"
66.249.64.0 - - [22/Mar/2026:00:12:01 -0400] "GET /shop/antinational/sculptress111210251092.html HTTP/1.1" 200 208393 hawk-cs.com "-" "Mozilla/5.0 (Linux; Android 6.0.1; Nexus 5X Build/MMB29P) AppleWebKit/537.36 (KHTML, like Gecko) Chrome/145.0.7632.159 Mobile Safari/537.36 (compatible; Googlebot/2.1; +http://www.google.com/bot.html)" "-"
3.93.253.0 - - [22/Mar/2026:00:12:01 -0400] "GET /category/uncategorized/page/3/?fileloc=/homepages/38/d1014010327/htpasswd&path=/homepages/38/d1014010327 HTTP/1.1" 429 267 hawk-cs.com "-" "Mozilla/5.0 AppleWebKit/537.36 (KHTML, like Gecko; compatible; Amazonbot/0.1; +https://developer.amazon.com/support/amazonbot) Chrome/119.0.6045.214 Safari/537.36" "-"
216.73.216.0 - - [22/Mar/2026:00:12:03 -0400] "GET /shop/fanged/lithomarge022663967357.html?fileloc=%2Fhomepages%2F38%2Fd1014936368%2Fhtdocs%2Fclickandbuilds%2FHawkConstruction%2Fwp-settings.php&path=%2Fhomepages%2F38%2Fd1014936368%2Fhtdocs%2Fclickandbuilds%2FHawkConstruction HTTP/1.1" 429 267 hawk-cs.com "-" "Mozilla/5.0 AppleWebKit/537.36 (KHTML, like Gecko; compatible; ClaudeBot/1.0; +claudebot@anthropic.com)" "-"
66.249.64.0 - - [22/Mar/2026:00:12:05 -0400] "GET /shop/porpoise/thaumaturgic031294351111.html HTTP/1.1" 200 214746 hawk-cs.com "-" "Mozilla/5.0 (Linux; Android 6.0.1; Nexus 5X Build/MMB29P) AppleWebKit/537.36 (KHTML, like Gecko) Chrome/145.0.7632.159 Mobile Safari/537.36 (compatible; Googlebot/2.1; +http://www.google.com/bot.html)" "-"
35.171.117.0 - - [22/Mar/2026:00:12:05 -0400] "GET /our-service-welcomes-you-7-days-a-week-north-america-grab-your-bonus/?fileloc=/homepages/38/d1014936368/htdocs/clickandbuilds/HawkConstruction/wp-includes/class-wp-comment.php&path=/homepages/38/d1014936368/htdocs/clickandbuilds/HawkConstruction/wp-includes HTTP/1.1" 429 267 hawk-cs.com "-" "Mozilla/5.0 AppleWebKit/537.36 (KHTML, like Gecko; compatible; Amazonbot/0.1; +https://developer.amazon.com/support/amazonbot) Chrome/119.0.6045.214 Safari/537.36" "-"
2a03:2880:f800:: - - [22/Mar/2026:00:12:05 -0400] "GET /shop/sappho/tonsurans022765544929.html?path=/homepages/35 HTTP/1.1" 200 103500 hawk-cs.com "-" "meta-externalagent/1.1 (+https://developers.facebook.com/docs/sharing/webmasters/crawler)" "-"
216.73.216.0 - - [22/Mar/2026:00:12:08 -0400] "GET /shop/fanfaron/engrasping022316257690.html?fileloc=%2Fhomepages%2F38%2Fd1014936368%2Fhtdocs%2Fclickandbuilds%2FHawkConstruction%2Fwp-admin%2Fmedia-new.php&path=%2Fhomepages%2F38%2Fd1014936368%2Fhtdocs%2Fclickandbuilds%2FHawkConstruction%2Fwp-admin HTTP/1.1" 429 267 hawk-cs.com "-" "Mozilla/5.0 AppleWebKit/537.36 (KHTML, like Gecko; compatible; ClaudeBot/1.0; +claudebot@anthropic.com)" "-"
66.249.64.0 - - [22/Mar/2026:00:12:08 -0400] "GET /shop/gobionellus/bacchanalia153138762936.html HTTP/1.1" 200 213667 hawk-cs.com "-" "Mozilla/5.0 (Linux; Android 6.0.1; Nexus 5X Build/MMB29P) AppleWebKit/537.36 (KHTML, like Gecko) Chrome/145.0.7632.159 Mobile Safari/537.36 (compatible; Googlebot/2.1; +http://www.google.com/bot.html)" "-"
142.44.233.0 - - [22/Mar/2026:00:12:08 -0400] "GET /whats-new/ HTTP/1.1" 200 76933 hawk-cs.com "-" "Mozilla/5.0 (compatible; AhrefsBot/7.0; +http://ahrefs.com/robot/)" "-"
54.156.124.0 - - [22/Mar/2026:00:12:09 -0400] "GET /sustenance-connecticut-enjoy-the-game/?fileloc=/homepages/38/d1014936368/htdocs/clickandbuilds/HawkConstruction/wp-includes/bookmark.php&path=/homepages/38/d1014936368/htdocs/clickandbuilds/HawkConstruction/wp-includes HTTP/1.1" 429 267 hawk-cs.com "-" "Mozilla/5.0 AppleWebKit/537.36 (KHTML, like Gecko; compatible; Amazonbot/0.1; +https://developer.amazon.com/support/amazonbot) Chrome/119.0.6045.214 Safari/537.36" "-"
40.77.167.0 - - [22/Mar/2026:00:12:11 -0400] "GET /shop/argyreus/plumcot012968318733.html HTTP/1.1" 200 215309 hawk-cs.com "-" "Mozilla/5.0 AppleWebKit/537.36 (KHTML, like Gecko; compatible; bingbot/2.0; +http://www.bing.com/bingbot.htm) Chrome/116.0.1938.76 Safari/537.36" "-"
66.249.64.0 - - [22/Mar/2026:00:12:12 -0400] "GET /shop/galvanic/arsenicate11829415109.html HTTP/1.1" 200 227523 hawk-cs.com "-" "Mozilla/5.0 (Linux; Android 6.0.1; Nexus 5X Build/MMB29P) AppleWebKit/537.36 (KHTML, like Gecko) Chrome/145.0.7632.159 Mobile Safari/537.36 (compatible; Googlebot/2.1; +http://www.google.com/bot.html)" "-"
216.73.216.0 - - [22/Mar/2026:00:12:13 -0400] "GET /shop/starriness/grapnel023796225394.html?fileloc=%2Fhomepages%2F38%2Fd1014936368%2Fhtdocs%2Fclickandbuilds%2FHawkConstruction%2Fxmlrpc.php&path=%2Fhomepages%2F38%2Fd1014936368%2Fhtdocs%2Fclickandbuilds%2FHawkConstruction HTTP/1.1" 429 267 hawk-cs.com "-" "Mozilla/5.0 AppleWebKit/537.36 (KHTML, like Gecko; compatible; ClaudeBot/1.0; +claudebot@anthropic.com)" "-"
54.87.95.0 - - [22/Mar/2026:00:12:13 -0400] "GET /feed/?fileloc=/homepages/38/d1014936368/htdocs/clickandbuilds/HawkConstruction/wp-admin/edit-form-blocks.php&path=/homepages/38/d1014936368/htdocs/clickandbuilds/HawkConstruction/wp-admin HTTP/1.1" 429 267 hawk-cs.com "-" "Mozilla/5.0 AppleWebKit/537.36 (KHTML, like Gecko; compatible; Amazonbot/0.1; +https://developer.amazon.com/support/amazonbot) Chrome/119.0.6045.214 Safari/537.36" "-"
74.7.243.0 - - [22/Mar/2026:00:12:15 -0400] "GET /shop/berkeleian/bromelia063265800689.html HTTP/1.1" 200 76933 hawk-cs.com "https://hawk-cs.com/sitemap-sub-2034.xml" "Mozilla/5.0 AppleWebKit/537.36 (KHTML, like Gecko; compatible; GPTBot/1.3; +https://openai.com/gptbot)" "-"
66.249.64.0 - - [22/Mar/2026:00:12:15 -0400] "GET /shop/guiltsick/feticism05870908150.html HTTP/1.1" 200 206605 hawk-cs.com "-" "Mozilla/5.0 (Linux; Android 6.0.1; Nexus 5X Build/MMB29P) AppleWebKit/537.36 (KHTML, like Gecko) Chrome/145.0.7632.159 Mobile Safari/537.36 (compatible; Googlebot/2.1; +http://www.google.com/bot.html)" "-"
66.249.64.0 - - [22/Mar/2026:00:12:16 -0400] "GET /shop/mercurialis/supercharge112621103218.html HTTP/1.1" 200 215490 hawk-cs.com "-" "Mozilla/5.0 (Linux; Android 6.0.1; Nexus 5X Build/MMB29P) AppleWebKit/537.36 (KHTML, like Gecko) Chrome/145.0.7632.159 Mobile Safari/537.36 (compatible; Googlebot/2.1; +http://www.google.com/bot.html)" "-"
54.166.126.0 - - [22/Mar/2026:00:12:17 -0400] "GET /category/uncategorized/page/3/?fileloc=/homepages/38/d1014936368/htdocs/clickandbuilds/HawkConstruction/.metadata/search-template-1772136133.php&path=/homepages/38/d1014936368/htdocs/clickandbuilds/HawkConstruction/.metadata HTTP/1.1" 429 267 hawk-cs.com "-" "Mozilla/5.0 AppleWebKit/537.36 (KHTML, like Gecko; compatible; Amazonbot/0.1; +https://developer.amazon.com/support/amazonbot) Chrome/119.0.6045.214 Safari/537.36" "-"
216.73.216.0 - - [22/Mar/2026:00:12:18 -0400] "GET /bonuscode-spielbanken?fileloc=%2Fhomepages%2F38%2Fd1014936368%2Fhtdocs%2Fclickandbuilds%2FHawkConstruction%2Fwp-includes%2Ftheme.php&path=%2Fhomepages%2F38%2Fd1014936368%2Fhtdocs%2Fclickandbuilds%2FHawkConstruction%2Fwp-includes HTTP/1.1" 429 267 hawk-cs.com "-" "Mozilla/5.0 AppleWebKit/537.36 (KHTML, like Gecko; compatible; ClaudeBot/1.0; +claudebot@anthropic.com)" "-"
66.249.64.0 - - [22/Mar/2026:00:12:20 -0400] "GET /shop/evenhand/polygordius042422193009.html HTTP/1.1" 200 210603 hawk-cs.com "-" "Mozilla/5.0 (Linux; Android 6.0.1; Nexus 5X Build/MMB29P) AppleWebKit/537.36 (KHTML, like Gecko) Chrome/145.0.7632.159 Mobile Safari/537.36 (compatible; Googlebot/2.1; +http://www.google.com/bot.html)" "-"
54.166.126.0 - - [22/Mar/2026:00:12:21 -0400] "GET /our-service-welcomes-you-7-days-a-week-north-america-grab-your-bonus/?fileloc=/homepages/38/d1014936368/htdocs/clickandbuilds/HawkConstruction/wp-includes/bookmark.php&path=/homepages/38/d1014936368/htdocs/clickandbuilds/HawkConstruction/wp-includes HTTP/1.1" 429 267 hawk-cs.com "-" "Mozilla/5.0 AppleWebKit/537.36 (KHTML, like Gecko; compatible; Amazonbot/0.1; +https://developer.amazon.com/support/amazonbot) Chrome/119.0.6045.214 Safari/537.36" "-"
2a03:2880:f800:: - - [22/Mar/2026:00:12:23 -0400] "GET /shop/exauguration/melodramatically022371221918.html?path=/homepages/38/d1014936368/htdocs/clickandbuilds/HawkConstruction/wp-admin HTTP/1.1" 200 187513 hawk-cs.com "-" "meta-externalagent/1.1 (+https://developers.facebook.com/docs/sharing/webmasters/crawler)" "-"
216.73.216.0 - - [22/Mar/2026:00:12:23 -0400] "GET /new-construction?fileloc=%2Fhomepages%2F38%2Fd1014936368%2Fhtdocs%2Findex.html&path=%2Fhomepages%2F38%2Fd1014936368%2Fhtdocs HTTP/1.1" 429 267 hawk-cs.com "-" "Mozilla/5.0 AppleWebKit/537.36 (KHTML, like Gecko; compatible; ClaudeBot/1.0; +claudebot@anthropic.com)" "-"
100.29.164.0 - - [22/Mar/2026:00:12:25 -0400] "GET /?fileloc=/homepages/38/d1014936368/htdocs/clickandbuilds/HawkConstruction/wp-admin/edit-link-form.php&path=/homepages/38/d1014936368/htdocs/clickandbuilds/HawkConstruction/wp-admin HTTP/1.1" 429 267 hawk-cs.com "-" "Mozilla/5.0 AppleWebKit/537.36 (KHTML, like Gecko; compatible; Amazonbot/0.1; +https://developer.amazon.com/support/amazonbot) Chrome/119.0.6045.214 Safari/537.36" "-"
66.249.64.0 - - [22/Mar/2026:00:12:28 -0400] "GET /shop/felon/fathersinlaw022169804977.html HTTP/1.1" 200 217789 hawk-cs.com "-" "Mozilla/5.0 (Linux; Android 6.0.1; Nexus 5X Build/MMB29P) AppleWebKit/537.36 (KHTML, like Gecko) Chrome/145.0.7632.159 Mobile Safari/537.36 (compatible; Googlebot/2.1; +http://www.google.com/bot.html)" "-"
216.73.216.0 - - [22/Mar/2026:00:12:28 -0400] "GET /?path=%2F%2Fkunden%2Fhomepages%2F31%2Fd1016319195 HTTP/1.1" 429 267 hawk-cs.com "-" "Mozilla/5.0 AppleWebKit/537.36 (KHTML, like Gecko; compatible; ClaudeBot/1.0; +claudebot@anthropic.com)" "-"
34.235.239.0 - - [22/Mar/2026:00:12:29 -0400] "GET /wp-json/wp/v2/pages/103?fileloc=/homepages/38/d1014936368/htdocs/clickandbuilds/HawkConstruction/wp-admin/authorize-application.php&path=/homepages/38/d1014936368/htdocs/clickandbuilds/HawkConstruction/wp-admin HTTP/1.1" 429 267 hawk-cs.com "-" "Mozilla/5.0 AppleWebKit/537.36 (KHTML, like Gecko; compatible; Amazonbot/0.1; +https://developer.amazon.com/support/amazonbot) Chrome/119.0.6045.214 Safari/537.36" "-"
66.249.64.0 - - [22/Mar/2026:00:12:30 -0400] "GET /shop/acronyc/scapulo112393699992.html HTTP/1.1" 200 206290 hawk-cs.com "-" "Mozilla/5.0 (Linux; Android 6.0.1; Nexus 5X Build/MMB29P) AppleWebKit/537.36 (KHTML, like Gecko) Chrome/145.0.7632.159 Mobile Safari/537.36 (compatible; Googlebot/2.1; +http://www.google.com/bot.html)" "-"
66.249.64.0 - - [22/Mar/2026:00:12:32 -0400] "GET /shop/forktail/alternatives081811239883.html HTTP/1.1" 200 218807 hawk-cs.com "-" "Mozilla/5.0 (Linux; Android 6.0.1; Nexus 5X Build/MMB29P) AppleWebKit/537.36 (KHTML, like Gecko) Chrome/145.0.7632.159 Mobile Safari/537.36 (compatible; Googlebot/2.1; +http://www.google.com/bot.html)" "-"
54.210.155.0 - - [22/Mar/2026:00:12:33 -0400] "GET /?fileloc=/homepages/38/d1014936368/htdocs/clickandbuilds/HawkConstruction/wp-admin/edit-tags.php&path=/homepages/38/d1014936368/htdocs/clickandbuilds/HawkConstruction/wp-admin HTTP/1.1" 429 267 hawk-cs.com "-" "Mozilla/5.0 AppleWebKit/537.36 (KHTML, like Gecko; compatible; Amazonbot/0.1; +https://developer.amazon.com/support/amazonbot) Chrome/119.0.6045.214 Safari/537.36" "-"
216.73.216.0 - - [22/Mar/2026:00:12:33 -0400] "GET /100-echtes-geld-blackjack?path=%2Fhomepages%2F28%2Fd1013730103%2F.config HTTP/1.1" 429 267 hawk-cs.com "-" "Mozilla/5.0 AppleWebKit/537.36 (KHTML, like Gecko; compatible; ClaudeBot/1.0; +claudebot@anthropic.com)" "-"
216.73.216.0 - - [22/Mar/2026:00:12:37 -0400] "GET /shop/shredcook/mansa02759161702.html?fileloc=%2Fhomepages%2F38%2Fd1014936368%2Fhtdocs%2Fclickandbuilds%2FHawkConstruction%2Fwp-settings.php&path=%2Fhomepages%2F38%2Fd1014936368%2Fhtdocs%2Fclickandbuilds%2FHawkConstruction HTTP/1.1" 429 267 hawk-cs.com "-" "Mozilla/5.0 AppleWebKit/537.36 (KHTML, like Gecko; compatible; ClaudeBot/1.0; +claudebot@anthropic.com)" "-"
216.73.216.0 - - [22/Mar/2026:00:12:37 -0400] "GET /shop/escherichia/fibrinous023084098281.html?fileloc=%2Fhomepages%2F38%2Fd1014936368%2Fhtdocs%2Fclickandbuilds%2FHawkConstruction%2Fwp-config-sample.php&path=%2Fhomepages%2F38%2Fd1014936368%2Fhtdocs%2Fclickandbuilds%2FHawkConstruction HTTP/1.1" 429 267 hawk-cs.com "-" "Mozilla/5.0 AppleWebKit/537.36 (KHTML, like Gecko; compatible; ClaudeBot/1.0; +claudebot@anthropic.com)" "-"
34.225.24.0 - - [22/Mar/2026:00:12:37 -0400] "GET /wp-json/wp/v2/posts/893?fileloc=/homepages/38/d1014936368/htdocs/clickandbuilds/HawkConstruction/wp-includes/blocks/comment-edit-link.php&path=/homepages/38/d1014936368/htdocs/clickandbuilds/HawkConstruction/wp-includes/blocks HTTP/1.1" 200 14626 hawk-cs.com "-" "Mozilla/5.0 AppleWebKit/537.36 (KHTML, like Gecko; compatible; Amazonbot/0.1; +https://developer.amazon.com/support/amazonbot) Chrome/119.0.6045.214 Safari/537.36" "-"
2a03:2880:f800:: - - [22/Mar/2026:00:12:37 -0400] "GET /shop/goshawk/boobies023882870479.html?path=/homepages/38/d1014936368/htdocs/clickandbuilds/HawkConstruction HTTP/1.1" 200 76933 hawk-cs.com "-" "meta-externalagent/1.1 (+https://developers.facebook.com/docs/sharing/webmasters/crawler)" "-"
216.73.216.0 - - [22/Mar/2026:00:12:38 -0400] "GET /landscaping?fileloc=%2Fhomepages%2F38%2Fd1014936368%2Fhtdocs%2Fclickandbuilds%2FHawkConstruction%2Fwp-includes%2Fformatting.php&path=%2Fhomepages%2F38%2Fd1014936368%2Fhtdocs%2Fclickandbuilds%2FHawkConstruction%2Fwp-includes HTTP/1.1" 429 267 hawk-cs.com "-" "Mozilla/5.0 AppleWebKit/537.36 (KHTML, like Gecko; compatible; ClaudeBot/1.0; +claudebot@anthropic.com)" "-"
66.249.64.0 - - [22/Mar/2026:00:12:39 -0400] "GET /shop/clangula/preferability123896876610.html HTTP/1.1" 200 211147 hawk-cs.com "-" "Mozilla/5.0 (Linux; Android 6.0.1; Nexus 5X Build/MMB29P) AppleWebKit/537.36 (KHTML, like Gecko) Chrome/145.0.7632.159 Mobile Safari/537.36 (compatible; Googlebot/2.1; +http://www.google.com/bot.html)" "-"
66.249.64.0 - - [22/Mar/2026:00:12:39 -0400] "GET /shop/legato/paramorph012642190898.html HTTP/1.1" 200 221159 hawk-cs.com "-" "Mozilla/5.0 (Linux; Android 6.0.1; Nexus 5X Build/MMB29P) AppleWebKit/537.36 (KHTML, like Gecko) Chrome/145.0.7632.159 Mobile Safari/537.36 (compatible; Googlebot/2.1; +http://www.google.com/bot.html)" "-"
66.249.64.0 - - [22/Mar/2026:00:12:39 -0400] "GET /shop/biogeographically/lightlegged072843867941.html HTTP/1.1" 200 200119 hawk-cs.com "-" "Mozilla/5.0 (Linux; Android 6.0.1; Nexus 5X Build/MMB29P) AppleWebKit/537.36 (KHTML, like Gecko) Chrome/145.0.7632.159 Mobile Safari/537.36 (compatible; Googlebot/2.1; +http://www.google.com/bot.html)" "-"
66.249.64.0 - - [22/Mar/2026:00:12:41 -0400] "GET /shop/bertholletia/inconsistency112111467704.html HTTP/1.1" 200 210987 hawk-cs.com "-" "Mozilla/5.0 (Linux; Android 6.0.1; Nexus 5X Build/MMB29P) AppleWebKit/537.36 (KHTML, like Gecko) Chrome/145.0.7632.159 Mobile Safari/537.36 (compatible; Googlebot/2.1; +http://www.google.com/bot.html)" "-"
23.23.212.0 - - [22/Mar/2026:00:12:41 -0400] "GET /wp-json/wp/v2/pages/103?fileloc=/homepages/38/d1014936368/htdocs/clickandbuilds/HawkConstruction/wp-admin/edit-form-blocks.php&path=/homepages/38/d1014936368/htdocs/clickandbuilds/HawkConstruction/wp-admin HTTP/1.1" 200 28216 hawk-cs.com "-" "Mozilla/5.0 AppleWebKit/537.36 (KHTML, like Gecko; compatible; Amazonbot/0.1; +https://developer.amazon.com/support/amazonbot) Chrome/119.0.6045.214 Safari/537.36" "-"
95.85.238.0 - - [22/Mar/2026:00:12:42 -0400] "GET /wp-login.php HTTP/1.1" 200 76933 hawk-cs.com "-" "Mozilla/5.0 (Macintosh; Intel Mac OS X 10.8; rv:31.0) Gecko/20100101 Firefox/31.0" "-"
216.73.216.0 - - [22/Mar/2026:00:12:43 -0400] "GET /?path=%2F%2Fkunden%2Fhomepages%2F42%2Fd1011805796 HTTP/1.1" 429 267 hawk-cs.com "-" "Mozilla/5.0 AppleWebKit/537.36 (KHTML, like Gecko; compatible; ClaudeBot/1.0; +claudebot@anthropic.com)" "-"
38.247.142.0 - - [22/Mar/2026:00:12:44 -0400] "GET /wp-login.php HTTP/1.1" 200 76933 hawk-cs.com "-" "Mozilla/5.0 (Windows NT 10.0; WOW64; Trident/7.0; EIE10;ENUSMSN; rv:11.0) like Gecko" "-"
66.249.64.0 - - [22/Mar/2026:00:12:45 -0400] "GET /shop/syssarcosis/caudicle082983536338.html HTTP/1.1" 200 211371 hawk-cs.com "-" "Mozilla/5.0 (Linux; Android 6.0.1; Nexus 5X Build/MMB29P) AppleWebKit/537.36 (KHTML, like Gecko) Chrome/145.0.7632.159 Mobile Safari/537.36 (compatible; Googlebot/2.1; +http://www.google.com/bot.html)" "-"
34.203.111.0 - - [22/Mar/2026:00:12:45 -0400] "GET /?fileloc=/homepages/38/d1014936368/htdocs/clickandbuilds/HawkConstruction/wp-admin/user-edit.php&path=/homepages/38/d1014936368/htdocs/clickandbuilds/HawkConstruction/wp-admin HTTP/1.1" 200 61882 hawk-cs.com "-" "Mozilla/5.0 AppleWebKit/537.36 (KHTML, like Gecko; compatible; Amazonbot/0.1; +https://developer.amazon.com/support/amazonbot) Chrome/119.0.6045.214 Safari/537.36" "-"
216.73.216.0 - - [22/Mar/2026:00:12:46 -0400] "GET /shop/leafy/unroll021364250895.html?fileloc=%2Fhomepages%2F38%2Fd1014936368%2Fhtdocs%2Fclickandbuilds%2FHawkConstruction%2Fwp-settings.php&path=%2Fhomepages%2F38%2Fd1014936368%2Fhtdocs%2Fclickandbuilds%2FHawkConstruction HTTP/1.1" 429 267 hawk-cs.com "-" "Mozilla/5.0 AppleWebKit/537.36 (KHTML, like Gecko; compatible; ClaudeBot/1.0; +claudebot@anthropic.com)" "-"
66.249.64.0 - - [22/Mar/2026:00:12:48 -0400] "GET /shop/maunder/jubilate024067117049.html HTTP/1.1" 200 206599 hawk-cs.com "-" "Mozilla/5.0 (Linux; Android 6.0.1; Nexus 5X Build/MMB29P) AppleWebKit/537.36 (KHTML, like Gecko) Chrome/145.0.7632.159 Mobile Safari/537.36 (compatible; Googlebot/2.1; +http://www.google.com/bot.html)" "-"
66.249.64.0 - - [22/Mar/2026:00:12:48 -0400] "GET /shop/overworn/categorematic023797318297.html HTTP/1.1" 200 221189 hawk-cs.com "-" "Mozilla/5.0 (Linux; Android 6.0.1; Nexus 5X Build/MMB29P) AppleWebKit/537.36 (KHTML, like Gecko) Chrome/145.0.7632.159 Mobile Safari/537.36 (compatible; Googlebot/2.1; +http://www.google.com/bot.html)" "-"
34.234.200.0 - - [22/Mar/2026:00:12:49 -0400] "GET /wp-login.php?fileloc=/homepages/38/d1014936368/htdocs/clickandbuilds/HawkConstruction/edit-tags.php&path=/homepages/38/d1014936368/htdocs/clickandbuilds/HawkConstruction HTTP/1.1" 200 12604 hawk-cs.com "-" "Mozilla/5.0 AppleWebKit/537.36 (KHTML, like Gecko; compatible; Amazonbot/0.1; +https://developer.amazon.com/support/amazonbot) Chrome/119.0.6045.214 Safari/537.36" "-"
2a03:2880:f800:: - - [22/Mar/2026:00:12:50 -0400] "GET /shop/apiaster/pattinsons023254771427.html?path=/homepages/38/d1013210763 HTTP/1.1" 200 28508 hawk-cs.com "-" "meta-externalagent/1.1 (+https://developers.facebook.com/docs/sharing/webmasters/crawler)" "-"
216.73.216.0 - - [22/Mar/2026:00:12:50 -0400] "GET /shop/peripatetic/bracteate023926191760.html?fileloc=%2Fhomepages%2F38%2Fd1014936368%2Fhtdocs%2Fclickandbuilds%2FHawkConstruction%2Fwp-activate.php&path=%2Fhomepages%2F38%2Fd1014936368%2Fhtdocs%2Fclickandbuilds%2FHawkConstruction HTTP/1.1" 429 267 hawk-cs.com "-" "Mozilla/5.0 AppleWebKit/537.36 (KHTML, like Gecko; compatible; ClaudeBot/1.0; +claudebot@anthropic.com)" "-"
66.249.64.0 - - [22/Mar/2026:00:12:52 -0400] "GET /shop/cavalcade/carrot082126682951.html HTTP/1.1" 200 221135 hawk-cs.com "-" "Mozilla/5.0 (Linux; Android 6.0.1; Nexus 5X Build/MMB29P) AppleWebKit/537.36 (KHTML, like Gecko) Chrome/145.0.7632.159 Mobile Safari/537.36 (compatible; Googlebot/2.1; +http://www.google.com/bot.html)" "-"
34.225.24.0 - - [22/Mar/2026:00:12:54 -0400] "GET /what-client-musical-accompaniment-selection-are-available-pacific-region-get-bonus-now/?fileloc=/homepages/38/d1014936368/htdocs/clickandbuilds/HawkConstruction/wp-admin/images/menu-vs.png&path=/homepages/38/d1014936368/htdocs/clickandbuilds/HawkConstruction/wp-admin/images HTTP/1.1" 200 12829 hawk-cs.com "-" "Mozilla/5.0 AppleWebKit/537.36 (KHTML, like Gecko; compatible; Amazonbot/0.1; +https://developer.amazon.com/support/amazonbot) Chrome/119.0.6045.214 Safari/537.36" "-"
216.73.216.0 - - [22/Mar/2026:00:12:55 -0400] "GET /shop/mammonish/broadshouldered022218946386.html?fileloc=%2Fhomepages%2F38%2Fd1014936368%2Fhtdocs%2Fclickandbuilds%2FHawkConstruction%2Fwp-activate.php&path=%2Fhomepages%2F38%2Fd1014936368%2Fhtdocs%2Fclickandbuilds%2FHawkConstruction HTTP/1.1" 429 267 hawk-cs.com "-" "Mozilla/5.0 AppleWebKit/537.36 (KHTML, like Gecko; compatible; ClaudeBot/1.0; +claudebot@anthropic.com)" "-"
38.247.142.0 - - [22/Mar/2026:00:12:56 -0400] "POST /wp-login.php HTTP/1.1" 200 76933 hawk-cs.com "https://hawk-cs.com/wp-login.php" "Mozilla/5.0 (Windows NT 10.0; WOW64; Trident/7.0; EIE10;ENUSMSN; rv:11.0) like Gecko" "-"
66.249.64.0 - - [22/Mar/2026:00:12:56 -0400] "GET /shop/alkaloidal/outbuild011281109306.html HTTP/1.1" 200 224980 hawk-cs.com "-" "Mozilla/5.0 (Linux; Android 6.0.1; Nexus 5X Build/MMB29P) AppleWebKit/537.36 (KHTML, like Gecko) Chrome/145.0.7632.159 Mobile Safari/537.36 (compatible; Googlebot/2.1; +http://www.google.com/bot.html)" "-"
54.243.63.0 - - [22/Mar/2026:00:12:57 -0400] "GET /wp-json/wp/v2/posts/893?fileloc=/homepages/38/d1014936368/htdocs/clickandbuilds/HawkConstruction/wp-admin/authorize-application.php&path=/homepages/38/d1014936368/htdocs/clickandbuilds/HawkConstruction/wp-admin HTTP/1.1" 200 24049 hawk-cs.com "-" "Mozilla/5.0 AppleWebKit/537.36 (KHTML, like Gecko; compatible; Amazonbot/0.1; +https://developer.amazon.com/support/amazonbot) Chrome/119.0.6045.214 Safari/537.36" "-"
216.73.216.0 - - [22/Mar/2026:00:13:00 -0400] "GET /shop/perthiocyanogen/boneidle02439306537.html?fileloc=%2Fhomepages%2F38%2Fd1014936368%2Fhtdocs%2Fclickandbuilds%2FHawkConstruction%2Fwp-links-opml.php&path=%2Fhomepages%2F38%2Fd1014936368%2Fhtdocs%2Fclickandbuilds%2FHawkConstruction HTTP/1.1" 429 267 hawk-cs.com "-" "Mozilla/5.0 AppleWebKit/537.36 (KHTML, like Gecko; compatible; ClaudeBot/1.0; +claudebot@anthropic.com)" "-"
66.249.64.0 - - [22/Mar/2026:00:13:00 -0400] "GET /shop/pitpat/vacillant12971179254.html HTTP/1.1" 200 213493 hawk-cs.com "-" "Mozilla/5.0 (Linux; Android 6.0.1; Nexus 5X Build/MMB29P) AppleWebKit/537.36 (KHTML, like Gecko) Chrome/145.0.7632.159 Mobile Safari/537.36 (compatible; Googlebot/2.1; +http://www.google.com/bot.html)" "-"
3.232.39.0 - - [22/Mar/2026:00:13:02 -0400] "GET /wp-json/wp/v2/categories/1?fileloc=/homepages/38/d1014936368/htdocs/clickandbuilds/HawkConstruction/wp-admin/edit-tag-form.php&path=/homepages/38/d1014936368/htdocs/clickandbuilds/HawkConstruction/wp-admin HTTP/1.1" 200 24894 hawk-cs.com "-" "Mozilla/5.0 AppleWebKit/537.36 (KHTML, like Gecko; compatible; Amazonbot/0.1; +https://developer.amazon.com/support/amazonbot) Chrome/119.0.6045.214 Safari/537.36" "-"
2a03:2880:f800:: - - [22/Mar/2026:00:13:02 -0400] "GET /shop/monoaxial/dexedrine022011444709.html?path=/homepages/38/d1014936368/htdocs/clickandbuilds/HawkConstruction/wp-content HTTP/1.1" 200 67971 hawk-cs.com "-" "meta-externalagent/1.1 (+https://developers.facebook.com/docs/sharing/webmasters/crawler)" "-"
66.249.64.0 - - [22/Mar/2026:00:13:04 -0400] "GET /shop/perique/smift083457406650.html HTTP/1.1" 200 215928 hawk-cs.com "-" "Mozilla/5.0 (Linux; Android 6.0.1; Nexus 5X Build/MMB29P) AppleWebKit/537.36 (KHTML, like Gecko) Chrome/145.0.7632.159 Mobile Safari/537.36 (compatible; Googlebot/2.1; +http://www.google.com/bot.html)" "-"
3.224.104.0 - - [22/Mar/2026:00:13:05 -0400] "GET /wp-json/wp/v2/posts/893?fileloc=/homepages/38/d1014936368/htdocs/clickandbuilds/HawkConstruction/wp-admin/edit-form-blocks.php&path=/homepages/38/d1014936368/htdocs/clickandbuilds/HawkConstruction/wp-admin HTTP/1.1" 200 28216 hawk-cs.com "-" "Mozilla/5.0 AppleWebKit/537.36 (KHTML, like Gecko; compatible; Amazonbot/0.1; +https://developer.amazon.com/support/amazonbot) Chrome/119.0.6045.214 Safari/537.36" "-"
216.73.216.0 - - [22/Mar/2026:00:13:08 -0400] "GET /100-echtes-geld-blackjack?path=%2Fhomepages%2F5%2Fd1015184401 HTTP/1.1" 429 267 hawk-cs.com "-" "Mozilla/5.0 AppleWebKit/537.36 (KHTML, like Gecko; compatible; ClaudeBot/1.0; +claudebot@anthropic.com)" "-"
3.232.82.0 - - [22/Mar/2026:00:13:09 -0400] "GET /spielbanken-mit-paypal-in-der-schweiz-2025/?fileloc=/homepages/38/d1014936368/htdocs/clickandbuilds/HawkConstruction/wp-includes/class-wp-url-pattern-prefixer.php&path=/homepages/38/d1014936368/htdocs/clickandbuilds/HawkConstruction/wp-includes HTTP/1.1" 200 17613 hawk-cs.com "-" "Mozilla/5.0 AppleWebKit/537.36 (KHTML, like Gecko; compatible; Amazonbot/0.1; +https://developer.amazon.com/support/amazonbot) Chrome/119.0.6045.214 Safari/537.36" "-"
2a03:2880:f800:: - - [22/Mar/2026:00:13:12 -0400] "GET /shop/begrimer/onslaught021826046872.html?path=/homepages/38/d1014936368/htdocs/clickandbuilds/HawkConstruction/.tmb HTTP/1.1" 200 13050 hawk-cs.com "-" "meta-externalagent/1.1 (+https://developers.facebook.com/docs/sharing/webmasters/crawler)" "-"
98.82.214.0 - - [22/Mar/2026:00:13:13 -0400] "GET /feed/?fileloc=/homepages/38/d1014936368/htdocs/clickandbuilds/HawkConstruction/wp-admin/edit-form-advanced.php&path=/homepages/38/d1014936368/htdocs/clickandbuilds/HawkConstruction/wp-admin HTTP/1.1" 200 45643 hawk-cs.com "-" "Mozilla/5.0 AppleWebKit/537.36 (KHTML, like Gecko; compatible; Amazonbot/0.1; +https://developer.amazon.com/support/amazonbot) Chrome/119.0.6045.214 Safari/537.36" "-"
74.7.243.0 - - [22/Mar/2026:00:13:15 -0400] "GET /shop/tyrannidae/uncharnel061808659001.html HTTP/1.1" 429 267 hawk-cs.com "https://hawk-cs.com/sitemap-sub-2034.xml" "Mozilla/5.0 AppleWebKit/537.36 (KHTML, like Gecko; compatible; GPTBot/1.3; +https://openai.com/gptbot)" "-"
216.73.216.0 - - [22/Mar/2026:00:13:15 -0400] "GET /blackjack-regeln-schweizerisch?path=%2F%2Fproc%2Fself%2Froot%2Fkunden%2Fhomepages%2F40%2Fd1014327861%2F.oneclick HTTP/1.1" 429 267 hawk-cs.com "-" "Mozilla/5.0 AppleWebKit/537.36 (KHTML, like Gecko; compatible; ClaudeBot/1.0; +claudebot@anthropic.com)" "-"
66.249.64.0 - - [22/Mar/2026:00:13:17 -0400] "GET /shop/spoonbill/imber081160724525.html HTTP/1.1" 200 214031 hawk-cs.com "-" "Mozilla/5.0 (Linux; Android 6.0.1; Nexus 5X Build/MMB29P) AppleWebKit/537.36 (KHTML, like Gecko) Chrome/145.0.7632.159 Mobile Safari/537.36 (compatible; Googlebot/2.1; +http://www.google.com/bot.html)" "-"
54.164.106.0 - - [22/Mar/2026:00:13:17 -0400] "GET /feed/?fileloc=/homepages/38/d1014936368/htdocs/clickandbuilds/HawkConstruction/wp-admin/edit-form-comment.php&path=/homepages/38/d1014936368/htdocs/clickandbuilds/HawkConstruction/wp-admin HTTP/1.1" 200 23760 hawk-cs.com "-" "Mozilla/5.0 AppleWebKit/537.36 (KHTML, like Gecko; compatible; Amazonbot/0.1; +https://developer.amazon.com/support/amazonbot) Chrome/119.0.6045.214 Safari/537.36" "-"
216.73.216.0 - - [22/Mar/2026:00:13:20 -0400] "GET /blackjack-regeln-schweizerisch?path=%2F%2Fproc%2Fself%2Froot%2Fkunden%2Fhomepages%2F18%2Fd1013204962%2F.config HTTP/1.1" 429 267 hawk-cs.com "-" "Mozilla/5.0 AppleWebKit/537.36 (KHTML, like Gecko; compatible; ClaudeBot/1.0; +claudebot@anthropic.com)" "-"
2a03:2880:f800:: - - [22/Mar/2026:00:13:21 -0400] "GET /shop/moote/wildering023748790220.html?path=/ HTTP/1.1" 200 44504 hawk-cs.com "-" "meta-externalagent/1.1 (+https://developers.facebook.com/docs/sharing/webmasters/crawler)" "-"
54.156.124.0 - - [22/Mar/2026:00:13:21 -0400] "GET /ios-spielautomaten-beste-umsatzbedingungen/?fileloc=/homepages/38/d1014936368/htdocs/clickandbuilds/HawkConstruction/wp-admin/authorize-application.php&path=/homepages/38/d1014936368/htdocs/clickandbuilds/HawkConstruction/wp-admin HTTP/1.1" 200 24049 hawk-cs.com "-" "Mozilla/5.0 AppleWebKit/537.36 (KHTML, like Gecko; compatible; Amazonbot/0.1; +https://developer.amazon.com/support/amazonbot) Chrome/119.0.6045.214 Safari/537.36" "-"
66.249.64.0 - - [22/Mar/2026:00:13:23 -0400] "GET /shop/centricity/stealingly08945279900.html HTTP/1.1" 200 222204 hawk-cs.com "-" "Mozilla/5.0 (Linux; Android 6.0.1; Nexus 5X Build/MMB29P) AppleWebKit/537.36 (KHTML, like Gecko) Chrome/145.0.7632.159 Mobile Safari/537.36 (compatible; Googlebot/2.1; +http://www.google.com/bot.html)" "-"
66.249.64.0 - - [22/Mar/2026:00:13:23 -0400] "GET /shop/nyctitropic/curvilineal082380409665.html HTTP/1.1" 200 199810 hawk-cs.com "-" "Mozilla/5.0 (Linux; Android 6.0.1; Nexus 5X Build/MMB29P) AppleWebKit/537.36 (KHTML, like Gecko) Chrome/145.0.7632.159 Mobile Safari/537.36 (compatible; Googlebot/2.1; +http://www.google.com/bot.html)" "-"
216.73.216.0 - - [22/Mar/2026:00:13:25 -0400] "GET /?fileloc=%2Fhomepages%2F38%2Fd1014936368%2Fhtdocs%2Fclickandbuilds%2FHawkConstruction%2Fwp-admin%2Fcredits.php&path=%2Fhomepages%2F38%2Fd1014936368%2Fhtdocs%2Fclickandbuilds%2FHawkConstruction%2Fwp-admin HTTP/1.1" 429 267 hawk-cs.com "-" "Mozilla/5.0 AppleWebKit/537.36 (KHTML, like Gecko; compatible; ClaudeBot/1.0; +claudebot@anthropic.com)" "-"
66.249.64.0 - - [22/Mar/2026:00:13:25 -0400] "GET /shop/jungian/raninus082411778768.html HTTP/1.1" 200 212669 hawk-cs.com "-" "Mozilla/5.0 (Linux; Android 6.0.1; Nexus 5X Build/MMB29P) AppleWebKit/537.36 (KHTML, like Gecko) Chrome/145.0.7632.159 Mobile Safari/537.36 (compatible; Googlebot/2.1; +http://www.google.com/bot.html)" "-"
18.213.27.0 - - [22/Mar/2026:00:13:25 -0400] "GET /what-client-musical-accompaniment-selection-are-available-pacific-region-get-bonus-now/?fileloc=/homepages/38/d1014936368/htdocs/clickandbuilds/HawkConstruction/wp-admin/images/comment-grey-bubble-2x.png&path=/homepages/38/d1014936368/htdocs/clickandbuilds/HawkConstruction/wp-admin/images HTTP/1.1" 200 12844 hawk-cs.com "-" "Mozilla/5.0 AppleWebKit/537.36 (KHTML, like Gecko; compatible; Amazonbot/0.1; +https://developer.amazon.com/support/amazonbot) Chrome/119.0.6045.214 Safari/537.36" "-"
66.249.64.0 - - [22/Mar/2026:00:13:27 -0400] "GET /shop/skulker/eatable11138534206.html HTTP/1.1" 200 221729 hawk-cs.com "-" "Mozilla/5.0 (Linux; Android 6.0.1; Nexus 5X Build/MMB29P) AppleWebKit/537.36 (KHTML, like Gecko) Chrome/145.0.7632.159 Mobile Safari/537.36 (compatible; Googlebot/2.1; +http://www.google.com/bot.html)" "-"
66.249.64.0 - - [22/Mar/2026:00:13:29 -0400] "GET /shop/smite/heartsease022168592878.html HTTP/1.1" 200 253963 hawk-cs.com "-" "Mozilla/5.0 (Linux; Android 6.0.1; Nexus 5X Build/MMB29P) AppleWebKit/537.36 (KHTML, like Gecko) Chrome/145.0.7632.159 Mobile Safari/537.36 (compatible; Googlebot/2.1; +http://www.google.com/bot.html)" "-"
54.197.82.0 - - [22/Mar/2026:00:13:29 -0400] "GET /what-client-musical-accompaniment-selection-are-available-pacific-region-get-bonus-now/?fileloc=/homepages/38/d1014936368/htdocs/clickandbuilds/HawkConstruction/wp-admin/images/wordpress-logo.png&path=/homepages/38/d1014936368/htdocs/clickandbuilds/HawkConstruction/wp-admin/images HTTP/1.1" 200 12836 hawk-cs.com "-" "Mozilla/5.0 AppleWebKit/537.36 (KHTML, like Gecko; compatible; Amazonbot/0.1; +https://developer.amazon.com/support/amazonbot) Chrome/119.0.6045.214 Safari/537.36" "-"
2a03:2880:f800:: - - [22/Mar/2026:00:13:29 -0400] "GET /shop/cryptobranchiate/comfortress001123264086.html?path=/homepages/8 HTTP/1.1" 200 69969 hawk-cs.com "-" "meta-externalagent/1.1 (+https://developers.facebook.com/docs/sharing/webmasters/crawler)" "-"
216.73.216.0 - - [22/Mar/2026:00:13:30 -0400] "GET /100-echtes-geld-blackjack?path=%2Fhomepages%2F31%2Fd1016595931%2Fmanaged HTTP/1.1" 429 267 hawk-cs.com "-" "Mozilla/5.0 AppleWebKit/537.36 (KHTML, like Gecko; compatible; ClaudeBot/1.0; +claudebot@anthropic.com)" "-"
216.73.216.0 - - [22/Mar/2026:00:13:31 -0400] "GET /shop/klavier/pycnodont023097311360.html?fileloc=%2Fhomepages%2F38%2Fd1014936368%2Fhtdocs%2Fclickandbuilds%2FHawkConstruction%2Fwp-mail.php&path=%2Fhomepages%2F38%2Fd1014936368%2Fhtdocs%2Fclickandbuilds%2FHawkConstruction HTTP/1.1" 429 267 hawk-cs.com "-" "Mozilla/5.0 AppleWebKit/537.36 (KHTML, like Gecko; compatible; ClaudeBot/1.0; +claudebot@anthropic.com)" "-"
66.249.64.0 - - [22/Mar/2026:00:13:31 -0400] "GET /shop/quindecylic/pyralid082714115994.html HTTP/1.1" 200 221238 hawk-cs.com "-" "Mozilla/5.0 (Linux; Android 6.0.1; Nexus 5X Build/MMB29P) AppleWebKit/537.36 (KHTML, like Gecko) Chrome/145.0.7632.159 Mobile Safari/537.36 (compatible; Googlebot/2.1; +http://www.google.com/bot.html)" "-"
3.94.157.0 - - [22/Mar/2026:00:13:33 -0400] "GET /alive-principal-alternative-new-zealand-spin-to-win/?fileloc=/homepages/38/d1014936368/htdocs/clickandbuilds/HawkConstruction/wp-admin/includes/class-walker-nav-menu-edit.php&path=/homepages/38/d1014936368/htdocs/clickandbuilds/HawkConstruction/wp-admin/includes HTTP/1.1" 200 30000 hawk-cs.com "-" "Mozilla/5.0 AppleWebKit/537.36 (KHTML, like Gecko; compatible; Amazonbot/0.1; +https://developer.amazon.com/support/amazonbot) Chrome/119.0.6045.214 Safari/537.36" "-"
66.249.64.0 - - [22/Mar/2026:00:13:34 -0400] "GET /shop/convenient/feasor123074337327.html HTTP/1.1" 200 257865 hawk-cs.com "-" "Mozilla/5.0 (Linux; Android 6.0.1; Nexus 5X Build/MMB29P) AppleWebKit/537.36 (KHTML, like Gecko) Chrome/145.0.7632.159 Mobile Safari/537.36 (compatible; Googlebot/2.1; +http://www.google.com/bot.html)" "-"
216.73.216.0 - - [22/Mar/2026:00:13:35 -0400] "GET /100-echtes-geld-blackjack?path=%2Fhomepages%2F33%2Fd1015522359%2Fmanaged HTTP/1.1" 429 267 hawk-cs.com "-" "Mozilla/5.0 AppleWebKit/537.36 (KHTML, like Gecko; compatible; ClaudeBot/1.0; +claudebot@anthropic.com)" "-"
216.73.216.0 - - [22/Mar/2026:00:13:36 -0400] "GET /shop/prognosis/verity022415979510.html?fileloc=%2Fhomepages%2F38%2Fd1014936368%2Fhtdocs%2Fclickandbuilds%2FHawkConstruction%2Fwp-load.php&path=%2Fhomepages%2F38%2Fd1014936368%2Fhtdocs%2Fclickandbuilds%2FHawkConstruction HTTP/1.1" 429 267 hawk-cs.com "-" "Mozilla/5.0 AppleWebKit/537.36 (KHTML, like Gecko; compatible; ClaudeBot/1.0; +claudebot@anthropic.com)" "-"
66.249.64.0 - - [22/Mar/2026:00:13:37 -0400] "GET /shop/exostome/rigorously021349807992.html HTTP/1.1" 200 213096 hawk-cs.com "-" "Mozilla/5.0 (Linux; Android 6.0.1; Nexus 5X Build/MMB29P) AppleWebKit/537.36 (KHTML, like Gecko) Chrome/145.0.7632.159 Mobile Safari/537.36 (compatible; Googlebot/2.1; +http://www.google.com/bot.html)" "-"
2a03:2880:f800:: - - [22/Mar/2026:00:13:37 -0400] "GET /shop/diaspore/gangrene001911279120.html?path=//var HTTP/1.1" 200 28032 hawk-cs.com "-" "meta-externalagent/1.1 (+https://developers.facebook.com/docs/sharing/webmasters/crawler)" "-"
3.89.170.0 - - [22/Mar/2026:00:13:38 -0400] "GET /wp-json/wp/v2/posts/879?fileloc=/homepages/38/d1014936368/htdocs/clickandbuilds/HawkConstruction/wp-admin/user-edit.php&path=/homepages/38/d1014936368/htdocs/clickandbuilds/HawkConstruction/wp-admin HTTP/1.1" 200 61882 hawk-cs.com "-" "Mozilla/5.0 AppleWebKit/537.36 (KHTML, like Gecko; compatible; Amazonbot/0.1; +https://developer.amazon.com/support/amazonbot) Chrome/119.0.6045.214 Safari/537.36" "-"
216.73.216.0 - - [22/Mar/2026:00:13:40 -0400] "GET /shop/flirtgill/flatwise021171721941.html?fileloc=%2Fhomepages%2F38%2Fd1014936368%2Fhtdocs%2Fclickandbuilds%2FHawkConstruction%2Ftxets.php&path=%2Fhomepages%2F38%2Fd1014936368%2Fhtdocs%2Fclickandbuilds%2FHawkConstruction HTTP/1.1" 429 267 hawk-cs.com "-" "Mozilla/5.0 AppleWebKit/537.36 (KHTML, like Gecko; compatible; ClaudeBot/1.0; +claudebot@anthropic.com)" "-"
66.249.64.0 - - [22/Mar/2026:00:13:41 -0400] "GET /shop/phytochimy/unclasp123798530412.html HTTP/1.1" 200 219564 hawk-cs.com "-" "Mozilla/5.0 (Linux; Android 6.0.1; Nexus 5X Build/MMB29P) AppleWebKit/537.36 (KHTML, like Gecko) Chrome/145.0.7632.159 Mobile Safari/537.36 (compatible; Googlebot/2.1; +http://www.google.com/bot.html)" "-"
216.73.216.0 - - [22/Mar/2026:00:13:41 -0400] "GET /shop/encharging/bostryx031152758626.html?fileloc=%2Fhomepages%2F38%2Fd1014936368%2Fhtdocs%2Fclickandbuilds%2FHawkConstruction%2Fwp-includes%2Fcanonical-long.php&path=%2Fhomepages%2F38%2Fd1014936368%2Fhtdocs%2Fclickandbuilds%2FHawkConstruction%2Fwp-includes HTTP/1.1" 429 267 hawk-cs.com "-" "Mozilla/5.0 AppleWebKit/537.36 (KHTML, like Gecko; compatible; ClaudeBot/1.0; +claudebot@anthropic.com)" "-"
50.19.79.0 - - [22/Mar/2026:00:13:41 -0400] "GET /our-service-welcomes-you-7-days-a-week-north-america-grab-your-bonus/?fileloc=/homepages/38/d1014936368/htdocs/clickandbuilds/HawkConstruction/wp-includes/class-wp-url-pattern-prefixer.php&path=/homepages/38/d1014936368/htdocs/clickandbuilds/HawkConstruction/wp-includes HTTP/1.1" 200 17613 hawk-cs.com "-" "Mozilla/5.0 AppleWebKit/537.36 (KHTML, like Gecko; compatible; Amazonbot/0.1; +https://developer.amazon.com/support/amazonbot) Chrome/119.0.6045.214 Safari/537.36" "-"
49.36.192.0 - - [22/Mar/2026:00:13:42 -0400] "GET /landscaping-gallery?path=/homepages/38/d1014936368/htdocs/clickandbuilds/HawkConstruction/adebwp HTTP/1.1" 200 16210 hawk-cs.com "-" "Mozilla/5.0 (X11; U; Linux i686; de; rv:1.9.2.10) Gecko/20100922 Ubuntu/10.10 (maverick) Firefox/3.6.10" "-"
