54.225.148.0 - - [22/Mar/2026:01:01:45 -0400] "GET /wp-json/wp/v2/posts/891?fileloc=/homepages/38/d1014936368/htdocs/clickandbuilds/HawkConstruction/wp-settings.php&path=/homepages/38/d1014936368/htdocs/clickandbuilds/HawkConstruction HTTP/1.1" 429 267 hawk-cs.com "-" "Mozilla/5.0 AppleWebKit/537.36 (KHTML, like Gecko; compatible; Amazonbot/0.1; +https://developer.amazon.com/support/amazonbot) Chrome/119.0.6045.214 Safari/537.36" "-"
66.249.64.0 - - [22/Mar/2026:01:01:46 -0400] "GET /shop/flutter/avalanche05897891780.html HTTP/1.1" 200 208891 hawk-cs.com "-" "Mozilla/5.0 (Linux; Android 6.0.1; Nexus 5X Build/MMB29P) AppleWebKit/537.36 (KHTML, like Gecko) Chrome/145.0.7632.159 Mobile Safari/537.36 (compatible; Googlebot/2.1; +http://www.google.com/bot.html)" "-"
2a03:2880:f800:: - - [22/Mar/2026:01:01:48 -0400] "GET /shop/deoxidation/bespoke02748625184.html?path=/homepages/38/d1014936368/htdocs/clickandbuilds/HawkConstruction HTTP/1.1" 429 267 hawk-cs.com "-" "meta-externalagent/1.1 (+https://developers.facebook.com/docs/sharing/webmasters/crawler)" "-"
66.249.64.0 - - [22/Mar/2026:01:01:48 -0400] "GET /shop/deleteriously/muskelunjeh002886515292.html HTTP/1.1" 200 218022 hawk-cs.com "-" "Mozilla/5.0 (Linux; Android 6.0.1; Nexus 5X Build/MMB29P) AppleWebKit/537.36 (KHTML, like Gecko) Chrome/145.0.7632.159 Mobile Safari/537.36 (compatible; Googlebot/2.1; +http://www.google.com/bot.html)" "-"
66.249.64.0 - - [22/Mar/2026:01:01:49 -0400] "GET /shop/rhodymenia/losingly094052106848.html HTTP/1.1" 200 210816 hawk-cs.com "-" "Mozilla/5.0 (Linux; Android 6.0.1; Nexus 5X Build/MMB29P) AppleWebKit/537.36 (KHTML, like Gecko) Chrome/145.0.7632.159 Mobile Safari/537.36 (compatible; Googlebot/2.1; +http://www.google.com/bot.html)" "-"
50.16.216.0 - - [22/Mar/2026:01:01:49 -0400] "GET /wp-json/oembed/1.0/embed?fileloc=/homepages/38/d1014936368/htdocs/clickandbuilds/HawkConstruction/wp-includes/class-wp-tax-query.php&path=/homepages/38/d1014936368/htdocs/clickandbuilds/HawkConstruction/wp-includes HTTP/1.1" 429 267 hawk-cs.com "-" "Mozilla/5.0 AppleWebKit/537.36 (KHTML, like Gecko; compatible; Amazonbot/0.1; +https://developer.amazon.com/support/amazonbot) Chrome/119.0.6045.214 Safari/537.36" "-"
2a03:2880:f800:: - - [22/Mar/2026:01:01:52 -0400] "GET /shop/commiphora/mandola00133027378.html?path=//tmp HTTP/1.1" 429 267 hawk-cs.com "-" "meta-externalagent/1.1 (+https://developers.facebook.com/docs/sharing/webmasters/crawler)" "-"
34.196.237.0 - - [22/Mar/2026:01:01:53 -0400] "GET /wp-json/wp/v2/categories/1?path=/homepages/38/d1014936368/htdocs/clickandbuilds/HawkConstruction/wp-content/et-cache/2201 HTTP/1.1" 429 267 hawk-cs.com "-" "Mozilla/5.0 AppleWebKit/537.36 (KHTML, like Gecko; compatible; Amazonbot/0.1; +https://developer.amazon.com/support/amazonbot) Chrome/119.0.6045.214 Safari/537.36" "-"
74.7.243.0 - - [22/Mar/2026:01:01:54 -0400] "GET /shop/cyprides/simplesse061543178177.html HTTP/1.1" 200 76933 hawk-cs.com "https://hawk-cs.com/sitemap-sub-2034.xml" "Mozilla/5.0 AppleWebKit/537.36 (KHTML, like Gecko; compatible; GPTBot/1.3; +https://openai.com/gptbot)" "-"
66.249.64.0 - - [22/Mar/2026:01:01:55 -0400] "GET /shop/marchant/hippotragus122150892482.html HTTP/1.1" 200 222228 hawk-cs.com "-" "Mozilla/5.0 (Linux; Android 6.0.1; Nexus 5X Build/MMB29P) AppleWebKit/537.36 (KHTML, like Gecko) Chrome/145.0.7632.159 Mobile Safari/537.36 (compatible; Googlebot/2.1; +http://www.google.com/bot.html)" "-"
2a03:2880:f800:: - - [22/Mar/2026:01:01:57 -0400] "GET /shop/oddity/stricta023682288489.html?path=/homepages/38/d1016164901 HTTP/1.1" 200 29998 hawk-cs.com "-" "meta-externalagent/1.1 (+https://developers.facebook.com/docs/sharing/webmasters/crawler)" "-"
3.223.181.0 - - [22/Mar/2026:01:01:57 -0400] "GET /wp-json/wp/v2/categories/1?path=/homepages/38/d1014936368/htdocs/clickandbuilds/HawkConstruction/wp-content/et-cache/601 HTTP/1.1" 200 22308 hawk-cs.com "-" "Mozilla/5.0 AppleWebKit/537.36 (KHTML, like Gecko; compatible; Amazonbot/0.1; +https://developer.amazon.com/support/amazonbot) Chrome/119.0.6045.214 Safari/537.36" "-"
66.249.64.0 - - [22/Mar/2026:01:01:57 -0400] "GET /shop/deficience/heavenliness121769007908.html HTTP/1.1" 200 231767 hawk-cs.com "-" "Mozilla/5.0 (Linux; Android 6.0.1; Nexus 5X Build/MMB29P) AppleWebKit/537.36 (KHTML, like Gecko) Chrome/145.0.7632.159 Mobile Safari/537.36 (compatible; Googlebot/2.1; +http://www.google.com/bot.html)" "-"
66.249.64.0 - - [22/Mar/2026:01:02:00 -0400] "GET /shop/triluminar/consultary122909227591.html HTTP/1.1" 200 220157 hawk-cs.com "-" "Mozilla/5.0 (Linux; Android 6.0.1; Nexus 5X Build/MMB29P) AppleWebKit/537.36 (KHTML, like Gecko) Chrome/145.0.7632.159 Mobile Safari/537.36 (compatible; Googlebot/2.1; +http://www.google.com/bot.html)" "-"
107.20.224.0 - - [22/Mar/2026:01:02:01 -0400] "GET /wp-json/wp/v2/categories/1?path=/homepages/38/d1014936368/htdocs/clickandbuilds/HawkConstruction/wp-content/et-cache/2553 HTTP/1.1" 200 13291 hawk-cs.com "-" "Mozilla/5.0 AppleWebKit/537.36 (KHTML, like Gecko; compatible; Amazonbot/0.1; +https://developer.amazon.com/support/amazonbot) Chrome/119.0.6045.214 Safari/537.36" "-"
66.249.64.0 - - [22/Mar/2026:01:02:02 -0400] "GET /shop/flabel/speedfully111273261089.html HTTP/1.1" 200 212901 hawk-cs.com "-" "Mozilla/5.0 (Linux; Android 6.0.1; Nexus 5X Build/MMB29P) AppleWebKit/537.36 (KHTML, like Gecko) Chrome/145.0.7632.159 Mobile Safari/537.36 (compatible; Googlebot/2.1; +http://www.google.com/bot.html)" "-"
2a03:2880:f800:: - - [22/Mar/2026:01:02:03 -0400] "GET /shop/blunder/netveined023032541043.html?path=//run HTTP/1.1" 200 19334 hawk-cs.com "-" "meta-externalagent/1.1 (+https://developers.facebook.com/docs/sharing/webmasters/crawler)" "-"
66.249.64.0 - - [22/Mar/2026:01:02:05 -0400] "GET /shop/occasioner/tricornigerous003128452682.html HTTP/1.1" 200 226237 hawk-cs.com "-" "Mozilla/5.0 (Linux; Android 6.0.1; Nexus 5X Build/MMB29P) AppleWebKit/537.36 (KHTML, like Gecko) Chrome/145.0.7632.159 Mobile Safari/537.36 (compatible; Googlebot/2.1; +http://www.google.com/bot.html)" "-"
3.81.253.0 - - [22/Mar/2026:01:02:05 -0400] "GET /wp-json/wp/v2/categories/1?path=/homepages/38/d1014936368/htdocs/clickandbuilds/HawkConstruction/wp-content/et-cache/4890 HTTP/1.1" 200 13291 hawk-cs.com "-" "Mozilla/5.0 AppleWebKit/537.36 (KHTML, like Gecko; compatible; Amazonbot/0.1; +https://developer.amazon.com/support/amazonbot) Chrome/119.0.6045.214 Safari/537.36" "-"
66.249.64.0 - - [22/Mar/2026:01:02:07 -0400] "GET /shop/disinthral/luteola00521044691.html HTTP/1.1" 200 213062 hawk-cs.com "-" "Mozilla/5.0 (Linux; Android 6.0.1; Nexus 5X Build/MMB29P) AppleWebKit/537.36 (KHTML, like Gecko) Chrome/145.0.7632.159 Mobile Safari/537.36 (compatible; Googlebot/2.1; +http://www.google.com/bot.html)" "-"
66.249.64.0 - - [22/Mar/2026:01:02:09 -0400] "GET /shop/blackguard/capuched003182024624.html HTTP/1.1" 200 219249 hawk-cs.com "-" "Mozilla/5.0 (Linux; Android 6.0.1; Nexus 5X Build/MMB29P) AppleWebKit/537.36 (KHTML, like Gecko) Chrome/145.0.7632.159 Mobile Safari/537.36 (compatible; Googlebot/2.1; +http://www.google.com/bot.html)" "-"
66.249.64.0 - - [22/Mar/2026:01:02:09 -0400] "GET /shop/anguilliform/wriggling141785460521.html HTTP/1.1" 200 218348 hawk-cs.com "-" "Mozilla/5.0 (Linux; Android 6.0.1; Nexus 5X Build/MMB29P) AppleWebKit/537.36 (KHTML, like Gecko) Chrome/145.0.7632.159 Mobile Safari/537.36 (compatible; Googlebot/2.1; +http://www.google.com/bot.html)" "-"
3.212.205.0 - - [22/Mar/2026:01:02:09 -0400] "GET /wp-json/wp/v2/categories/1?path=/homepages/38/d1014936368/htdocs/clickandbuilds/HawkConstruction/wp-content/et-cache/6058 HTTP/1.1" 200 13291 hawk-cs.com "-" "Mozilla/5.0 AppleWebKit/537.36 (KHTML, like Gecko; compatible; Amazonbot/0.1; +https://developer.amazon.com/support/amazonbot) Chrome/119.0.6045.214 Safari/537.36" "-"
66.249.64.0 - - [22/Mar/2026:01:02:11 -0400] "GET /shop/birdseye/duenna061267950107.html HTTP/1.1" 200 209396 hawk-cs.com "-" "Mozilla/5.0 (Linux; Android 6.0.1; Nexus 5X Build/MMB29P) AppleWebKit/537.36 (KHTML, like Gecko) Chrome/145.0.7632.159 Mobile Safari/537.36 (compatible; Googlebot/2.1; +http://www.google.com/bot.html)" "-"
66.249.64.0 - - [22/Mar/2026:01:02:13 -0400] "GET /shop/spook/oarswoman091740376607.html HTTP/1.1" 200 233470 hawk-cs.com "-" "Mozilla/5.0 (Linux; Android 6.0.1; Nexus 5X Build/MMB29P) AppleWebKit/537.36 (KHTML, like Gecko) Chrome/145.0.7632.159 Mobile Safari/537.36 (compatible; Googlebot/2.1; +http://www.google.com/bot.html)" "-"
18.214.186.0 - - [22/Mar/2026:01:02:14 -0400] "GET /wp-json/wp/v2/categories/1?path=//lib64 HTTP/1.1" 200 14048 hawk-cs.com "-" "Mozilla/5.0 AppleWebKit/537.36 (KHTML, like Gecko; compatible; Amazonbot/0.1; +https://developer.amazon.com/support/amazonbot) Chrome/119.0.6045.214 Safari/537.36" "-"
66.249.64.0 - - [22/Mar/2026:01:02:15 -0400] "GET /shop/beauty/ringworm064097857844.html HTTP/1.1" 200 222889 hawk-cs.com "-" "Mozilla/5.0 (Linux; Android 6.0.1; Nexus 5X Build/MMB29P) AppleWebKit/537.36 (KHTML, like Gecko) Chrome/145.0.7632.159 Mobile Safari/537.36 (compatible; Googlebot/2.1; +http://www.google.com/bot.html)" "-"
66.249.64.0 - - [22/Mar/2026:01:02:17 -0400] "GET /shop/sextile/popet073866037972.html HTTP/1.1" 200 213008 hawk-cs.com "-" "Mozilla/5.0 (Linux; Android 6.0.1; Nexus 5X Build/MMB29P) AppleWebKit/537.36 (KHTML, like Gecko) Chrome/145.0.7632.159 Mobile Safari/537.36 (compatible; Googlebot/2.1; +http://www.google.com/bot.html)" "-"
3.235.215.0 - - [22/Mar/2026:01:02:17 -0400] "GET /wp-json/wp/v2/categories/1?path=/homepages/38/d1014936368/htdocs/clickandbuilds/HawkConstruction/wp-content/et-cache/1045 HTTP/1.1" 200 22350 hawk-cs.com "-" "Mozilla/5.0 AppleWebKit/537.36 (KHTML, like Gecko; compatible; Amazonbot/0.1; +https://developer.amazon.com/support/amazonbot) Chrome/119.0.6045.214 Safari/537.36" "-"
66.249.64.0 - - [22/Mar/2026:01:02:18 -0400] "GET /shop/lifeful/lichenoides023172683509.html HTTP/1.1" 200 214130 hawk-cs.com "-" "Mozilla/5.0 (Linux; Android 6.0.1; Nexus 5X Build/MMB29P) AppleWebKit/537.36 (KHTML, like Gecko) Chrome/145.0.7632.159 Mobile Safari/537.36 (compatible; Googlebot/2.1; +http://www.google.com/bot.html)" "-"
74.7.243.0 - - [22/Mar/2026:01:02:19 -0400] "GET /shop/composer/cauliform061127215282.html HTTP/1.1" 200 76933 hawk-cs.com "https://hawk-cs.com/sitemap-sub-2034.xml" "Mozilla/5.0 AppleWebKit/537.36 (KHTML, like Gecko; compatible; GPTBot/1.3; +https://openai.com/gptbot)" "-"
66.249.64.0 - - [22/Mar/2026:01:02:19 -0400] "GET /shop/antiphon/toadflax024137665605.html HTTP/1.1" 200 210318 hawk-cs.com "-" "Mozilla/5.0 (Linux; Android 6.0.1; Nexus 5X Build/MMB29P) AppleWebKit/537.36 (KHTML, like Gecko) Chrome/145.0.7632.159 Mobile Safari/537.36 (compatible; Googlebot/2.1; +http://www.google.com/bot.html)" "-"
66.249.64.0 - - [22/Mar/2026:01:02:20 -0400] "GET /shop/anamorphosy/macroarpa031272890846.html HTTP/1.1" 200 215369 hawk-cs.com "-" "Mozilla/5.0 (Linux; Android 6.0.1; Nexus 5X Build/MMB29P) AppleWebKit/537.36 (KHTML, like Gecko) Chrome/145.0.7632.159 Mobile Safari/537.36 (compatible; Googlebot/2.1; +http://www.google.com/bot.html)" "-"
54.210.152.0 - - [22/Mar/2026:01:02:21 -0400] "GET /check-out-our-new-roofing-repair-and-replacement-division/?fileloc=/homepages/38/d1014936368/htdocs/clickandbuilds/HawkConstruction/wp-admin/edit-form-blocks.php&path=/homepages/38/d1014936368/htdocs/clickandbuilds/HawkConstruction/wp-admin HTTP/1.1" 200 28216 hawk-cs.com "-" "Mozilla/5.0 AppleWebKit/537.36 (KHTML, like Gecko; compatible; Amazonbot/0.1; +https://developer.amazon.com/support/amazonbot) Chrome/119.0.6045.214 Safari/537.36" "-"
66.249.64.0 - - [22/Mar/2026:01:02:22 -0400] "GET /shop/herbose/barberry123738211799.html HTTP/1.1" 200 222764 hawk-cs.com "-" "Mozilla/5.0 (Linux; Android 6.0.1; Nexus 5X Build/MMB29P) AppleWebKit/537.36 (KHTML, like Gecko) Chrome/145.0.7632.159 Mobile Safari/537.36 (compatible; Googlebot/2.1; +http://www.google.com/bot.html)" "-"
66.249.64.0 - - [22/Mar/2026:01:02:23 -0400] "GET /shop/disappeared/aggravating123129275778.html HTTP/1.1" 200 205995 hawk-cs.com "-" "Mozilla/5.0 (Linux; Android 6.0.1; Nexus 5X Build/MMB29P) AppleWebKit/537.36 (KHTML, like Gecko) Chrome/145.0.7632.159 Mobile Safari/537.36 (compatible; Googlebot/2.1; +http://www.google.com/bot.html)" "-"
66.249.64.0 - - [22/Mar/2026:01:02:24 -0400] "GET /shop/hackneyman/liquidity121367508388.html HTTP/1.1" 200 208484 hawk-cs.com "-" "Mozilla/5.0 (Linux; Android 6.0.1; Nexus 5X Build/MMB29P) AppleWebKit/537.36 (KHTML, like Gecko) Chrome/145.0.7632.159 Mobile Safari/537.36 (compatible; Googlebot/2.1; +http://www.google.com/bot.html)" "-"
3.214.176.0 - - [22/Mar/2026:01:02:25 -0400] "GET /wp-json/wp/v2/categories/1?path=/homepages/38/d1014936368/htdocs/clickandbuilds/HawkConstruction/wp-content/et-cache/2401 HTTP/1.1" 200 22350 hawk-cs.com "-" "Mozilla/5.0 AppleWebKit/537.36 (KHTML, like Gecko; compatible; Amazonbot/0.1; +https://developer.amazon.com/support/amazonbot) Chrome/119.0.6045.214 Safari/537.36" "-"
66.249.64.0 - - [22/Mar/2026:01:02:26 -0400] "GET /shop/limiter/evangelicalism033926338663.html HTTP/1.1" 200 202646 hawk-cs.com "-" "Mozilla/5.0 (Linux; Android 6.0.1; Nexus 5X Build/MMB29P) AppleWebKit/537.36 (KHTML, like Gecko) Chrome/145.0.7632.159 Mobile Safari/537.36 (compatible; Googlebot/2.1; +http://www.google.com/bot.html)" "-"
66.249.64.0 - - [22/Mar/2026:01:02:28 -0400] "GET /shop/exametron/thropple082528006133.html HTTP/1.1" 200 226687 hawk-cs.com "-" "Mozilla/5.0 (Linux; Android 6.0.1; Nexus 5X Build/MMB29P) AppleWebKit/537.36 (KHTML, like Gecko) Chrome/145.0.7632.159 Mobile Safari/537.36 (compatible; Googlebot/2.1; +http://www.google.com/bot.html)" "-"
54.157.84.0 - - [22/Mar/2026:01:02:29 -0400] "GET /ios-spielautomaten-beste-umsatzbedingungen/?fileloc=/homepages/38/d1014936368/htdocs/clickandbuilds/HawkConstruction/wp-includes/class-wp-xmlrpc-server.php&path=/homepages/38/d1014936368/htdocs/clickandbuilds/HawkConstruction/wp-includes HTTP/1.1" 200 232377 hawk-cs.com "-" "Mozilla/5.0 AppleWebKit/537.36 (KHTML, like Gecko; compatible; Amazonbot/0.1; +https://developer.amazon.com/support/amazonbot) Chrome/119.0.6045.214 Safari/537.36" "-"
66.249.64.0 - - [22/Mar/2026:01:02:31 -0400] "GET /shop/banker/unslaked152015801351.html HTTP/1.1" 200 203507 hawk-cs.com "-" "Mozilla/5.0 (Linux; Android 6.0.1; Nexus 5X Build/MMB29P) AppleWebKit/537.36 (KHTML, like Gecko) Chrome/145.0.7632.159 Mobile Safari/537.36 (compatible; Googlebot/2.1; +http://www.google.com/bot.html)" "-"
66.249.64.0 - - [22/Mar/2026:01:02:32 -0400] "GET /shop/mutandum/midsea023850890239.html HTTP/1.1" 200 206402 hawk-cs.com "-" "Mozilla/5.0 (Linux; Android 6.0.1; Nexus 5X Build/MMB29P) AppleWebKit/537.36 (KHTML, like Gecko) Chrome/145.0.7632.159 Mobile Safari/537.36 (compatible; Googlebot/2.1; +http://www.google.com/bot.html)" "-"
54.204.12.0 - - [22/Mar/2026:01:02:33 -0400] "GET /ios-spielautomaten-beste-umsatzbedingungen/?fileloc=/homepages/38/d1014936368/htdocs/clickandbuilds/HawkConstruction/wp-includes/class-wp-plugin-dependencies.php&path=/homepages/38/d1014936368/htdocs/clickandbuilds/HawkConstruction/wp-includes HTTP/1.1" 200 38299 hawk-cs.com "-" "Mozilla/5.0 AppleWebKit/537.36 (KHTML, like Gecko; compatible; Amazonbot/0.1; +https://developer.amazon.com/support/amazonbot) Chrome/119.0.6045.214 Safari/537.36" "-"
66.249.64.0 - - [22/Mar/2026:01:02:34 -0400] "GET /shop/firebare/feigned121909586081.html HTTP/1.1" 200 216580 hawk-cs.com "-" "Mozilla/5.0 (Linux; Android 6.0.1; Nexus 5X Build/MMB29P) AppleWebKit/537.36 (KHTML, like Gecko) Chrome/145.0.7632.159 Mobile Safari/537.36 (compatible; Googlebot/2.1; +http://www.google.com/bot.html)" "-"
66.249.64.0 - - [22/Mar/2026:01:02:36 -0400] "GET /shop/pantologist/nautilidae06321535164.html HTTP/1.1" 200 212230 hawk-cs.com "-" "Mozilla/5.0 (Linux; Android 6.0.1; Nexus 5X Build/MMB29P) AppleWebKit/537.36 (KHTML, like Gecko) Chrome/145.0.7632.159 Mobile Safari/537.36 (compatible; Googlebot/2.1; +http://www.google.com/bot.html)" "-"
44.218.170.0 - - [22/Mar/2026:01:02:37 -0400] "GET /wp-json/wp/v2/posts/879?fileloc=/homepages/38/d1014936368/htdocs/clickandbuilds/HawkConstruction/wp-admin/export-personal-data.php&path=/homepages/38/d1014936368/htdocs/clickandbuilds/HawkConstruction/wp-admin HTTP/1.1" 200 21913 hawk-cs.com "-" "Mozilla/5.0 AppleWebKit/537.36 (KHTML, like Gecko; compatible; Amazonbot/0.1; +https://developer.amazon.com/support/amazonbot) Chrome/119.0.6045.214 Safari/537.36" "-"
66.249.64.0 - - [22/Mar/2026:01:02:39 -0400] "GET /shop/vouching/filical12967759910.html HTTP/1.1" 200 205524 hawk-cs.com "-" "Mozilla/5.0 (Linux; Android 6.0.1; Nexus 5X Build/MMB29P) AppleWebKit/537.36 (KHTML, like Gecko) Chrome/145.0.7632.159 Mobile Safari/537.36 (compatible; Googlebot/2.1; +http://www.google.com/bot.html)" "-"
2a03:2880:f800:: - - [22/Mar/2026:01:02:39 -0400] "GET /shop/sneak/oreographic022235232533.html?path=/homepages/6 HTTP/1.1" 200 95296 hawk-cs.com "-" "meta-externalagent/1.1 (+https://developers.facebook.com/docs/sharing/webmasters/crawler)" "-"
66.249.64.0 - - [22/Mar/2026:01:02:41 -0400] "GET /shop/darbyites/depopulate122951459566.html HTTP/1.1" 200 211229 hawk-cs.com "-" "Mozilla/5.0 (Linux; Android 6.0.1; Nexus 5X Build/MMB29P) AppleWebKit/537.36 (KHTML, like Gecko) Chrome/145.0.7632.159 Mobile Safari/537.36 (compatible; Googlebot/2.1; +http://www.google.com/bot.html)" "-"
74.7.243.0 - - [22/Mar/2026:01:02:41 -0400] "GET /shop/turpetum/pickeerer061084983323.html?fileloc=/homepages/38/d1014936368/htdocs/clickandbuilds/HawkConstruction/wp-links-opml.php&path=/homepages/38/d1014936368/htdocs/clickandbuilds/HawkConstruction HTTP/1.1" 200 15402 hawk-cs.com "https://hawk-cs.com/shop/turpetum/pickeerer061084983323.html" "Mozilla/5.0 AppleWebKit/537.36 (KHTML, like Gecko; compatible; GPTBot/1.3; +https://openai.com/gptbot)" "-"
100.29.107.0 - - [22/Mar/2026:01:02:41 -0400] "GET /wp-json/wp/v2/categories/1?path=/homepages/38/d1014936368/htdocs/clickandbuilds/HawkConstruction/wp-content/et-cache/3517 HTTP/1.1" 200 13291 hawk-cs.com "-" "Mozilla/5.0 AppleWebKit/537.36 (KHTML, like Gecko; compatible; Amazonbot/0.1; +https://developer.amazon.com/support/amazonbot) Chrome/119.0.6045.214 Safari/537.36" "-"
66.249.64.0 - - [22/Mar/2026:01:02:43 -0400] "GET /shop/gazette/stupify06217909595.html HTTP/1.1" 200 197956 hawk-cs.com "-" "Mozilla/5.0 (Linux; Android 6.0.1; Nexus 5X Build/MMB29P) AppleWebKit/537.36 (KHTML, like Gecko) Chrome/145.0.7632.159 Mobile Safari/537.36 (compatible; Googlebot/2.1; +http://www.google.com/bot.html)" "-"
34.199.252.0 - - [22/Mar/2026:01:02:45 -0400] "GET /wp-json/oembed/1.0/embed?fileloc=/homepages/38/d1014936368/htdocs/clickandbuilds/HawkConstruction/wp-admin/media-new.php&path=/homepages/38/d1014936368/htdocs/clickandbuilds/HawkConstruction/wp-admin HTTP/1.1" 200 16462 hawk-cs.com "-" "Mozilla/5.0 AppleWebKit/537.36 (KHTML, like Gecko; compatible; Amazonbot/0.1; +https://developer.amazon.com/support/amazonbot) Chrome/119.0.6045.214 Safari/537.36" "-"
66.249.64.0 - - [22/Mar/2026:01:02:47 -0400] "GET /shop/chefsdoeuvre/polishedness01406477588.html HTTP/1.1" 200 231852 hawk-cs.com "-" "Mozilla/5.0 (Linux; Android 6.0.1; Nexus 5X Build/MMB29P) AppleWebKit/537.36 (KHTML, like Gecko) Chrome/145.0.7632.159 Mobile Safari/537.36 (compatible; Googlebot/2.1; +http://www.google.com/bot.html)" "-"
66.249.64.0 - - [22/Mar/2026:01:02:49 -0400] "GET /shop/fortresses/epitrite121327878751.html HTTP/1.1" 200 222617 hawk-cs.com "-" "Mozilla/5.0 (Linux; Android 6.0.1; Nexus 5X Build/MMB29P) AppleWebKit/537.36 (KHTML, like Gecko) Chrome/145.0.7632.159 Mobile Safari/537.36 (compatible; Googlebot/2.1; +http://www.google.com/bot.html)" "-"
98.80.130.0 - - [22/Mar/2026:01:02:49 -0400] "GET /sustenance-connecticut-enjoy-the-game/?fileloc=/homepages/38/d1014936368/htdocs/clickandbuilds/HawkConstruction/wp-admin/nav-menus.php&path=/homepages/38/d1014936368/htdocs/clickandbuilds/HawkConstruction/wp-admin HTTP/1.1" 200 67425 hawk-cs.com "-" "Mozilla/5.0 AppleWebKit/537.36 (KHTML, like Gecko; compatible; Amazonbot/0.1; +https://developer.amazon.com/support/amazonbot) Chrome/119.0.6045.214 Safari/537.36" "-"
66.249.64.0 - - [22/Mar/2026:01:02:51 -0400] "GET /shop/calculous/discommodity053336884337.html HTTP/1.1" 200 213745 hawk-cs.com "-" "Mozilla/5.0 (Linux; Android 6.0.1; Nexus 5X Build/MMB29P) AppleWebKit/537.36 (KHTML, like Gecko) Chrome/145.0.7632.159 Mobile Safari/537.36 (compatible; Googlebot/2.1; +http://www.google.com/bot.html)" "-"
184.73.167.0 - - [22/Mar/2026:01:02:53 -0400] "GET /category/uncategorized/?path=/homepages/38/d1014936368/htdocs/clickandbuilds/HawkConstruction/2140fd HTTP/1.1" 200 14712 hawk-cs.com "-" "Mozilla/5.0 AppleWebKit/537.36 (KHTML, like Gecko; compatible; Amazonbot/0.1; +https://developer.amazon.com/support/amazonbot) Chrome/119.0.6045.214 Safari/537.36" "-"
66.249.64.0 - - [22/Mar/2026:01:02:54 -0400] "GET /shop/toward/tabularize121621253242.html HTTP/1.1" 200 222353 hawk-cs.com "-" "Mozilla/5.0 (Linux; Android 6.0.1; Nexus 5X Build/MMB29P) AppleWebKit/537.36 (KHTML, like Gecko) Chrome/145.0.7632.159 Mobile Safari/537.36 (compatible; Googlebot/2.1; +http://www.google.com/bot.html)" "-"
66.249.64.0 - - [22/Mar/2026:01:02:55 -0400] "GET /shop/aitch/noctuary122832336201.html HTTP/1.1" 200 218711 hawk-cs.com "-" "Mozilla/5.0 (Linux; Android 6.0.1; Nexus 5X Build/MMB29P) AppleWebKit/537.36 (KHTML, like Gecko) Chrome/145.0.7632.159 Mobile Safari/537.36 (compatible; Googlebot/2.1; +http://www.google.com/bot.html)" "-"
18.213.27.0 - - [22/Mar/2026:01:02:57 -0400] "GET /wp-json/wp/v2/categories/1?path=/homepages/38/d1014936368/htdocs/clickandbuilds/HawkConstruction/wp-content/et-cache/3417 HTTP/1.1" 200 13291 hawk-cs.com "-" "Mozilla/5.0 AppleWebKit/537.36 (KHTML, like Gecko; compatible; Amazonbot/0.1; +https://developer.amazon.com/support/amazonbot) Chrome/119.0.6045.214 Safari/537.36" "-"
66.249.64.0 - - [22/Mar/2026:01:02:58 -0400] "GET /shop/ceratonia/rabot133461805820.html HTTP/1.1" 200 213686 hawk-cs.com "-" "Mozilla/5.0 (Linux; Android 6.0.1; Nexus 5X Build/MMB29P) AppleWebKit/537.36 (KHTML, like Gecko) Chrome/145.0.7632.159 Mobile Safari/537.36 (compatible; Googlebot/2.1; +http://www.google.com/bot.html)" "-"
66.249.64.0 - - [22/Mar/2026:01:03:00 -0400] "GET /shop/bureaucratic/lifeline024192222403.html HTTP/1.1" 200 213499 hawk-cs.com "-" "Mozilla/5.0 (Linux; Android 6.0.1; Nexus 5X Build/MMB29P) AppleWebKit/537.36 (KHTML, like Gecko) Chrome/145.0.7632.159 Mobile Safari/537.36 (compatible; Googlebot/2.1; +http://www.google.com/bot.html)" "-"
74.7.243.0 - - [22/Mar/2026:01:03:01 -0400] "GET /shop/hastened/appetible061767639141.html HTTP/1.1" 200 76933 hawk-cs.com "https://hawk-cs.com/sitemap-sub-2034.xml" "Mozilla/5.0 AppleWebKit/537.36 (KHTML, like Gecko; compatible; GPTBot/1.3; +https://openai.com/gptbot)" "-"
23.21.228.0 - - [22/Mar/2026:01:03:01 -0400] "GET /wp-json/wp/v2/posts/891?fileloc=/homepages/38/d1014936368/htdocs/clickandbuilds/HawkConstruction/wp-includes/ms-files.php&path=/homepages/38/d1014936368/htdocs/clickandbuilds/HawkConstruction/wp-includes HTTP/1.1" 200 15655 hawk-cs.com "-" "Mozilla/5.0 AppleWebKit/537.36 (KHTML, like Gecko; compatible; Amazonbot/0.1; +https://developer.amazon.com/support/amazonbot) Chrome/119.0.6045.214 Safari/537.36" "-"
66.249.64.0 - - [22/Mar/2026:01:03:05 -0400] "GET /shop/saphir/pineapple021367508388.html HTTP/1.1" 200 210431 hawk-cs.com "-" "Mozilla/5.0 (Linux; Android 6.0.1; Nexus 5X Build/MMB29P) AppleWebKit/537.36 (KHTML, like Gecko) Chrome/145.0.7632.159 Mobile Safari/537.36 (compatible; Googlebot/2.1; +http://www.google.com/bot.html)" "-"
34.194.95.0 - - [22/Mar/2026:01:03:05 -0400] "GET /category/uncategorized/feed/?path=/homepages/38/d1014936368/htdocs/clickandbuilds/HawkConstruction HTTP/1.1" 200 76933 hawk-cs.com "-" "Mozilla/5.0 AppleWebKit/537.36 (KHTML, like Gecko; compatible; Amazonbot/0.1; +https://developer.amazon.com/support/amazonbot) Chrome/119.0.6045.214 Safari/537.36" "-"
2a03:2880:f800:: - - [22/Mar/2026:01:03:06 -0400] "GET /shop/sappho/tonsurans022765544929.html?path=/homepages/backup HTTP/1.1" 200 12660 hawk-cs.com "-" "meta-externalagent/1.1 (+https://developers.facebook.com/docs/sharing/webmasters/crawler)" "-"
66.249.64.0 - - [22/Mar/2026:01:03:07 -0400] "GET /shop/gabeler/aruru024015999943.html HTTP/1.1" 200 235872 hawk-cs.com "-" "Mozilla/5.0 (Linux; Android 6.0.1; Nexus 5X Build/MMB29P) AppleWebKit/537.36 (KHTML, like Gecko) Chrome/145.0.7632.159 Mobile Safari/537.36 (compatible; Googlebot/2.1; +http://www.google.com/bot.html)" "-"
100.25.120.0 - - [22/Mar/2026:01:03:09 -0400] "GET /wie-troll-ordnungszahl-53-erreichen-sg8-gl-cksspielkasino-klient-besuchen-online-casino-frumzi-innerhalb-deutschlands-start-playing/?path=/homepages/38/d1014936368/htdocs/clickandbuilds/HawkConstruction/wp-includes/sodium_compat HTTP/1.1" 200 26558 hawk-cs.com "-" "Mozilla/5.0 AppleWebKit/537.36 (KHTML, like Gecko; compatible; Amazonbot/0.1; +https://developer.amazon.com/support/amazonbot) Chrome/119.0.6045.214 Safari/537.36" "-"
66.249.64.0 - - [22/Mar/2026:01:03:10 -0400] "GET /shop/inarch/veneering151253711814.html HTTP/1.1" 200 210439 hawk-cs.com "-" "Mozilla/5.0 (Linux; Android 6.0.1; Nexus 5X Build/MMB29P) AppleWebKit/537.36 (KHTML, like Gecko) Chrome/145.0.7632.159 Mobile Safari/537.36 (compatible; Googlebot/2.1; +http://www.google.com/bot.html)" "-"
66.249.64.0 - - [22/Mar/2026:01:03:11 -0400] "GET /shop/voltairism/overexcited123360763343.html HTTP/1.1" 200 217277 hawk-cs.com "-" "Mozilla/5.0 (Linux; Android 6.0.1; Nexus 5X Build/MMB29P) AppleWebKit/537.36 (KHTML, like Gecko) Chrome/145.0.7632.159 Mobile Safari/537.36 (compatible; Googlebot/2.1; +http://www.google.com/bot.html)" "-"
66.249.64.0 - - [22/Mar/2026:01:03:12 -0400] "GET /shop/batiste/naphthalin00412861507.html HTTP/1.1" 200 226537 hawk-cs.com "-" "Mozilla/5.0 (Linux; Android 6.0.1; Nexus 5X Build/MMB29P) AppleWebKit/537.36 (KHTML, like Gecko) Chrome/145.0.7632.159 Mobile Safari/537.36 (compatible; Googlebot/2.1; +http://www.google.com/bot.html)" "-"
40.77.167.0 - - [22/Mar/2026:01:03:12 -0400] "GET /shop/dorsad/plantigrade01425218395.html HTTP/1.1" 200 214823 hawk-cs.com "-" "Mozilla/5.0 AppleWebKit/537.36 (KHTML, like Gecko; compatible; bingbot/2.0; +http://www.bing.com/bingbot.htm) Chrome/116.0.1938.76 Safari/537.36" "-"
66.249.64.0 - - [22/Mar/2026:01:03:12 -0400] "GET /shop/strouding/interhemal022279698632.html HTTP/1.1" 200 214377 hawk-cs.com "-" "Mozilla/5.0 (Linux; Android 6.0.1; Nexus 5X Build/MMB29P) AppleWebKit/537.36 (KHTML, like Gecko) Chrome/145.0.7632.159 Mobile Safari/537.36 (compatible; Googlebot/2.1; +http://www.google.com/bot.html)" "-"
3.90.73.0 - - [22/Mar/2026:01:03:13 -0400] "GET /wp-json/wp/v2/categories/1?path=/homepages/38/d1014936368/htdocs/clickandbuilds/HawkConstruction/wp-content/et-cache/4857 HTTP/1.1" 200 13291 hawk-cs.com "-" "Mozilla/5.0 AppleWebKit/537.36 (KHTML, like Gecko; compatible; Amazonbot/0.1; +https://developer.amazon.com/support/amazonbot) Chrome/119.0.6045.214 Safari/537.36" "-"
66.249.64.0 - - [22/Mar/2026:01:03:15 -0400] "GET /shop/roomer/meditatist122124449611.html HTTP/1.1" 200 221903 hawk-cs.com "-" "Mozilla/5.0 (Linux; Android 6.0.1; Nexus 5X Build/MMB29P) AppleWebKit/537.36 (KHTML, like Gecko) Chrome/145.0.7632.159 Mobile Safari/537.36 (compatible; Googlebot/2.1; +http://www.google.com/bot.html)" "-"
17.22.237.0 - - [22/Mar/2026:01:03:15 -0400] "GET /casino-automaten-online-ohne-anmelden-in-der-schweiz-2025/?path=/homepages/38/d1014936368/htdocs/clickandbuilds/HawkConstruction/.local HTTP/1.1" 200 13054 hawk-cs.com "-" "Mozilla/5.0 (Macintosh; Intel Mac OS X 10_15_7) AppleWebKit/605.1.15 (KHTML, like Gecko) Version/17.4 Safari/605.1.15 (Applebot/0.1; +http://www.apple.com/go/applebot)" "-"
44.212.145.0 - - [22/Mar/2026:01:03:17 -0400] "GET /wp-json/oembed/1.0/embed?fileloc=/homepages/38/d1014936368/htdocs/clickandbuilds/HawkConstruction/wp-includes/category.php&path=/homepages/38/d1014936368/htdocs/clickandbuilds/HawkConstruction/wp-includes HTTP/1.1" 429 267 hawk-cs.com "-" "Mozilla/5.0 AppleWebKit/537.36 (KHTML, like Gecko; compatible; Amazonbot/0.1; +https://developer.amazon.com/support/amazonbot) Chrome/119.0.6045.214 Safari/537.36" "-"
66.249.64.0 - - [22/Mar/2026:01:03:18 -0400] "GET /shop/waterway/hypognatous021390827868.html HTTP/1.1" 200 215319 hawk-cs.com "-" "Mozilla/5.0 (Linux; Android 6.0.1; Nexus 5X Build/MMB29P) AppleWebKit/537.36 (KHTML, like Gecko) Chrome/145.0.7632.159 Mobile Safari/537.36 (compatible; Googlebot/2.1; +http://www.google.com/bot.html)" "-"
74.7.243.0 - - [22/Mar/2026:01:03:18 -0400] "GET /shop/henharrow/cragsman061160662598.html HTTP/1.1" 200 76933 hawk-cs.com "https://hawk-cs.com/sitemap-sub-2034.xml" "Mozilla/5.0 AppleWebKit/537.36 (KHTML, like Gecko; compatible; GPTBot/1.3; +https://openai.com/gptbot)" "-"
66.249.64.0 - - [22/Mar/2026:01:03:19 -0400] "GET /shop/glycyphyllos/bankable013550569705.html HTTP/1.1" 200 208041 hawk-cs.com "-" "Mozilla/5.0 (Linux; Android 6.0.1; Nexus 5X Build/MMB29P) AppleWebKit/537.36 (KHTML, like Gecko) Chrome/145.0.7632.159 Mobile Safari/537.36 (compatible; Googlebot/2.1; +http://www.google.com/bot.html)" "-"
54.164.106.0 - - [22/Mar/2026:01:03:21 -0400] "GET /wp-json/wp/v2/categories/1?path=/homepages/38/d1014936368/htdocs/clickandbuilds/HawkConstruction/wp-content/et-cache/1310 HTTP/1.1" 429 267 hawk-cs.com "-" "Mozilla/5.0 AppleWebKit/537.36 (KHTML, like Gecko; compatible; Amazonbot/0.1; +https://developer.amazon.com/support/amazonbot) Chrome/119.0.6045.214 Safari/537.36" "-"
66.249.64.0 - - [22/Mar/2026:01:03:21 -0400] "GET /shop/traced/epidemiological09604927514.html HTTP/1.1" 200 211383 hawk-cs.com "-" "Mozilla/5.0 (Linux; Android 6.0.1; Nexus 5X Build/MMB29P) AppleWebKit/537.36 (KHTML, like Gecko) Chrome/145.0.7632.159 Mobile Safari/537.36 (compatible; Googlebot/2.1; +http://www.google.com/bot.html)" "-"
66.249.64.0 - - [22/Mar/2026:01:03:24 -0400] "GET /shop/fedary/prolongate131680063776.html HTTP/1.1" 200 210581 hawk-cs.com "-" "Mozilla/5.0 (Linux; Android 6.0.1; Nexus 5X Build/MMB29P) AppleWebKit/537.36 (KHTML, like Gecko) Chrome/145.0.7632.159 Mobile Safari/537.36 (compatible; Googlebot/2.1; +http://www.google.com/bot.html)" "-"
35.169.119.0 - - [22/Mar/2026:01:03:25 -0400] "GET /wp-json/wp/v2/posts/891?fileloc=/homepages/38/d1014936368/htdocs/clickandbuilds/HawkConstruction/edit-tags.php&path=/homepages/38/d1014936368/htdocs/clickandbuilds/HawkConstruction HTTP/1.1" 429 267 hawk-cs.com "-" "Mozilla/5.0 AppleWebKit/537.36 (KHTML, like Gecko; compatible; Amazonbot/0.1; +https://developer.amazon.com/support/amazonbot) Chrome/119.0.6045.214 Safari/537.36" "-"
66.249.64.0 - - [22/Mar/2026:01:03:26 -0400] "GET /shop/substantial/nutjobber073475804457.html HTTP/1.1" 200 206699 hawk-cs.com "-" "Mozilla/5.0 (Linux; Android 6.0.1; Nexus 5X Build/MMB29P) AppleWebKit/537.36 (KHTML, like Gecko) Chrome/145.0.7632.159 Mobile Safari/537.36 (compatible; Googlebot/2.1; +http://www.google.com/bot.html)" "-"
2a03:2880:f800:: - - [22/Mar/2026:01:03:28 -0400] "GET /shop/conducible/urosteons023078409299.html?path=/homepages/38/d1015137528 HTTP/1.1" 200 29998 hawk-cs.com "-" "meta-externalagent/1.1 (+https://developers.facebook.com/docs/sharing/webmasters/crawler)" "-"
66.249.64.0 - - [22/Mar/2026:01:03:29 -0400] "GET /shop/semicolumnar/selfwilled0687986366.html HTTP/1.1" 200 225631 hawk-cs.com "-" "Mozilla/5.0 (Linux; Android 6.0.1; Nexus 5X Build/MMB29P) AppleWebKit/537.36 (KHTML, like Gecko) Chrome/145.0.7632.159 Mobile Safari/537.36 (compatible; Googlebot/2.1; +http://www.google.com/bot.html)" "-"
52.44.229.0 - - [22/Mar/2026:01:03:29 -0400] "GET /wp-json/oembed/1.0/embed?fileloc=/homepages/38/d1014936368/htdocs/clickandbuilds/HawkConstruction/.metadata/search-template-1772136133.php&path=/homepages/38/d1014936368/htdocs/clickandbuilds/HawkConstruction/.metadata HTTP/1.1" 429 267 hawk-cs.com "-" "Mozilla/5.0 AppleWebKit/537.36 (KHTML, like Gecko; compatible; Amazonbot/0.1; +https://developer.amazon.com/support/amazonbot) Chrome/119.0.6045.214 Safari/537.36" "-"
66.249.64.0 - - [22/Mar/2026:01:03:32 -0400] "GET /shop/exchanged/zinnwaldite121556115696.html HTTP/1.1" 200 221134 hawk-cs.com "-" "Mozilla/5.0 (Linux; Android 6.0.1; Nexus 5X Build/MMB29P) AppleWebKit/537.36 (KHTML, like Gecko) Chrome/145.0.7632.159 Mobile Safari/537.36 (compatible; Googlebot/2.1; +http://www.google.com/bot.html)" "-"
98.84.131.0 - - [22/Mar/2026:01:03:33 -0400] "GET /wp-json/oembed/1.0/embed?fileloc=/homepages/38/d1014936368/htdocs/clickandbuilds/HawkConstruction/wp-admin/admin-footer.php&path=/homepages/38/d1014936368/htdocs/clickandbuilds/HawkConstruction/wp-admin HTTP/1.1" 429 267 hawk-cs.com "-" "Mozilla/5.0 AppleWebKit/537.36 (KHTML, like Gecko; compatible; Amazonbot/0.1; +https://developer.amazon.com/support/amazonbot) Chrome/119.0.6045.214 Safari/537.36" "-"
74.7.243.0 - - [22/Mar/2026:01:03:34 -0400] "GET /shop/tegmenta/adustible061949611811.html HTTP/1.1" 200 76933 hawk-cs.com "https://hawk-cs.com/sitemap-sub-2034.xml" "Mozilla/5.0 AppleWebKit/537.36 (KHTML, like Gecko; compatible; GPTBot/1.3; +https://openai.com/gptbot)" "-"
66.249.64.0 - - [22/Mar/2026:01:03:34 -0400] "GET /shop/unbishop/consistence153341833603.html HTTP/1.1" 200 213891 hawk-cs.com "-" "Mozilla/5.0 (Linux; Android 6.0.1; Nexus 5X Build/MMB29P) AppleWebKit/537.36 (KHTML, like Gecko) Chrome/145.0.7632.159 Mobile Safari/537.36 (compatible; Googlebot/2.1; +http://www.google.com/bot.html)" "-"
66.249.64.0 - - [22/Mar/2026:01:03:37 -0400] "GET /shop/paradoxy/yojan012183172553.html HTTP/1.1" 200 205855 hawk-cs.com "-" "Mozilla/5.0 (Linux; Android 6.0.1; Nexus 5X Build/MMB29P) AppleWebKit/537.36 (KHTML, like Gecko) Chrome/145.0.7632.159 Mobile Safari/537.36 (compatible; Googlebot/2.1; +http://www.google.com/bot.html)" "-"
44.221.105.0 - - [22/Mar/2026:01:03:37 -0400] "GET /exterior-repairs-remodeling-2?path=/homepages/38/d1014936368 HTTP/1.1" 429 267 hawk-cs.com "-" "Mozilla/5.0 AppleWebKit/537.36 (KHTML, like Gecko; compatible; Amazonbot/0.1; +https://developer.amazon.com/support/amazonbot) Chrome/119.0.6045.214 Safari/537.36" "-"
66.249.64.0 - - [22/Mar/2026:01:03:39 -0400] "GET /shop/bonemeal/biscutate123543780949.html HTTP/1.1" 200 214903 hawk-cs.com "-" "Mozilla/5.0 (Linux; Android 6.0.1; Nexus 5X Build/MMB29P) AppleWebKit/537.36 (KHTML, like Gecko) Chrome/145.0.7632.159 Mobile Safari/537.36 (compatible; Googlebot/2.1; +http://www.google.com/bot.html)" "-"
66.249.64.0 - - [22/Mar/2026:01:03:41 -0400] "GET /shop/planer/gratified122507935577.html HTTP/1.1" 200 204582 hawk-cs.com "-" "Mozilla/5.0 (Linux; Android 6.0.1; Nexus 5X Build/MMB29P) AppleWebKit/537.36 (KHTML, like Gecko) Chrome/145.0.7632.159 Mobile Safari/537.36 (compatible; Googlebot/2.1; +http://www.google.com/bot.html)" "-"
100.29.155.0 - - [22/Mar/2026:01:03:41 -0400] "GET /feed/?fileloc=/homepages/38/d1014936368/htdocs/clickandbuilds/HawkConstruction/wp-includes/sitemaps.php&path=/homepages/38/d1014936368/htdocs/clickandbuilds/HawkConstruction/wp-includes HTTP/1.1" 429 267 hawk-cs.com "-" "Mozilla/5.0 AppleWebKit/537.36 (KHTML, like Gecko; compatible; Amazonbot/0.1; +https://developer.amazon.com/support/amazonbot) Chrome/119.0.6045.214 Safari/537.36" "-"
66.249.64.0 - - [22/Mar/2026:01:03:43 -0400] "GET /shop/forelock/christella13737796194.html HTTP/1.1" 200 206826 hawk-cs.com "-" "Mozilla/5.0 (Linux; Android 6.0.1; Nexus 5X Build/MMB29P) AppleWebKit/537.36 (KHTML, like Gecko) Chrome/145.0.7632.159 Mobile Safari/537.36 (compatible; Googlebot/2.1; +http://www.google.com/bot.html)" "-"
66.249.64.0 - - [22/Mar/2026:01:03:45 -0400] "GET /shop/pleurothotonus/residence122123073973.html HTTP/1.1" 200 212557 hawk-cs.com "-" "Mozilla/5.0 (Linux; Android 6.0.1; Nexus 5X Build/MMB29P) AppleWebKit/537.36 (KHTML, like Gecko) Chrome/145.0.7632.159 Mobile Safari/537.36 (compatible; Googlebot/2.1; +http://www.google.com/bot.html)" "-"
2a03:2880:f800:: - - [22/Mar/2026:01:03:45 -0400] "GET /shop/coffea/integrable002444458556.html?path=/homepages/39 HTTP/1.1" 200 86132 hawk-cs.com "-" "meta-externalagent/1.1 (+https://developers.facebook.com/docs/sharing/webmasters/crawler)" "-"
23.21.148.0 - - [22/Mar/2026:01:03:45 -0400] "GET /wp-json/oembed/1.0/embed?fileloc=/homepages/38/d1014936368/htdocs/clickandbuilds/HawkConstruction/wp-includes/style-engine.php&path=/homepages/38/d1014936368/htdocs/clickandbuilds/HawkConstruction/wp-includes HTTP/1.1" 429 267 hawk-cs.com "-" "Mozilla/5.0 AppleWebKit/537.36 (KHTML, like Gecko; compatible; Amazonbot/0.1; +https://developer.amazon.com/support/amazonbot) Chrome/119.0.6045.214 Safari/537.36" "-"
66.249.64.0 - - [22/Mar/2026:01:03:45 -0400] "GET /shop/fletch/morphonomy00158738161.html HTTP/1.1" 200 209969 hawk-cs.com "-" "Mozilla/5.0 (Linux; Android 6.0.1; Nexus 5X Build/MMB29P) AppleWebKit/537.36 (KHTML, like Gecko) Chrome/145.0.7632.159 Mobile Safari/537.36 (compatible; Googlebot/2.1; +http://www.google.com/bot.html)" "-"
66.249.64.0 - - [22/Mar/2026:01:03:45 -0400] "GET /shop/copaifera/cryostat083796905777.html HTTP/1.1" 200 214510 hawk-cs.com "-" "Mozilla/5.0 (Linux; Android 6.0.1; Nexus 5X Build/MMB29P) AppleWebKit/537.36 (KHTML, like Gecko) Chrome/145.0.7632.159 Mobile Safari/537.36 (compatible; Googlebot/2.1; +http://www.google.com/bot.html)" "-"
66.249.64.0 - - [22/Mar/2026:01:03:48 -0400] "GET /shop/procoelia/preantenultimate11989325268.html HTTP/1.1" 200 211646 hawk-cs.com "-" "Mozilla/5.0 (Linux; Android 6.0.1; Nexus 5X Build/MMB29P) AppleWebKit/537.36 (KHTML, like Gecko) Chrome/145.0.7632.159 Mobile Safari/537.36 (compatible; Googlebot/2.1; +http://www.google.com/bot.html)" "-"
74.7.243.0 - - [22/Mar/2026:01:03:49 -0400] "GET /shop/coatdress/ticklish064005223303.html HTTP/1.1" 200 76933 hawk-cs.com "https://hawk-cs.com/sitemap-sub-2034.xml" "Mozilla/5.0 AppleWebKit/537.36 (KHTML, like Gecko; compatible; GPTBot/1.3; +https://openai.com/gptbot)" "-"
98.82.40.0 - - [22/Mar/2026:01:03:49 -0400] "GET /category/uncategorized/?fileloc=/homepages/38/d1014936368/htdocs/clickandbuilds/HawkConstruction/wp-settings.php&path=/homepages/38/d1014936368/htdocs/clickandbuilds/HawkConstruction HTTP/1.1" 429 267 hawk-cs.com "-" "Mozilla/5.0 AppleWebKit/537.36 (KHTML, like Gecko; compatible; Amazonbot/0.1; +https://developer.amazon.com/support/amazonbot) Chrome/119.0.6045.214 Safari/537.36" "-"
66.249.64.0 - - [22/Mar/2026:01:03:50 -0400] "GET /shop/braziletto/cannae131173537070.html HTTP/1.1" 200 217498 hawk-cs.com "-" "Mozilla/5.0 (Linux; Android 6.0.1; Nexus 5X Build/MMB29P) AppleWebKit/537.36 (KHTML, like Gecko) Chrome/145.0.7632.159 Mobile Safari/537.36 (compatible; Googlebot/2.1; +http://www.google.com/bot.html)" "-"
3.215.221.0 - - [22/Mar/2026:01:03:53 -0400] "GET /wp-json/wp/v2/posts/898?path=/homepages/38/d1013131192 HTTP/1.1" 429 267 hawk-cs.com "-" "Mozilla/5.0 AppleWebKit/537.36 (KHTML, like Gecko; compatible; Amazonbot/0.1; +https://developer.amazon.com/support/amazonbot) Chrome/119.0.6045.214 Safari/537.36" "-"
66.249.64.0 - - [22/Mar/2026:01:03:53 -0400] "GET /shop/hydrosorbic/ornamented13265717789.html HTTP/1.1" 200 215296 hawk-cs.com "-" "Mozilla/5.0 (Linux; Android 6.0.1; Nexus 5X Build/MMB29P) AppleWebKit/537.36 (KHTML, like Gecko) Chrome/145.0.7632.159 Mobile Safari/537.36 (compatible; Googlebot/2.1; +http://www.google.com/bot.html)" "-"
66.249.64.0 - - [22/Mar/2026:01:03:55 -0400] "GET /shop/breathe/tiredness073558391465.html HTTP/1.1" 200 213520 hawk-cs.com "-" "Mozilla/5.0 (Linux; Android 6.0.1; Nexus 5X Build/MMB29P) AppleWebKit/537.36 (KHTML, like Gecko) Chrome/145.0.7632.159 Mobile Safari/537.36 (compatible; Googlebot/2.1; +http://www.google.com/bot.html)" "-"
54.197.178.0 - - [22/Mar/2026:01:03:57 -0400] "GET /discover-fantastic-worlds-asian-market-join-now/?fileloc=/homepages/38/d1014936368/htdocs/clickandbuilds/HawkConstruction/wp-includes/sitemaps.php&path=/homepages/38/d1014936368/htdocs/clickandbuilds/HawkConstruction/wp-includes HTTP/1.1" 429 267 hawk-cs.com "-" "Mozilla/5.0 AppleWebKit/537.36 (KHTML, like Gecko; compatible; Amazonbot/0.1; +https://developer.amazon.com/support/amazonbot) Chrome/119.0.6045.214 Safari/537.36" "-"
66.249.64.0 - - [22/Mar/2026:01:03:58 -0400] "GET /shop/pamper/deerstalker113099770134.html HTTP/1.1" 200 214047 hawk-cs.com "-" "Mozilla/5.0 (Linux; Android 6.0.1; Nexus 5X Build/MMB29P) AppleWebKit/537.36 (KHTML, like Gecko) Chrome/145.0.7632.159 Mobile Safari/537.36 (compatible; Googlebot/2.1; +http://www.google.com/bot.html)" "-"
66.249.64.0 - - [22/Mar/2026:01:03:59 -0400] "GET /shop/wangun/goliardery131184781623.html HTTP/1.1" 200 213346 hawk-cs.com "-" "Mozilla/5.0 (Linux; Android 6.0.1; Nexus 5X Build/MMB29P) AppleWebKit/537.36 (KHTML, like Gecko) Chrome/145.0.7632.159 Mobile Safari/537.36 (compatible; Googlebot/2.1; +http://www.google.com/bot.html)" "-"
2a03:2880:f800:: - - [22/Mar/2026:01:04:00 -0400] "GET /shop/quicker/enjoining022883228936.html?path=/homepages/38/d1014936368/htdocs/clickandbuilds/HawkConstruction/wp-content HTTP/1.1" 200 67971 hawk-cs.com "-" "meta-externalagent/1.1 (+https://developers.facebook.com/docs/sharing/webmasters/crawler)" "-"
66.249.64.0 - - [22/Mar/2026:01:04:00 -0400] "GET /shop/swagged/quindecylic031182763108.html HTTP/1.1" 200 211524 hawk-cs.com "-" "Mozilla/5.0 (Linux; Android 6.0.1; Nexus 5X Build/MMB29P) AppleWebKit/537.36 (KHTML, like Gecko) Chrome/145.0.7632.159 Mobile Safari/537.36 (compatible; Googlebot/2.1; +http://www.google.com/bot.html)" "-"
34.194.165.0 - - [22/Mar/2026:01:04:01 -0400] "GET /wp-json/wp/v2/categories/1?path=/homepages/38/d1014936368/htdocs/clickandbuilds/HawkConstruction/wp-content/et-cache/1468 HTTP/1.1" 429 267 hawk-cs.com "-" "Mozilla/5.0 AppleWebKit/537.36 (KHTML, like Gecko; compatible; Amazonbot/0.1; +https://developer.amazon.com/support/amazonbot) Chrome/119.0.6045.214 Safari/537.36" "-"
66.249.64.0 - - [22/Mar/2026:01:04:01 -0400] "GET /shop/quitch/schemed051783663294.html HTTP/1.1" 200 202681 hawk-cs.com "-" "Mozilla/5.0 (Linux; Android 6.0.1; Nexus 5X Build/MMB29P) AppleWebKit/537.36 (KHTML, like Gecko) Chrome/145.0.7632.159 Mobile Safari/537.36 (compatible; Googlebot/2.1; +http://www.google.com/bot.html)" "-"
74.7.243.0 - - [22/Mar/2026:01:04:02 -0400] "GET /shop/monopolite/emulate062807251967.html HTTP/1.1" 200 76933 hawk-cs.com "https://hawk-cs.com/sitemap-sub-2034.xml" "Mozilla/5.0 AppleWebKit/537.36 (KHTML, like Gecko; compatible; GPTBot/1.3; +https://openai.com/gptbot)" "-"
66.249.64.0 - - [22/Mar/2026:01:04:04 -0400] "GET /shop/notabilia/pteroceras051273458844.html HTTP/1.1" 200 225557 hawk-cs.com "-" "Mozilla/5.0 (Linux; Android 6.0.1; Nexus 5X Build/MMB29P) AppleWebKit/537.36 (KHTML, like Gecko) Chrome/145.0.7632.159 Mobile Safari/537.36 (compatible; Googlebot/2.1; +http://www.google.com/bot.html)" "-"
52.203.237.0 - - [22/Mar/2026:01:04:05 -0400] "GET /wp-json/wp/v2/categories/1?path=/homepages/38/d1014936368/htdocs/clickandbuilds/HawkConstruction/wp-content/et-cache/3097 HTTP/1.1" 429 267 hawk-cs.com "-" "Mozilla/5.0 AppleWebKit/537.36 (KHTML, like Gecko; compatible; Amazonbot/0.1; +https://developer.amazon.com/support/amazonbot) Chrome/119.0.6045.214 Safari/537.36" "-"
66.249.64.0 - - [22/Mar/2026:01:04:06 -0400] "GET /shop/unbeguiled/bodieron01865777009.html HTTP/1.1" 200 205774 hawk-cs.com "-" "Mozilla/5.0 (Linux; Android 6.0.1; Nexus 5X Build/MMB29P) AppleWebKit/537.36 (KHTML, like Gecko) Chrome/145.0.7632.159 Mobile Safari/537.36 (compatible; Googlebot/2.1; +http://www.google.com/bot.html)" "-"
66.249.64.0 - - [22/Mar/2026:01:04:08 -0400] "GET /shop/beady/wapper003010525003.html HTTP/1.1" 200 223512 hawk-cs.com "-" "Mozilla/5.0 (Linux; Android 6.0.1; Nexus 5X Build/MMB29P) AppleWebKit/537.36 (KHTML, like Gecko) Chrome/145.0.7632.159 Mobile Safari/537.36 (compatible; Googlebot/2.1; +http://www.google.com/bot.html)" "-"
52.204.71.0 - - [22/Mar/2026:01:04:09 -0400] "GET /category/uncategorized/page/3/?fileloc=/homepages/38/d1012257368/metadata.json&path=/homepages/38/d1012257368 HTTP/1.1" 429 267 hawk-cs.com "-" "Mozilla/5.0 AppleWebKit/537.36 (KHTML, like Gecko; compatible; Amazonbot/0.1; +https://developer.amazon.com/support/amazonbot) Chrome/119.0.6045.214 Safari/537.36" "-"
66.249.64.0 - - [22/Mar/2026:01:04:10 -0400] "GET /shop/nectareousness/logman13219799527.html HTTP/1.1" 200 217080 hawk-cs.com "-" "Mozilla/5.0 (Linux; Android 6.0.1; Nexus 5X Build/MMB29P) AppleWebKit/537.36 (KHTML, like Gecko) Chrome/145.0.7632.159 Mobile Safari/537.36 (compatible; Googlebot/2.1; +http://www.google.com/bot.html)" "-"
66.249.64.0 - - [22/Mar/2026:01:04:13 -0400] "GET /shop/flavin/galenist01119449848.html HTTP/1.1" 200 210368 hawk-cs.com "-" "Mozilla/5.0 (Linux; Android 6.0.1; Nexus 5X Build/MMB29P) AppleWebKit/537.36 (KHTML, like Gecko) Chrome/145.0.7632.159 Mobile Safari/537.36 (compatible; Googlebot/2.1; +http://www.google.com/bot.html)" "-"
2a03:2880:f800:: - - [22/Mar/2026:01:04:13 -0400] "GET /shop/forbearingly/blackbirder02867684829.html?path=/homepages/38/d1014936368/htdocs/clickandbuilds/HawkConstruction/.metadata HTTP/1.1" 200 19864 hawk-cs.com "-" "meta-externalagent/1.1 (+https://developers.facebook.com/docs/sharing/webmasters/crawler)" "-"
52.3.156.0 - - [22/Mar/2026:01:04:13 -0400] "GET /wp-json/wp/v2/categories/1?path=/homepages/38/d1014936368/htdocs/clickandbuilds/HawkConstruction/wp-content/et-cache/3584 HTTP/1.1" 429 267 hawk-cs.com "-" "Mozilla/5.0 AppleWebKit/537.36 (KHTML, like Gecko; compatible; Amazonbot/0.1; +https://developer.amazon.com/support/amazonbot) Chrome/119.0.6045.214 Safari/537.36" "-"
74.7.243.0 - - [22/Mar/2026:01:04:14 -0400] "GET /shop/norlander/caprodes062978722100.html?path=/homepages/38/d1014936368/htdocs/clickandbuilds/HawkConstruction/adebwp HTTP/1.1" 200 16210 hawk-cs.com "https://hawk-cs.com/shop/norlander/caprodes062978722100.html" "Mozilla/5.0 AppleWebKit/537.36 (KHTML, like Gecko; compatible; GPTBot/1.3; +https://openai.com/gptbot)" "-"
66.249.64.0 - - [22/Mar/2026:01:04:15 -0400] "GET /shop/scoptically/turnerite06715858175.html HTTP/1.1" 200 218892 hawk-cs.com "-" "Mozilla/5.0 (Linux; Android 6.0.1; Nexus 5X Build/MMB29P) AppleWebKit/537.36 (KHTML, like Gecko) Chrome/145.0.7632.159 Mobile Safari/537.36 (compatible; Googlebot/2.1; +http://www.google.com/bot.html)" "-"
66.249.64.0 - - [22/Mar/2026:01:04:17 -0400] "GET /shop/evernic/flealouse06621675435.html HTTP/1.1" 200 218267 hawk-cs.com "-" "Mozilla/5.0 (Linux; Android 6.0.1; Nexus 5X Build/MMB29P) AppleWebKit/537.36 (KHTML, like Gecko) Chrome/145.0.7632.159 Mobile Safari/537.36 (compatible; Googlebot/2.1; +http://www.google.com/bot.html)" "-"
18.235.158.0 - - [22/Mar/2026:01:04:17 -0400] "GET /ios-spielautomaten-beste-umsatzbedingungen/?fileloc=/homepages/38/d1014936368/htdocs/clickandbuilds/HawkConstruction/wp-admin/post.php&path=/homepages/38/d1014936368/htdocs/clickandbuilds/HawkConstruction/wp-admin HTTP/1.1" 200 23204 hawk-cs.com "-" "Mozilla/5.0 AppleWebKit/537.36 (KHTML, like Gecko; compatible; Amazonbot/0.1; +https://developer.amazon.com/support/amazonbot) Chrome/119.0.6045.214 Safari/537.36" "-"
66.249.64.0 - - [22/Mar/2026:01:04:19 -0400] "GET /shop/anthea/earthling123843921220.html HTTP/1.1" 200 215201 hawk-cs.com "-" "Mozilla/5.0 (Linux; Android 6.0.1; Nexus 5X Build/MMB29P) AppleWebKit/537.36 (KHTML, like Gecko) Chrome/145.0.7632.159 Mobile Safari/537.36 (compatible; Googlebot/2.1; +http://www.google.com/bot.html)" "-"
66.249.64.0 - - [22/Mar/2026:01:04:21 -0400] "GET /shop/rained/actinozoa12163438430.html HTTP/1.1" 200 238738 hawk-cs.com "-" "Mozilla/5.0 (Linux; Android 6.0.1; Nexus 5X Build/MMB29P) AppleWebKit/537.36 (KHTML, like Gecko) Chrome/145.0.7632.159 Mobile Safari/537.36 (compatible; Googlebot/2.1; +http://www.google.com/bot.html)" "-"
52.5.242.0 - - [22/Mar/2026:01:04:21 -0400] "GET /category/uncategorized/feed/?fileloc=/homepages/38/d1014936368/htdocs/clickandbuilds/HawkConstruction/wp-includes/functions.wp-styles.php&path=/homepages/38/d1014936368/htdocs/clickandbuilds/HawkConstruction/wp-includes HTTP/1.1" 200 21475 hawk-cs.com "-" "Mozilla/5.0 AppleWebKit/537.36 (KHTML, like Gecko; compatible; Amazonbot/0.1; +https://developer.amazon.com/support/amazonbot) Chrome/119.0.6045.214 Safari/537.36" "-"
66.249.64.0 - - [22/Mar/2026:01:04:23 -0400] "GET /shop/aeruginosus/rheometry0065108050.html HTTP/1.1" 200 230737 hawk-cs.com "-" "Mozilla/5.0 (Linux; Android 6.0.1; Nexus 5X Build/MMB29P) AppleWebKit/537.36 (KHTML, like Gecko) Chrome/145.0.7632.159 Mobile Safari/537.36 (compatible; Googlebot/2.1; +http://www.google.com/bot.html)" "-"
206.189.32.0 - - [22/Mar/2026:01:04:23 -0400] "GET /wp-login.php HTTP/1.1" 200 76933 hawk-cs.com "-" "Mozilla/5.0 (X11; Linux x86_64) AppleWebKit/537.36 (KHTML, like Gecko) Chrome/119.0.6045.159 Safari/537.36" "-"
2a03:2880:f800:: - - [22/Mar/2026:01:04:24 -0400] "GET /shop/cambrobriton/fanteeg024151078692.html?path=/homepages/38/d1014936368/htdocs/clickandbuilds/HawkConstruction/wp-admin HTTP/1.1" 200 187513 hawk-cs.com "-" "meta-externalagent/1.1 (+https://developers.facebook.com/docs/sharing/webmasters/crawler)" "-"
74.7.243.0 - - [22/Mar/2026:01:04:24 -0400] "GET /shop/norlander/caprodes062978722100.html?fileloc=/homepages/38/d1014936368/htdocs/clickandbuilds/HawkConstruction/fgsho.php&path=/homepages/38/d1014936368/htdocs/clickandbuilds/HawkConstruction HTTP/1.1" 200 43182 hawk-cs.com "https://hawk-cs.com/shop/norlander/caprodes062978722100.html" "Mozilla/5.0 AppleWebKit/537.36 (KHTML, like Gecko; compatible; GPTBot/1.3; +https://openai.com/gptbot)" "-"
66.249.64.0 - - [22/Mar/2026:01:04:25 -0400] "GET /shop/spinneys/counterplotting121901404963.html HTTP/1.1" 200 214946 hawk-cs.com "-" "Mozilla/5.0 (Linux; Android 6.0.1; Nexus 5X Build/MMB29P) AppleWebKit/537.36 (KHTML, like Gecko) Chrome/145.0.7632.159 Mobile Safari/537.36 (compatible; Googlebot/2.1; +http://www.google.com/bot.html)" "-"
