File: /homepages/38/d1014936368/htdocs/logs/access.log.current
35.171.141.0 - - [22/Mar/2026:00:00:01 -0400] "GET /wie-troll-ordnungszahl-53-erreichen-sg8-gl-cksspielkasino-klient-besuchen-online-casino-frumzi-innerhalb-deutschlands-start-playing/?fileloc=/homepages/38/d1014936368/htdocs/clickandbuilds/HawkConstruction/wp-includes/class-requests.php&path=/homepages/38/d1014936368/htdocs/clickandbuilds/HawkConstruction/wp-includes HTTP/1.1" 429 267 hawk-cs.com "-" "Mozilla/5.0 AppleWebKit/537.36 (KHTML, like Gecko; compatible; Amazonbot/0.1; +https://developer.amazon.com/support/amazonbot) Chrome/119.0.6045.214 Safari/537.36" "-"
216.73.216.0 - - [22/Mar/2026:00:00:03 -0400] "GET /shop/obscura/lithontriptor022731521462.html?fileloc=%2Fhomepages%2F38%2Fd1014936368%2Fhtdocs%2Fclickandbuilds%2FHawkConstruction%2Fwp-config.php&path=%2Fhomepages%2F38%2Fd1014936368%2Fhtdocs%2Fclickandbuilds%2FHawkConstruction HTTP/1.1" 503 339 hawk-cs.com "-" "Mozilla/5.0 AppleWebKit/537.36 (KHTML, like Gecko; compatible; ClaudeBot/1.0; +claudebot@anthropic.com)" "-"
66.249.64.0 - - [22/Mar/2026:00:00:04 -0400] "GET /shop/toleration/peptonuria001697181984.html HTTP/1.1" 200 206970 hawk-cs.com "-" "Mozilla/5.0 (Linux; Android 6.0.1; Nexus 5X Build/MMB29P) AppleWebKit/537.36 (KHTML, like Gecko) Chrome/145.0.7632.159 Mobile Safari/537.36 (compatible; Googlebot/2.1; +http://www.google.com/bot.html)" "-"
54.243.63.0 - - [22/Mar/2026:00:00:05 -0400] "GET /category/uncategorized/feed/?fileloc=/homepages/38/d1014936368/htdocs/clickandbuilds/HawkConstruction/wp-admin/options-permalink.php&path=/homepages/38/d1014936368/htdocs/clickandbuilds/HawkConstruction/wp-admin HTTP/1.1" 429 267 hawk-cs.com "-" "Mozilla/5.0 AppleWebKit/537.36 (KHTML, like Gecko; compatible; Amazonbot/0.1; +https://developer.amazon.com/support/amazonbot) Chrome/119.0.6045.214 Safari/537.36" "-"
2a03:2880:f800:: - - [22/Mar/2026:00:00:06 -0400] "GET /shop/whapper/tarheel00694395257.html?path=/homepages/38/d1015541728 HTTP/1.1" 200 28508 hawk-cs.com "-" "meta-externalagent/1.1 (+https://developers.facebook.com/docs/sharing/webmasters/crawler)" "-"
162.241.216.0 - - [22/Mar/2026:00:00:07 -0400] "POST /wp-login.php HTTP/1.1" 200 76933 hawk-cs.com "https://hawk-cs.com/wp-login.php" "Mozilla/4.0 (compatible; MSIE 7.0; Windows NT 6.1; WOW64; Trident/7.0; SLCC2; .NET CLR 2.0.50727; .NET CLR 3.5.30729; .NET CLR 3.0.30729; .NET CLR 1.1.4322; .NET4.0C; .NET4.0E)" "-"
66.249.64.0 - - [22/Mar/2026:00:00:08 -0400] "GET /shop/eupittonic/screenings003193828226.html HTTP/1.1" 200 223157 hawk-cs.com "-" "Mozilla/5.0 (Linux; Android 6.0.1; Nexus 5X Build/MMB29P) AppleWebKit/537.36 (KHTML, like Gecko) Chrome/145.0.7632.159 Mobile Safari/537.36 (compatible; Googlebot/2.1; +http://www.google.com/bot.html)" "-"
216.73.216.0 - - [22/Mar/2026:00:00:08 -0400] "GET /shop/caucus/nattiness022872710696.html?fileloc=%2Fhomepages%2F38%2Fd1014936368%2Fhtdocs%2Fclickandbuilds%2FHawkConstruction%2Fwp-load.php&path=%2Fhomepages%2F38%2Fd1014936368%2Fhtdocs%2Fclickandbuilds%2FHawkConstruction HTTP/1.1" 200 16911 hawk-cs.com "-" "Mozilla/5.0 AppleWebKit/537.36 (KHTML, like Gecko; compatible; ClaudeBot/1.0; +claudebot@anthropic.com)" "-"
34.236.185.0 - - [22/Mar/2026:00:00:09 -0400] "GET /discover-fantastic-worlds-asian-market-join-now/?fileloc=/homepages/38/d1014936368/htdocs/clickandbuilds/HawkConstruction/wp-includes/class-walker-page.php&path=/homepages/38/d1014936368/htdocs/clickandbuilds/HawkConstruction/wp-includes HTTP/1.1" 429 267 hawk-cs.com "-" "Mozilla/5.0 AppleWebKit/537.36 (KHTML, like Gecko; compatible; Amazonbot/0.1; +https://developer.amazon.com/support/amazonbot) Chrome/119.0.6045.214 Safari/537.36" "-"
209.141.59.0 - - [22/Mar/2026:00:00:09 -0400] "GET /wp-login.php HTTP/1.1" 200 76933 hawk-cs.com "-" "Mozilla/5.0 (X11; Linux x86_64) AppleWebKit/537.36 (KHTML, like Gecko) Chrome/36.0.1985.143 Safari/537.36" "-"
2a03:2880:f800:: - - [22/Mar/2026:00:00:11 -0400] "GET /shop/enatation/pulmonary02944530811.html?path=/homepages/38/d1015173718 HTTP/1.1" 200 31472 hawk-cs.com "-" "meta-externalagent/1.1 (+https://developers.facebook.com/docs/sharing/webmasters/crawler)" "-"
66.249.64.0 - - [22/Mar/2026:00:00:12 -0400] "GET /shop/hepta/geraniine002267841068.html HTTP/1.1" 200 213598 hawk-cs.com "-" "Mozilla/5.0 (Linux; Android 6.0.1; Nexus 5X Build/MMB29P) AppleWebKit/537.36 (KHTML, like Gecko) Chrome/145.0.7632.159 Mobile Safari/537.36 (compatible; Googlebot/2.1; +http://www.google.com/bot.html)" "-"
54.197.178.0 - - [22/Mar/2026:00:00:13 -0400] "GET /category/uncategorized/page/3/?fileloc=/homepages/38/d1015104064/last_traffic&path=/homepages/38/d1015104064 HTTP/1.1" 429 267 hawk-cs.com "-" "Mozilla/5.0 AppleWebKit/537.36 (KHTML, like Gecko; compatible; Amazonbot/0.1; +https://developer.amazon.com/support/amazonbot) Chrome/119.0.6045.214 Safari/537.36" "-"
216.73.216.0 - - [22/Mar/2026:00:00:13 -0400] "GET /shop/accessive/irrelavance032472184509.html?fileloc=%2Fhomepages%2F38%2Fd1014936368%2Fhtdocs%2Fclickandbuilds%2FHawkConstruction%2Fwp-blog-header.php&path=%2Fhomepages%2F38%2Fd1014936368%2Fhtdocs%2Fclickandbuilds%2FHawkConstruction HTTP/1.1" 200 13166 hawk-cs.com "-" "Mozilla/5.0 AppleWebKit/537.36 (KHTML, like Gecko; compatible; ClaudeBot/1.0; +claudebot@anthropic.com)" "-"
66.249.64.0 - - [22/Mar/2026:00:00:16 -0400] "GET /shop/phacops/hosteler012472597889.html HTTP/1.1" 200 219964 hawk-cs.com "-" "Mozilla/5.0 (Linux; Android 6.0.1; Nexus 5X Build/MMB29P) AppleWebKit/537.36 (KHTML, like Gecko) Chrome/145.0.7632.159 Mobile Safari/537.36 (compatible; Googlebot/2.1; +http://www.google.com/bot.html)" "-"
44.195.145.0 - - [22/Mar/2026:00:00:17 -0400] "GET /spielbanken-mit-paypal-in-der-schweiz-2025/?fileloc=/homepages/38/d1014936368/htdocs/clickandbuilds/HawkConstruction/wp-includes/bookmark.php&path=/homepages/38/d1014936368/htdocs/clickandbuilds/HawkConstruction/wp-includes HTTP/1.1" 429 267 hawk-cs.com "-" "Mozilla/5.0 AppleWebKit/537.36 (KHTML, like Gecko; compatible; Amazonbot/0.1; +https://developer.amazon.com/support/amazonbot) Chrome/119.0.6045.214 Safari/537.36" "-"
216.73.216.0 - - [22/Mar/2026:00:00:18 -0400] "GET /shop/foret/rathskeller023486106606.html?fileloc=%2Fhomepages%2F38%2Fd1014936368%2Fhtdocs%2Fclickandbuilds%2FHawkConstruction%2Fwp-mail.php&path=%2Fhomepages%2F38%2Fd1014936368%2Fhtdocs%2Fclickandbuilds%2FHawkConstruction HTTP/1.1" 200 21614 hawk-cs.com "-" "Mozilla/5.0 AppleWebKit/537.36 (KHTML, like Gecko; compatible; ClaudeBot/1.0; +claudebot@anthropic.com)" "-"
2a03:2880:f800:: - - [22/Mar/2026:00:00:18 -0400] "GET /shop/evildoing/siroccos02144961610.html?path=/homepages/38/d1014936368/htdocs/clickandbuilds/HawkConstruction/images HTTP/1.1" 200 16235 hawk-cs.com "-" "meta-externalagent/1.1 (+https://developers.facebook.com/docs/sharing/webmasters/crawler)" "-"
108.179.253.0 - - [22/Mar/2026:00:00:18 -0400] "GET /wp-login.php HTTP/1.1" 200 76933 hawk-cs.com "-" "Mozilla/5.0 (Windows NT 6.3; WOW64; Trident/7.0; MDDCJS; rv:11.0) like Gecko" "-"
66.249.64.0 - - [22/Mar/2026:00:00:20 -0400] "GET /shop/hypocleidiums/loupsgarous002950496886.html HTTP/1.1" 200 204904 hawk-cs.com "-" "Mozilla/5.0 (Linux; Android 6.0.1; Nexus 5X Build/MMB29P) AppleWebKit/537.36 (KHTML, like Gecko) Chrome/145.0.7632.159 Mobile Safari/537.36 (compatible; Googlebot/2.1; +http://www.google.com/bot.html)" "-"
66.249.64.0 - - [22/Mar/2026:00:00:20 -0400] "GET /shop/revirescence/heliangelos04950763008.html HTTP/1.1" 200 219287 hawk-cs.com "-" "Mozilla/5.0 (Linux; Android 6.0.1; Nexus 5X Build/MMB29P) AppleWebKit/537.36 (KHTML, like Gecko) Chrome/145.0.7632.159 Mobile Safari/537.36 (compatible; Googlebot/2.1; +http://www.google.com/bot.html)" "-"
52.202.233.0 - - [22/Mar/2026:00:00:21 -0400] "GET /our-service-welcomes-you-7-days-a-week-north-america-grab-your-bonus/?fileloc=/homepages/38/d1014936368/htdocs/clickandbuilds/HawkConstruction/wp-includes/class-wp-roles.php&path=/homepages/38/d1014936368/htdocs/clickandbuilds/HawkConstruction/wp-includes HTTP/1.1" 429 267 hawk-cs.com "-" "Mozilla/5.0 AppleWebKit/537.36 (KHTML, like Gecko; compatible; Amazonbot/0.1; +https://developer.amazon.com/support/amazonbot) Chrome/119.0.6045.214 Safari/537.36" "-"
14.181.175.0 - - [22/Mar/2026:00:00:21 -0400] "GET /landscaping HTTP/1.1" 200 76933 hawk-cs.com "-" "Mozilla/5.0 (Windows NT 6.1; WOW64) AppleWebKit/536.3 (KHTML, like Gecko) Chrome/19.0.1063.0 Safari/536.3" "-"
2a03:2880:f800:: - - [22/Mar/2026:00:00:22 -0400] "GET /shop/filius/defacement002372383181.html?path=/homepages/10 HTTP/1.1" 200 83460 hawk-cs.com "-" "meta-externalagent/1.1 (+https://developers.facebook.com/docs/sharing/webmasters/crawler)" "-"
216.73.216.0 - - [22/Mar/2026:00:00:23 -0400] "GET /shop/encharging/bostryx031152758626.html?fileloc=%2Fhomepages%2F38%2Fd1014936368%2Fhtdocs%2Fclickandbuilds%2FHawkConstruction%2Fwp-includes%2Fpomo%2Fmo.php&path=%2Fhomepages%2F38%2Fd1014936368%2Fhtdocs%2Fclickandbuilds%2FHawkConstruction%2Fwp-includes%2Fpomo HTTP/1.1" 200 22700 hawk-cs.com "-" "Mozilla/5.0 AppleWebKit/537.36 (KHTML, like Gecko; compatible; ClaudeBot/1.0; +claudebot@anthropic.com)" "-"
66.249.64.0 - - [22/Mar/2026:00:00:23 -0400] "GET /shop/qualitatively/amphineura072489065011.html HTTP/1.1" 200 207266 hawk-cs.com "-" "Mozilla/5.0 (Linux; Android 6.0.1; Nexus 5X Build/MMB29P) AppleWebKit/537.36 (KHTML, like Gecko) Chrome/145.0.7632.159 Mobile Safari/537.36 (compatible; Googlebot/2.1; +http://www.google.com/bot.html)" "-"
44.209.187.0 - - [22/Mar/2026:00:00:25 -0400] "GET /category/uncategorized/feed/?fileloc=/homepages/38/d1015137528/DASTOOLSTART&path=/homepages/38/d1015137528 HTTP/1.1" 429 267 hawk-cs.com "-" "Mozilla/5.0 AppleWebKit/537.36 (KHTML, like Gecko; compatible; Amazonbot/0.1; +https://developer.amazon.com/support/amazonbot) Chrome/119.0.6045.214 Safari/537.36" "-"
66.249.64.0 - - [22/Mar/2026:00:00:27 -0400] "GET /shop/lonesomest/custodianship004241013565.html HTTP/1.1" 200 221494 hawk-cs.com "-" "Mozilla/5.0 (Linux; Android 6.0.1; Nexus 5X Build/MMB29P) AppleWebKit/537.36 (KHTML, like Gecko) Chrome/145.0.7632.159 Mobile Safari/537.36 (compatible; Googlebot/2.1; +http://www.google.com/bot.html)" "-"
2a03:2880:f800:: - - [22/Mar/2026:00:00:27 -0400] "GET /shop/aspersive/easternmost02410841742.html?path=/homepages/38/d1016164901 HTTP/1.1" 200 29998 hawk-cs.com "-" "meta-externalagent/1.1 (+https://developers.facebook.com/docs/sharing/webmasters/crawler)" "-"
216.73.216.0 - - [22/Mar/2026:00:00:28 -0400] "GET /shop/spermatogonium/diffusible022043272544.html?fileloc=%2Fhomepages%2F38%2Fd1014936368%2Fhtdocs%2Fclickandbuilds%2FHawkConstruction%2Fradio.php&path=%2Fhomepages%2F38%2Fd1014936368%2Fhtdocs%2Fclickandbuilds%2FHawkConstruction HTTP/1.1" 200 12600 hawk-cs.com "-" "Mozilla/5.0 AppleWebKit/537.36 (KHTML, like Gecko; compatible; ClaudeBot/1.0; +claudebot@anthropic.com)" "-"
34.204.150.0 - - [22/Mar/2026:00:00:29 -0400] "GET /category/uncategorized/feed/?fileloc=/homepages/38/d1014497294/htaccesslist&path=/homepages/38/d1014497294 HTTP/1.1" 429 267 hawk-cs.com "-" "Mozilla/5.0 AppleWebKit/537.36 (KHTML, like Gecko; compatible; Amazonbot/0.1; +https://developer.amazon.com/support/amazonbot) Chrome/119.0.6045.214 Safari/537.36" "-"
108.179.253.0 - - [22/Mar/2026:00:00:30 -0400] "POST /wp-login.php HTTP/1.1" 200 76933 hawk-cs.com "https://hawk-cs.com/wp-login.php" "Mozilla/5.0 (Windows NT 6.3; WOW64; Trident/7.0; MDDCJS; rv:11.0) like Gecko" "-"
2a03:2880:f800:: - - [22/Mar/2026:00:00:32 -0400] "GET /shop/outoftown/pristopoma022965086837.html?path=/homepages/38/d1014936368/htdocs/clickandbuilds/HawkConstruction/images HTTP/1.1" 429 267 hawk-cs.com "-" "meta-externalagent/1.1 (+https://developers.facebook.com/docs/sharing/webmasters/crawler)" "-"
66.249.64.0 - - [22/Mar/2026:00:00:32 -0400] "GET /shop/reddishbrown/discombobulate072692007479.html HTTP/1.1" 200 213216 hawk-cs.com "-" "Mozilla/5.0 (Linux; Android 6.0.1; Nexus 5X Build/MMB29P) AppleWebKit/537.36 (KHTML, like Gecko) Chrome/145.0.7632.159 Mobile Safari/537.36 (compatible; Googlebot/2.1; +http://www.google.com/bot.html)" "-"
216.73.216.0 - - [22/Mar/2026:00:00:33 -0400] "GET /shop/hallow/reflexion022060540826.html?fileloc=%2Fhomepages%2F38%2Fd1014936368%2Fhtdocs%2Fclickandbuilds%2FHawkConstruction%2Fcopcu.php&path=%2Fhomepages%2F38%2Fd1014936368%2Fhtdocs%2Fclickandbuilds%2FHawkConstruction HTTP/1.1" 200 109635 hawk-cs.com "-" "Mozilla/5.0 AppleWebKit/537.36 (KHTML, like Gecko; compatible; ClaudeBot/1.0; +claudebot@anthropic.com)" "-"
3.221.50.0 - - [22/Mar/2026:00:00:33 -0400] "GET /category/uncategorized/page/3/?fileloc=/homepages/38/d1014936368/htdocs/clickandbuilds/HawkConstruction/wp-includes/ID3/module.audio.mp3.php&path=/homepages/38/d1014936368/htdocs/clickandbuilds/HawkConstruction/wp-includes/ID3 HTTP/1.1" 429 267 hawk-cs.com "-" "Mozilla/5.0 AppleWebKit/537.36 (KHTML, like Gecko; compatible; Amazonbot/0.1; +https://developer.amazon.com/support/amazonbot) Chrome/119.0.6045.214 Safari/537.36" "-"
2a03:2880:f800:: - - [22/Mar/2026:00:00:37 -0400] "GET /shop/animoseness/diptote003123132751.html?path=//srv HTTP/1.1" 429 267 hawk-cs.com "-" "meta-externalagent/1.1 (+https://developers.facebook.com/docs/sharing/webmasters/crawler)" "-"
44.215.61.0 - - [22/Mar/2026:00:00:37 -0400] "GET /wie-troll-ordnungszahl-53-erreichen-sg8-gl-cksspielkasino-klient-besuchen-online-casino-frumzi-innerhalb-deutschlands-start-playing/?fileloc=/homepages/38/d1014936368/htdocs/clickandbuilds/HawkConstruction/wp-content/orvxv4.php&path=/homepages/38/d1014936368/htdocs/clickandbuilds/HawkConstruction/wp-content HTTP/1.1" 429 267 hawk-cs.com "-" "Mozilla/5.0 AppleWebKit/537.36 (KHTML, like Gecko; compatible; Amazonbot/0.1; +https://developer.amazon.com/support/amazonbot) Chrome/119.0.6045.214 Safari/537.36" "-"
2a03:2880:f800:: - - [22/Mar/2026:00:00:37 -0400] "GET /shop/annealer/grasping02652607099.html?path=/homepages/38/d1012875371 HTTP/1.1" 429 267 hawk-cs.com "-" "meta-externalagent/1.1 (+https://developers.facebook.com/docs/sharing/webmasters/crawler)" "-"
216.73.216.0 - - [22/Mar/2026:00:00:38 -0400] "GET /shop/hesperus/nonsane031556792701.html?fileloc=%2Fhomepages%2F38%2Fd1014936368%2Fhtdocs%2Fclickandbuilds%2FHawkConstruction%2Fclick.php&path=%2Fhomepages%2F38%2Fd1014936368%2Fhtdocs%2Fclickandbuilds%2FHawkConstruction HTTP/1.1" 429 267 hawk-cs.com "-" "Mozilla/5.0 AppleWebKit/537.36 (KHTML, like Gecko; compatible; ClaudeBot/1.0; +claudebot@anthropic.com)" "-"
66.249.64.0 - - [22/Mar/2026:00:00:38 -0400] "GET /shop/instinctive/curtained07277128426.html HTTP/1.1" 200 201751 hawk-cs.com "-" "Mozilla/5.0 (Linux; Android 6.0.1; Nexus 5X Build/MMB29P) AppleWebKit/537.36 (KHTML, like Gecko) Chrome/145.0.7632.159 Mobile Safari/537.36 (compatible; Googlebot/2.1; +http://www.google.com/bot.html)" "-"
114.119.151.0 - - [22/Mar/2026:00:00:41 -0400] "GET /shop/palatial/settlement053740860241.html HTTP/1.1" 200 76933 hawk-cs.com "https://hawk-cs.com/sitemaps.xmlDisallow:%20*/cache/ionos-performance/" "Mozilla/5.0 (Linux; Android 7.0;) AppleWebKit/537.36 (KHTML, like Gecko) Mobile Safari/537.36 (compatible; PetalBot;+https://webmaster.petalsearch.com/site/petalbot)" "-"
52.6.232.0 - - [22/Mar/2026:00:00:41 -0400] "GET /category/uncategorized/feed/?fileloc=/homepages/38/d1015137528/metadata.json&path=/homepages/38/d1015137528 HTTP/1.1" 429 267 hawk-cs.com "-" "Mozilla/5.0 AppleWebKit/537.36 (KHTML, like Gecko; compatible; Amazonbot/0.1; +https://developer.amazon.com/support/amazonbot) Chrome/119.0.6045.214 Safari/537.36" "-"
66.249.64.0 - - [22/Mar/2026:00:00:42 -0400] "GET /shop/knacker/prudhomme033800060696.html HTTP/1.1" 200 216510 hawk-cs.com "-" "Mozilla/5.0 (Linux; Android 6.0.1; Nexus 5X Build/MMB29P) AppleWebKit/537.36 (KHTML, like Gecko) Chrome/145.0.7632.159 Mobile Safari/537.36 (compatible; Googlebot/2.1; +http://www.google.com/bot.html)" "-"
2a03:2880:f800:: - - [22/Mar/2026:00:00:42 -0400] "GET /shop/sissoo/meriones002676858959.html?path=/homepages/7 HTTP/1.1" 429 267 hawk-cs.com "-" "meta-externalagent/1.1 (+https://developers.facebook.com/docs/sharing/webmasters/crawler)" "-"
216.73.216.0 - - [22/Mar/2026:00:00:43 -0400] "GET /shop/lapideous/overcoming022618901138.html?fileloc=%2Fhomepages%2F38%2Fd1014936368%2Fhtdocs%2Fclickandbuilds%2FHawkConstruction%2Fwp-trackback.php&path=%2Fhomepages%2F38%2Fd1014936368%2Fhtdocs%2Fclickandbuilds%2FHawkConstruction HTTP/1.1" 429 267 hawk-cs.com "-" "Mozilla/5.0 AppleWebKit/537.36 (KHTML, like Gecko; compatible; ClaudeBot/1.0; +claudebot@anthropic.com)" "-"
74.7.243.0 - - [22/Mar/2026:00:00:43 -0400] "GET /shop/tressure/reprimander063972562740.html?fileloc=/homepages/38/d1014936368/htdocs/clickandbuilds/HawkConstruction/radio.php&path=/homepages/38/d1014936368/htdocs/clickandbuilds/HawkConstruction HTTP/1.1" 429 267 hawk-cs.com "https://hawk-cs.com/shop/tressure/reprimander063972562740.html" "Mozilla/5.0 AppleWebKit/537.36 (KHTML, like Gecko; compatible; GPTBot/1.3; +https://openai.com/gptbot)" "-"
2a03:2880:f800:: - - [22/Mar/2026:00:00:44 -0400] "GET /shop/carol/schwanns021274446277.html?path=/homepages/38/d1014936368/htdocs/clickandbuilds/HawkConstruction/.local HTTP/1.1" 429 267 hawk-cs.com "-" "meta-externalagent/1.1 (+https://developers.facebook.com/docs/sharing/webmasters/crawler)" "-"
66.249.64.0 - - [22/Mar/2026:00:00:44 -0400] "GET /shop/undersoil/pseudosymmetric0353155231.html HTTP/1.1" 200 225745 hawk-cs.com "-" "Mozilla/5.0 (Linux; Android 6.0.1; Nexus 5X Build/MMB29P) AppleWebKit/537.36 (KHTML, like Gecko) Chrome/145.0.7632.159 Mobile Safari/537.36 (compatible; Googlebot/2.1; +http://www.google.com/bot.html)" "-"
2a03:2880:f800:: - - [22/Mar/2026:00:00:44 -0400] "GET /shop/annealer/grasping02652607099.html?path=//boot HTTP/1.1" 429 267 hawk-cs.com "-" "meta-externalagent/1.1 (+https://developers.facebook.com/docs/sharing/webmasters/crawler)" "-"
23.21.227.0 - - [22/Mar/2026:00:00:45 -0400] "GET /what-client-musical-accompaniment-selection-are-available-pacific-region-get-bonus-now/?fileloc=/homepages/38/d1014936368/htdocs/clickandbuilds/HawkConstruction/wp-includes/class-wp-textdomain-registry.php&path=/homepages/38/d1014936368/htdocs/clickandbuilds/HawkConstruction/wp-includes HTTP/1.1" 429 267 hawk-cs.com "-" "Mozilla/5.0 AppleWebKit/537.36 (KHTML, like Gecko; compatible; Amazonbot/0.1; +https://developer.amazon.com/support/amazonbot) Chrome/119.0.6045.214 Safari/537.36" "-"
66.249.64.0 - - [22/Mar/2026:00:00:48 -0400] "GET /shop/pavane/gossipy003331169362.html HTTP/1.1" 200 217298 hawk-cs.com "-" "Mozilla/5.0 (Linux; Android 6.0.1; Nexus 5X Build/MMB29P) AppleWebKit/537.36 (KHTML, like Gecko) Chrome/145.0.7632.159 Mobile Safari/537.36 (compatible; Googlebot/2.1; +http://www.google.com/bot.html)" "-"
216.73.216.0 - - [22/Mar/2026:00:00:48 -0400] "GET /shop/painters/chapital023086521635.html?fileloc=%2F%2Fkunden%2Fbin%2Flzmainfo&path=%2F%2Fkunden%2Fbin HTTP/1.1" 429 267 hawk-cs.com "-" "Mozilla/5.0 AppleWebKit/537.36 (KHTML, like Gecko; compatible; ClaudeBot/1.0; +claudebot@anthropic.com)" "-"
216.250.113.0 - - [22/Mar/2026:00:00:19 -0400] "GET /wp-admin/css/colors/ocean/ocean/ocean/ocean/ocean/index.php?ARRAY=7o2230223n313737343135353631392p2231223n22687474703n5p2s5p2s7n733739397631336o6s2r7265646s73732r626565725p2s3s6p633q7068705s636s64655s6n6326743q313737343135323031392q3934336131633030363361646666663366636233336338636262343162303536222p2232223n226635363232626537393531643261666635333363306332613464363465326463222p2233223n223236313736316262613936313838633038333939626534333630613935386237222p226175746s5s66696p655s6r616q65223n6r756p6p2p226175746s5s70617373223n6r756p6p2p2262696r675s70617373223n2231322q34312q35342q36332q37362q38372q3330227q HTTP/1.1" 200 52 hawk-cs.com "-" "-" "-"
44.218.6.0 - - [22/Mar/2026:00:00:50 -0400] "GET /discover-fantastic-worlds-asian-market-join-now/?fileloc=/homepages/38/d1014936368/htdocs/clickandbuilds/HawkConstruction/cd452/index.php&path=/homepages/38/d1014936368/htdocs/clickandbuilds/HawkConstruction/cd452 HTTP/1.1" 429 267 hawk-cs.com "-" "Mozilla/5.0 AppleWebKit/537.36 (KHTML, like Gecko; compatible; Amazonbot/0.1; +https://developer.amazon.com/support/amazonbot) Chrome/119.0.6045.214 Safari/537.36" "-"
2a03:2880:f800:: - - [22/Mar/2026:00:00:51 -0400] "GET /shop/pollination/tongs001124216593.html?path=/homepages/38/d1013131192 HTTP/1.1" 429 267 hawk-cs.com "-" "meta-externalagent/1.1 (+https://developers.facebook.com/docs/sharing/webmasters/crawler)" "-"
66.249.64.0 - - [22/Mar/2026:00:00:52 -0400] "GET /shop/zymologist/cucurbita10766603902.html HTTP/1.1" 200 216843 hawk-cs.com "-" "Mozilla/5.0 (Linux; Android 6.0.1; Nexus 5X Build/MMB29P) AppleWebKit/537.36 (KHTML, like Gecko) Chrome/145.0.7632.159 Mobile Safari/537.36 (compatible; Googlebot/2.1; +http://www.google.com/bot.html)" "-"
2a03:2880:f800:: - - [22/Mar/2026:00:00:53 -0400] "GET /shop/cambrobriton/fanteeg024151078692.html?path=/homepages/38/d1014936368/htdocs/clickandbuilds/HawkConstruction/adebwp HTTP/1.1" 429 267 hawk-cs.com "-" "meta-externalagent/1.1 (+https://developers.facebook.com/docs/sharing/webmasters/crawler)" "-"
216.73.216.0 - - [22/Mar/2026:00:00:53 -0400] "GET /shop/provine/revive024031955359.html?fileloc=%2Fhomepages%2F38%2Fd1014936368%2Fhtdocs%2Fclickandbuilds%2FHawkConstruction%2Fwp-mail.php&path=%2Fhomepages%2F38%2Fd1014936368%2Fhtdocs%2Fclickandbuilds%2FHawkConstruction HTTP/1.1" 429 267 hawk-cs.com "-" "Mozilla/5.0 AppleWebKit/537.36 (KHTML, like Gecko; compatible; ClaudeBot/1.0; +claudebot@anthropic.com)" "-"
34.227.234.0 - - [22/Mar/2026:00:00:53 -0400] "GET /sustenance-connecticut-enjoy-the-game/?fileloc=/homepages/38/d1014936368/htdocs/clickandbuilds/HawkConstruction/wp-admin/images/sort.gif&path=/homepages/38/d1014936368/htdocs/clickandbuilds/HawkConstruction/wp-admin/images HTTP/1.1" 429 267 hawk-cs.com "-" "Mozilla/5.0 AppleWebKit/537.36 (KHTML, like Gecko; compatible; Amazonbot/0.1; +https://developer.amazon.com/support/amazonbot) Chrome/119.0.6045.214 Safari/537.36" "-"
2a03:2880:f800:: - - [22/Mar/2026:00:00:54 -0400] "GET /shop/videlicet/seagate023179179711.html?path=/ HTTP/1.1" 429 267 hawk-cs.com "-" "meta-externalagent/1.1 (+https://developers.facebook.com/docs/sharing/webmasters/crawler)" "-"
2a03:2880:f800:: - - [22/Mar/2026:00:00:55 -0400] "GET /shop/confidant/landwaiter021706805424.html?path=/ HTTP/1.1" 429 267 hawk-cs.com "-" "meta-externalagent/1.1 (+https://developers.facebook.com/docs/sharing/webmasters/crawler)" "-"
66.249.64.0 - - [22/Mar/2026:00:00:56 -0400] "GET /shop/fluxed/trotting142408573827.html HTTP/1.1" 200 206615 hawk-cs.com "-" "Mozilla/5.0 (Linux; Android 6.0.1; Nexus 5X Build/MMB29P) AppleWebKit/537.36 (KHTML, like Gecko) Chrome/145.0.7632.159 Mobile Safari/537.36 (compatible; Googlebot/2.1; +http://www.google.com/bot.html)" "-"
50.87.144.0 - - [22/Mar/2026:00:00:57 -0400] "GET /wp-login.php HTTP/1.1" 200 76933 hawk-cs.com "-" "Mozilla/5.0 (X11; CrOS x86_64 10323.67.0) AppleWebKit/537.36 (KHTML, like Gecko) Chrome/65.0.3325.209 Safari/537.36" "-"
54.159.98.0 - - [22/Mar/2026:00:00:57 -0400] "GET /category/uncategorized/page/3/?fileloc=/homepages/38/d1014936368/htdocs/clickandbuilds/HawkConstruction/wp-includes/ID3/license.txt&path=/homepages/38/d1014936368/htdocs/clickandbuilds/HawkConstruction/wp-includes/ID3 HTTP/1.1" 200 14234 hawk-cs.com "-" "Mozilla/5.0 AppleWebKit/537.36 (KHTML, like Gecko; compatible; Amazonbot/0.1; +https://developer.amazon.com/support/amazonbot) Chrome/119.0.6045.214 Safari/537.36" "-"
216.73.216.0 - - [22/Mar/2026:00:00:58 -0400] "GET /shop/terminatory/disclaimer021491717428.html?fileloc=%2Fhomepages%2F38%2Fd1014936368%2Fhtdocs%2Fclickandbuilds%2FHawkConstruction%2Findex.php0&path=%2Fhomepages%2F38%2Fd1014936368%2Fhtdocs%2Fclickandbuilds%2FHawkConstruction HTTP/1.1" 429 267 hawk-cs.com "-" "Mozilla/5.0 AppleWebKit/537.36 (KHTML, like Gecko; compatible; ClaudeBot/1.0; +claudebot@anthropic.com)" "-"
66.249.64.0 - - [22/Mar/2026:00:01:00 -0400] "GET /shop/recognize/calyptorhynchus061484509659.html HTTP/1.1" 200 213348 hawk-cs.com "-" "Mozilla/5.0 (Linux; Android 6.0.1; Nexus 5X Build/MMB29P) AppleWebKit/537.36 (KHTML, like Gecko) Chrome/145.0.7632.159 Mobile Safari/537.36 (compatible; Googlebot/2.1; +http://www.google.com/bot.html)" "-"
54.159.18.0 - - [22/Mar/2026:00:01:01 -0400] "GET /category/uncategorized/feed/?fileloc=/homepages/38/d1014136334/htaccesslist&path=/homepages/38/d1014136334 HTTP/1.1" 200 12319 hawk-cs.com "-" "Mozilla/5.0 AppleWebKit/537.36 (KHTML, like Gecko; compatible; Amazonbot/0.1; +https://developer.amazon.com/support/amazonbot) Chrome/119.0.6045.214 Safari/537.36" "-"
216.73.216.0 - - [22/Mar/2026:00:01:03 -0400] "GET /shop/painters/chapital023086521635.html?fileloc=%2F%2Fkunden%2Fbin%2Ffree&path=%2F%2Fkunden%2Fbin HTTP/1.1" 429 267 hawk-cs.com "-" "Mozilla/5.0 AppleWebKit/537.36 (KHTML, like Gecko; compatible; ClaudeBot/1.0; +claudebot@anthropic.com)" "-"
66.249.64.0 - - [22/Mar/2026:00:01:04 -0400] "GET /shop/plebeian/culprit051641206132.html HTTP/1.1" 200 224525 hawk-cs.com "-" "Mozilla/5.0 (Linux; Android 6.0.1; Nexus 5X Build/MMB29P) AppleWebKit/537.36 (KHTML, like Gecko) Chrome/145.0.7632.159 Mobile Safari/537.36 (compatible; Googlebot/2.1; +http://www.google.com/bot.html)" "-"
44.213.36.0 - - [22/Mar/2026:00:01:05 -0400] "GET /sustenance-connecticut-enjoy-the-game/?fileloc=/homepages/38/d1014936368/htdocs/clickandbuilds/HawkConstruction/wp-includes/images/uploader-icons-2x.png&path=/homepages/38/d1014936368/htdocs/clickandbuilds/HawkConstruction/wp-includes/images HTTP/1.1" 200 12851 hawk-cs.com "-" "Mozilla/5.0 AppleWebKit/537.36 (KHTML, like Gecko; compatible; Amazonbot/0.1; +https://developer.amazon.com/support/amazonbot) Chrome/119.0.6045.214 Safari/537.36" "-"
2a03:2880:f800:: - - [22/Mar/2026:00:01:06 -0400] "GET /shop/provine/revive024031955359.html?path=/homepages/38/d1016415928 HTTP/1.1" 429 267 hawk-cs.com "-" "meta-externalagent/1.1 (+https://developers.facebook.com/docs/sharing/webmasters/crawler)" "-"
66.249.64.0 - - [22/Mar/2026:00:01:08 -0400] "GET /shop/dilapidating/holocephala024051566937.html HTTP/1.1" 200 205144 hawk-cs.com "-" "Mozilla/5.0 (Linux; Android 6.0.1; Nexus 5X Build/MMB29P) AppleWebKit/537.36 (KHTML, like Gecko) Chrome/145.0.7632.159 Mobile Safari/537.36 (compatible; Googlebot/2.1; +http://www.google.com/bot.html)" "-"
2a03:2880:f800:: - - [22/Mar/2026:00:01:08 -0400] "GET /shop/gentian/smoothed02400074328.html?path=/homepages/38/d1014936368 HTTP/1.1" 429 267 hawk-cs.com "-" "meta-externalagent/1.1 (+https://developers.facebook.com/docs/sharing/webmasters/crawler)" "-"
216.73.216.0 - - [22/Mar/2026:00:01:08 -0400] "GET /shop/painters/chapital023086521635.html?fileloc=%2F%2Fkunden%2Fbin%2Fapt-cdrom&path=%2F%2Fkunden%2Fbin HTTP/1.1" 429 267 hawk-cs.com "-" "Mozilla/5.0 AppleWebKit/537.36 (KHTML, like Gecko; compatible; ClaudeBot/1.0; +claudebot@anthropic.com)" "-"
50.87.144.0 - - [22/Mar/2026:00:01:09 -0400] "POST /wp-login.php HTTP/1.1" 200 76933 hawk-cs.com "https://hawk-cs.com/wp-login.php" "Mozilla/5.0 (X11; CrOS x86_64 10323.67.0) AppleWebKit/537.36 (KHTML, like Gecko) Chrome/65.0.3325.209 Safari/537.36" "-"
50.19.102.0 - - [22/Mar/2026:00:01:09 -0400] "GET /alive-principal-alternative-new-zealand-spin-to-win/?fileloc=/homepages/38/d1014936368/htdocs/clickandbuilds/HawkConstruction/wp-admin/images/align-center.png&path=/homepages/38/d1014936368/htdocs/clickandbuilds/HawkConstruction/wp-admin/images HTTP/1.1" 200 12834 hawk-cs.com "-" "Mozilla/5.0 AppleWebKit/537.36 (KHTML, like Gecko; compatible; Amazonbot/0.1; +https://developer.amazon.com/support/amazonbot) Chrome/119.0.6045.214 Safari/537.36" "-"
2a03:2880:f800:: - - [22/Mar/2026:00:01:10 -0400] "GET /shop/beleper/nosebag022008068020.html?path=/homepages/38 HTTP/1.1" 429 267 hawk-cs.com "-" "meta-externalagent/1.1 (+https://developers.facebook.com/docs/sharing/webmasters/crawler)" "-"
2a03:2880:f800:: - - [22/Mar/2026:00:01:11 -0400] "GET /shop/machinecontrolled/shoaly023531157150.html?path=/ HTTP/1.1" 429 267 hawk-cs.com "-" "meta-externalagent/1.1 (+https://developers.facebook.com/docs/sharing/webmasters/crawler)" "-"
2a03:2880:f800:: - - [22/Mar/2026:00:01:13 -0400] "GET /shop/fulminic/musca021208289920.html?path=/ HTTP/1.1" 429 267 hawk-cs.com "-" "meta-externalagent/1.1 (+https://developers.facebook.com/docs/sharing/webmasters/crawler)" "-"
216.73.216.0 - - [22/Mar/2026:00:01:13 -0400] "GET /shop/yesternight/veratria0254184973.html?fileloc=%2Fhomepages%2F38%2Fd1014936368%2Fhtdocs%2Fclickandbuilds%2FHawkConstruction%2Fwp-config-sample.php&path=%2Fhomepages%2F38%2Fd1014936368%2Fhtdocs%2Fclickandbuilds%2FHawkConstruction HTTP/1.1" 429 267 hawk-cs.com "-" "Mozilla/5.0 AppleWebKit/537.36 (KHTML, like Gecko; compatible; ClaudeBot/1.0; +claudebot@anthropic.com)" "-"
66.249.64.0 - - [22/Mar/2026:00:01:13 -0400] "GET /shop/whitefronted/labile03473606740.html HTTP/1.1" 200 226890 hawk-cs.com "-" "Mozilla/5.0 (Linux; Android 6.0.1; Nexus 5X Build/MMB29P) AppleWebKit/537.36 (KHTML, like Gecko) Chrome/145.0.7632.159 Mobile Safari/537.36 (compatible; Googlebot/2.1; +http://www.google.com/bot.html)" "-"
52.45.92.0 - - [22/Mar/2026:00:01:13 -0400] "GET /category/uncategorized/feed/?fileloc=/homepages/38/d1014497294/phpinilist&path=/homepages/38/d1014497294 HTTP/1.1" 200 12317 hawk-cs.com "-" "Mozilla/5.0 AppleWebKit/537.36 (KHTML, like Gecko; compatible; Amazonbot/0.1; +https://developer.amazon.com/support/amazonbot) Chrome/119.0.6045.214 Safari/537.36" "-"
2a03:2880:f800:: - - [22/Mar/2026:00:01:15 -0400] "GET /shop/scincidae/neottia024102882323.html?path=//kunden HTTP/1.1" 429 267 hawk-cs.com "-" "meta-externalagent/1.1 (+https://developers.facebook.com/docs/sharing/webmasters/crawler)" "-"
66.249.64.0 - - [22/Mar/2026:00:01:16 -0400] "GET /shop/garniture/neufchatel03804083550.html HTTP/1.1" 200 215602 hawk-cs.com "-" "Mozilla/5.0 (Linux; Android 6.0.1; Nexus 5X Build/MMB29P) AppleWebKit/537.36 (KHTML, like Gecko) Chrome/145.0.7632.159 Mobile Safari/537.36 (compatible; Googlebot/2.1; +http://www.google.com/bot.html)" "-"
2a03:2880:f800:: - - [22/Mar/2026:00:01:17 -0400] "GET /shop/jacquerie/antiquateness021179658603.html?path=/homepages/38/d1014936368/htdocs/clickandbuilds/HawkConstruction HTTP/1.1" 429 267 hawk-cs.com "-" "meta-externalagent/1.1 (+https://developers.facebook.com/docs/sharing/webmasters/crawler)" "-"
18.215.77.0 - - [22/Mar/2026:00:01:17 -0400] "GET /alive-principal-alternative-new-zealand-spin-to-win/?fileloc=/homepages/38/d1014936368/htpasswd&path=/homepages/38/d1014936368 HTTP/1.1" 200 12315 hawk-cs.com "-" "Mozilla/5.0 AppleWebKit/537.36 (KHTML, like Gecko; compatible; Amazonbot/0.1; +https://developer.amazon.com/support/amazonbot) Chrome/119.0.6045.214 Safari/537.36" "-"
216.73.216.0 - - [22/Mar/2026:00:01:18 -0400] "GET /shop/osteopathy/epididymitis02300759062.html?fileloc=%2Fhomepages%2F38%2Fd1014936368%2Fhtdocs%2Fclickandbuilds%2FHawkConstruction%2Fwp-includes%2Ftheme-i18n.json&path=%2Fhomepages%2F38%2Fd1014936368%2Fhtdocs%2Fclickandbuilds%2FHawkConstruction%2Fwp-includes HTTP/1.1" 429 267 hawk-cs.com "-" "Mozilla/5.0 AppleWebKit/537.36 (KHTML, like Gecko; compatible; ClaudeBot/1.0; +claudebot@anthropic.com)" "-"
2a03:2880:f800:: - - [22/Mar/2026:00:01:20 -0400] "GET /shop/fissionable/xanthate022227103549.html?path=/homepages/lnk HTTP/1.1" 429 267 hawk-cs.com "-" "meta-externalagent/1.1 (+https://developers.facebook.com/docs/sharing/webmasters/crawler)" "-"
66.249.64.0 - - [22/Mar/2026:00:01:21 -0400] "GET /shop/brama/restraining112773459976.html HTTP/1.1" 200 212360 hawk-cs.com "-" "Mozilla/5.0 (Linux; Android 6.0.1; Nexus 5X Build/MMB29P) AppleWebKit/537.36 (KHTML, like Gecko) Chrome/145.0.7632.159 Mobile Safari/537.36 (compatible; Googlebot/2.1; +http://www.google.com/bot.html)" "-"
3.232.102.0 - - [22/Mar/2026:00:01:21 -0400] "GET /alive-principal-alternative-new-zealand-spin-to-win/?fileloc=/homepages/38/d1014936368/htdocs/clickandbuilds/HawkConstruction/wp-admin/images/browser.png&path=/homepages/38/d1014936368/htdocs/clickandbuilds/HawkConstruction/wp-admin/images HTTP/1.1" 200 12829 hawk-cs.com "-" "Mozilla/5.0 AppleWebKit/537.36 (KHTML, like Gecko; compatible; Amazonbot/0.1; +https://developer.amazon.com/support/amazonbot) Chrome/119.0.6045.214 Safari/537.36" "-"
2a03:2880:f800:: - - [22/Mar/2026:00:01:22 -0400] "GET /shop/conducible/urosteons023078409299.html?path=/homepages/38/d1016322680 HTTP/1.1" 429 267 hawk-cs.com "-" "meta-externalagent/1.1 (+https://developers.facebook.com/docs/sharing/webmasters/crawler)" "-"
216.73.216.0 - - [22/Mar/2026:00:01:23 -0400] "GET /shop/invert/criminous0325487011.html?fileloc=%2Fhomepages%2F38%2Fd1014936368%2Fhtdocs%2Fclickandbuilds%2FHawkConstruction%2Fwp-settings.php&path=%2Fhomepages%2F38%2Fd1014936368%2Fhtdocs%2Fclickandbuilds%2FHawkConstruction HTTP/1.1" 429 267 hawk-cs.com "-" "Mozilla/5.0 AppleWebKit/537.36 (KHTML, like Gecko; compatible; ClaudeBot/1.0; +claudebot@anthropic.com)" "-"
66.249.64.0 - - [22/Mar/2026:00:01:24 -0400] "GET /shop/foundry/melodramatist011608417439.html HTTP/1.1" 200 208287 hawk-cs.com "-" "Mozilla/5.0 (Linux; Android 6.0.1; Nexus 5X Build/MMB29P) AppleWebKit/537.36 (KHTML, like Gecko) Chrome/145.0.7632.159 Mobile Safari/537.36 (compatible; Googlebot/2.1; +http://www.google.com/bot.html)" "-"
2a03:2880:f800:: - - [22/Mar/2026:00:01:25 -0400] "GET /shop/icositetrahedron/fossorial022811317100.html?path=/homepages/38/d1015765730 HTTP/1.1" 429 267 hawk-cs.com "-" "meta-externalagent/1.1 (+https://developers.facebook.com/docs/sharing/webmasters/crawler)" "-"
35.174.253.0 - - [22/Mar/2026:00:01:25 -0400] "GET /what-client-musical-accompaniment-selection-are-available-pacific-region-get-bonus-now/?fileloc=/homepages/38/d1014936368/htdocs/clickandbuilds/HawkConstruction/wp-includes/class-wp-site.php&path=/homepages/38/d1014936368/htdocs/clickandbuilds/HawkConstruction/wp-includes HTTP/1.1" 200 20331 hawk-cs.com "-" "Mozilla/5.0 AppleWebKit/537.36 (KHTML, like Gecko; compatible; Amazonbot/0.1; +https://developer.amazon.com/support/amazonbot) Chrome/119.0.6045.214 Safari/537.36" "-"
66.249.64.0 - - [22/Mar/2026:00:01:28 -0400] "GET /shop/sparve/incasement071057149793.html HTTP/1.1" 200 204373 hawk-cs.com "-" "Mozilla/5.0 (Linux; Android 6.0.1; Nexus 5X Build/MMB29P) AppleWebKit/537.36 (KHTML, like Gecko) Chrome/145.0.7632.159 Mobile Safari/537.36 (compatible; Googlebot/2.1; +http://www.google.com/bot.html)" "-"
216.73.216.0 - - [22/Mar/2026:00:01:28 -0400] "GET /shop/tendonous/biodynamics02322393202.html?fileloc=%2Fhomepages%2F38%2Fd1014936368%2Fhtdocs%2Fclickandbuilds%2FHawkConstruction%2Fwp-load.php&path=%2Fhomepages%2F38%2Fd1014936368%2Fhtdocs%2Fclickandbuilds%2FHawkConstruction HTTP/1.1" 429 267 hawk-cs.com "-" "Mozilla/5.0 AppleWebKit/537.36 (KHTML, like Gecko; compatible; ClaudeBot/1.0; +claudebot@anthropic.com)" "-"
2a03:2880:f800:: - - [22/Mar/2026:00:01:29 -0400] "GET /shop/whapper/tarheel00694395257.html?path=/homepages/12 HTTP/1.1" 429 267 hawk-cs.com "-" "meta-externalagent/1.1 (+https://developers.facebook.com/docs/sharing/webmasters/crawler)" "-"
3.89.176.0 - - [22/Mar/2026:00:01:29 -0400] "GET /alive-principal-alternative-new-zealand-spin-to-win/?fileloc=/homepages/38/d1014936368/htdocs/clickandbuilds/HawkConstruction/wp-admin/js/password-strength-meter.min.js&path=/homepages/38/d1014936368/htdocs/clickandbuilds/HawkConstruction/wp-admin/js HTTP/1.1" 200 14191 hawk-cs.com "-" "Mozilla/5.0 AppleWebKit/537.36 (KHTML, like Gecko; compatible; Amazonbot/0.1; +https://developer.amazon.com/support/amazonbot) Chrome/119.0.6045.214 Safari/537.36" "-"
2a03:2880:f800:: - - [22/Mar/2026:00:01:33 -0400] "GET /shop/undisputableness/cheeks002154913634.html?path=//homepages HTTP/1.1" 200 79984 hawk-cs.com "-" "meta-externalagent/1.1 (+https://developers.facebook.com/docs/sharing/webmasters/crawler)" "-"
216.73.216.0 - - [22/Mar/2026:00:01:33 -0400] "GET /shop/farad/fittedness023108800791.html?fileloc=%2Fhomepages%2F38%2Fd1014936368%2Fhtdocs%2Fclickandbuilds%2FHawkConstruction%2Fwp-cron.php&path=%2Fhomepages%2F38%2Fd1014936368%2Fhtdocs%2Fclickandbuilds%2FHawkConstruction HTTP/1.1" 429 267 hawk-cs.com "-" "Mozilla/5.0 AppleWebKit/537.36 (KHTML, like Gecko; compatible; ClaudeBot/1.0; +claudebot@anthropic.com)" "-"
34.236.185.0 - - [22/Mar/2026:00:01:33 -0400] "GET /what-client-musical-accompaniment-selection-are-available-pacific-region-get-bonus-now/?fileloc=/homepages/38/d1014936368/htdocs/clickandbuilds/HawkConstruction/wp-includes/class-wp-network.php&path=/homepages/38/d1014936368/htdocs/clickandbuilds/HawkConstruction/wp-includes HTTP/1.1" 200 25346 hawk-cs.com "-" "Mozilla/5.0 AppleWebKit/537.36 (KHTML, like Gecko; compatible; Amazonbot/0.1; +https://developer.amazon.com/support/amazonbot) Chrome/119.0.6045.214 Safari/537.36" "-"
66.249.64.0 - - [22/Mar/2026:00:01:35 -0400] "GET /shop/vivariums/disinter052264043224.html HTTP/1.1" 200 211914 hawk-cs.com "-" "Mozilla/5.0 (Linux; Android 6.0.1; Nexus 5X Build/MMB29P) AppleWebKit/537.36 (KHTML, like Gecko) Chrome/145.0.7632.159 Mobile Safari/537.36 (compatible; Googlebot/2.1; +http://www.google.com/bot.html)" "-"
2a03:2880:f800:: - - [22/Mar/2026:00:01:37 -0400] "GET /shop/coranach/willingly021196570031.html?path=/homepages/38/d1012111527 HTTP/1.1" 200 29998 hawk-cs.com "-" "meta-externalagent/1.1 (+https://developers.facebook.com/docs/sharing/webmasters/crawler)" "-"
52.6.97.0 - - [22/Mar/2026:00:01:37 -0400] "GET /what-client-musical-accompaniment-selection-are-available-pacific-region-get-bonus-now/?fileloc=/homepages/38/d1014936368/htdocs/clickandbuilds/HawkConstruction/wp-admin/images/spinner-2x.gif&path=/homepages/38/d1014936368/htdocs/clickandbuilds/HawkConstruction/wp-admin/images HTTP/1.1" 200 12832 hawk-cs.com "-" "Mozilla/5.0 AppleWebKit/537.36 (KHTML, like Gecko; compatible; Amazonbot/0.1; +https://developer.amazon.com/support/amazonbot) Chrome/119.0.6045.214 Safari/537.36" "-"
66.249.64.0 - - [22/Mar/2026:00:01:38 -0400] "GET /shop/programmata/nutpecker063654725333.html HTTP/1.1" 200 212431 hawk-cs.com "-" "Mozilla/5.0 (Linux; Android 6.0.1; Nexus 5X Build/MMB29P) AppleWebKit/537.36 (KHTML, like Gecko) Chrome/145.0.7632.159 Mobile Safari/537.36 (compatible; Googlebot/2.1; +http://www.google.com/bot.html)" "-"
216.73.216.0 - - [22/Mar/2026:00:01:38 -0400] "GET /shop/spoffish/poisoner033990584233.html?fileloc=%2Fhomepages%2F38%2Fd1014936368%2Fhtdocs%2Fclickandbuilds%2FHawkConstruction%2Fwp-settings.php&path=%2Fhomepages%2F38%2Fd1014936368%2Fhtdocs%2Fclickandbuilds%2FHawkConstruction HTTP/1.1" 200 43735 hawk-cs.com "-" "Mozilla/5.0 AppleWebKit/537.36 (KHTML, like Gecko; compatible; ClaudeBot/1.0; +claudebot@anthropic.com)" "-"
66.249.64.0 - - [22/Mar/2026:00:01:40 -0400] "GET /shop/parthenic/overhanging10196321093.html HTTP/1.1" 200 210950 hawk-cs.com "-" "Mozilla/5.0 (Linux; Android 6.0.1; Nexus 5X Build/MMB29P) AppleWebKit/537.36 (KHTML, like Gecko) Chrome/145.0.7632.159 Mobile Safari/537.36 (compatible; Googlebot/2.1; +http://www.google.com/bot.html)" "-"
52.44.174.0 - - [22/Mar/2026:00:01:41 -0400] "GET /what-client-musical-accompaniment-selection-are-available-pacific-region-get-bonus-now/?fileloc=/homepages/38/d1014936368/htdocs/clickandbuilds/HawkConstruction/.local/.htaccess&path=/homepages/38/d1014936368/htdocs/clickandbuilds/HawkConstruction/.local HTTP/1.1" 200 12706 hawk-cs.com "-" "Mozilla/5.0 AppleWebKit/537.36 (KHTML, like Gecko; compatible; Amazonbot/0.1; +https://developer.amazon.com/support/amazonbot) Chrome/119.0.6045.214 Safari/537.36" "-"
74.7.243.0 - - [22/Mar/2026:00:01:41 -0400] "GET /shop/amphigenesis/avoidance063678223372.html HTTP/1.1" 200 76933 hawk-cs.com "https://hawk-cs.com/sitemap-sub-2034.xml" "Mozilla/5.0 AppleWebKit/537.36 (KHTML, like Gecko; compatible; GPTBot/1.3; +https://openai.com/gptbot)" "-"
216.73.216.0 - - [22/Mar/2026:00:01:43 -0400] "GET /shop/soothsayer/variabilis021979206509.html?fileloc=%2Fhomepages%2F38%2Fd1014936368%2Fhtdocs%2Fclickandbuilds%2FHawkConstruction%2Fclick.php&path=%2Fhomepages%2F38%2Fd1014936368%2Fhtdocs%2Fclickandbuilds%2FHawkConstruction HTTP/1.1" 200 12600 hawk-cs.com "-" "Mozilla/5.0 AppleWebKit/537.36 (KHTML, like Gecko; compatible; ClaudeBot/1.0; +claudebot@anthropic.com)" "-"
66.249.64.0 - - [22/Mar/2026:00:01:44 -0400] "GET /shop/chateauthierry/ardeomega061525529519.html HTTP/1.1" 200 218376 hawk-cs.com "-" "Mozilla/5.0 (Linux; Android 6.0.1; Nexus 5X Build/MMB29P) AppleWebKit/537.36 (KHTML, like Gecko) Chrome/145.0.7632.159 Mobile Safari/537.36 (compatible; Googlebot/2.1; +http://www.google.com/bot.html)" "-"
52.6.232.0 - - [22/Mar/2026:00:01:45 -0400] "GET /discover-fantastic-worlds-asian-market-join-now/?fileloc=/homepages/38/d1014936368/htdocs/clickandbuilds/HawkConstruction/wp-includes/class-wp-theme-json-resolver.php&path=/homepages/38/d1014936368/htdocs/clickandbuilds/HawkConstruction/wp-includes HTTP/1.1" 200 48892 hawk-cs.com "-" "Mozilla/5.0 AppleWebKit/537.36 (KHTML, like Gecko; compatible; Amazonbot/0.1; +https://developer.amazon.com/support/amazonbot) Chrome/119.0.6045.214 Safari/537.36" "-"
66.249.64.0 - - [22/Mar/2026:00:01:48 -0400] "GET /shop/basics/funiculus06283720289.html HTTP/1.1" 200 213195 hawk-cs.com "-" "Mozilla/5.0 (Linux; Android 6.0.1; Nexus 5X Build/MMB29P) AppleWebKit/537.36 (KHTML, like Gecko) Chrome/145.0.7632.159 Mobile Safari/537.36 (compatible; Googlebot/2.1; +http://www.google.com/bot.html)" "-"
216.73.216.0 - - [22/Mar/2026:00:01:48 -0400] "GET /shop/spermatogemma/ocean011555650576.html?fileloc=%2Fhomepages%2F38%2Fd1014936368%2Fhtdocs%2Fclickandbuilds%2FHawkConstruction%2Fwp-comments-post.php&path=%2Fhomepages%2F38%2Fd1014936368%2Fhtdocs%2Fclickandbuilds%2FHawkConstruction HTTP/1.1" 200 15005 hawk-cs.com "-" "Mozilla/5.0 AppleWebKit/537.36 (KHTML, like Gecko; compatible; ClaudeBot/1.0; +claudebot@anthropic.com)" "-"
52.54.15.0 - - [22/Mar/2026:00:01:49 -0400] "GET /category/uncategorized/page/3/?fileloc=/homepages/38/d1014936368/htdocs/clickandbuilds/HawkConstruction/wp-includes/ID3/module.audio.ac3.php&path=/homepages/38/d1014936368/htdocs/clickandbuilds/HawkConstruction/wp-includes/ID3 HTTP/1.1" 200 53305 hawk-cs.com "-" "Mozilla/5.0 AppleWebKit/537.36 (KHTML, like Gecko; compatible; Amazonbot/0.1; +https://developer.amazon.com/support/amazonbot) Chrome/119.0.6045.214 Safari/537.36" "-"
66.249.64.0 - - [22/Mar/2026:00:01:52 -0400] "GET /shop/undersoil/sagbut052026327728.html HTTP/1.1" 200 211109 hawk-cs.com "-" "Mozilla/5.0 (Linux; Android 6.0.1; Nexus 5X Build/MMB29P) AppleWebKit/537.36 (KHTML, like Gecko) Chrome/145.0.7632.159 Mobile Safari/537.36 (compatible; Googlebot/2.1; +http://www.google.com/bot.html)" "-"
216.73.216.0 - - [22/Mar/2026:00:01:53 -0400] "GET /shop/impetrate/disjunct021382724903.html?fileloc=%2Fhomepages%2F38%2Fd1014936368%2Fhtdocs%2Fclickandbuilds%2FHawkConstruction%2Fwp-admin%2Fjs%2Fcustom-background.js&path=%2Fhomepages%2F38%2Fd1014936368%2Fhtdocs%2Fclickandbuilds%2FHawkConstruction%2Fwp-admin%2Fjs HTTP/1.1" 200 16301 hawk-cs.com "-" "Mozilla/5.0 AppleWebKit/537.36 (KHTML, like Gecko; compatible; ClaudeBot/1.0; +claudebot@anthropic.com)" "-"
52.70.138.0 - - [22/Mar/2026:00:01:53 -0400] "GET /what-client-musical-accompaniment-selection-are-available-pacific-region-get-bonus-now/?fileloc=/homepages/38/d1014936368/htdocs/clickandbuilds/HawkConstruction/wp-includes/class-wp-styles.php&path=/homepages/38/d1014936368/htdocs/clickandbuilds/HawkConstruction/wp-includes HTTP/1.1" 200 26081 hawk-cs.com "-" "Mozilla/5.0 AppleWebKit/537.36 (KHTML, like Gecko; compatible; Amazonbot/0.1; +https://developer.amazon.com/support/amazonbot) Chrome/119.0.6045.214 Safari/537.36" "-"
66.249.64.0 - - [22/Mar/2026:00:01:56 -0400] "GET /shop/turgidly/neritidae152681448515.html HTTP/1.1" 200 206678 hawk-cs.com "-" "Mozilla/5.0 (Linux; Android 6.0.1; Nexus 5X Build/MMB29P) AppleWebKit/537.36 (KHTML, like Gecko) Chrome/145.0.7632.159 Mobile Safari/537.36 (compatible; Googlebot/2.1; +http://www.google.com/bot.html)" "-"
52.71.46.0 - - [22/Mar/2026:00:01:57 -0400] "GET /spielbanken-mit-paypal-in-der-schweiz-2025/?fileloc=/homepages/38/d1014936368/htdocs/clickandbuilds/HawkConstruction/wp-includes/class-walker-category-dropdown.php&path=/homepages/38/d1014936368/htdocs/clickandbuilds/HawkConstruction/wp-includes HTTP/1.1" 200 15325 hawk-cs.com "-" "Mozilla/5.0 AppleWebKit/537.36 (KHTML, like Gecko; compatible; Amazonbot/0.1; +https://developer.amazon.com/support/amazonbot) Chrome/119.0.6045.214 Safari/537.36" "-"
216.73.216.0 - - [22/Mar/2026:00:01:58 -0400] "GET /shop/lollardism/trimporphism021109676779.html?fileloc=%2F%2Flib%2Fos-release&path=%2F%2Flib HTTP/1.1" 200 12528 hawk-cs.com "-" "Mozilla/5.0 AppleWebKit/537.36 (KHTML, like Gecko; compatible; ClaudeBot/1.0; +claudebot@anthropic.com)" "-"
66.249.64.0 - - [22/Mar/2026:00:02:00 -0400] "GET /shop/outrage/impertinently033112068911.html HTTP/1.1" 200 227174 hawk-cs.com "-" "Mozilla/5.0 (Linux; Android 6.0.1; Nexus 5X Build/MMB29P) AppleWebKit/537.36 (KHTML, like Gecko) Chrome/145.0.7632.159 Mobile Safari/537.36 (compatible; Googlebot/2.1; +http://www.google.com/bot.html)" "-"
44.205.120.0 - - [22/Mar/2026:00:02:01 -0400] "GET /alive-principal-alternative-new-zealand-spin-to-win/?fileloc=/homepages/38/d1014936368/htdocs/clickandbuilds/HawkConstruction/wp-admin/images/align-right.png&path=/homepages/38/d1014936368/htdocs/clickandbuilds/HawkConstruction/wp-admin/images HTTP/1.1" 200 12833 hawk-cs.com "-" "Mozilla/5.0 AppleWebKit/537.36 (KHTML, like Gecko; compatible; Amazonbot/0.1; +https://developer.amazon.com/support/amazonbot) Chrome/119.0.6045.214 Safari/537.36" "-"
216.73.216.0 - - [22/Mar/2026:00:02:03 -0400] "GET /shop/superficially/hirtum023051137027.html?fileloc=%2Fhomepages%2F38%2Fd1014936368%2Fhtdocs%2Fclickandbuilds%2FHawkConstruction%2Fwp-trackback.php&path=%2Fhomepages%2F38%2Fd1014936368%2Fhtdocs%2Fclickandbuilds%2FHawkConstruction HTTP/1.1" 200 18112 hawk-cs.com "-" "Mozilla/5.0 AppleWebKit/537.36 (KHTML, like Gecko; compatible; ClaudeBot/1.0; +claudebot@anthropic.com)" "-"
66.249.64.0 - - [22/Mar/2026:00:02:04 -0400] "GET /shop/thoughtlessness/lappula15986549195.html HTTP/1.1" 200 203356 hawk-cs.com "-" "Mozilla/5.0 (Linux; Android 6.0.1; Nexus 5X Build/MMB29P) AppleWebKit/537.36 (KHTML, like Gecko) Chrome/145.0.7632.159 Mobile Safari/537.36 (compatible; Googlebot/2.1; +http://www.google.com/bot.html)" "-"
2a03:2880:f800:: - - [22/Mar/2026:00:02:06 -0400] "GET /shop/supertanker/alleviated021449078915.html?path=/homepages HTTP/1.1" 200 79827 hawk-cs.com "-" "meta-externalagent/1.1 (+https://developers.facebook.com/docs/sharing/webmasters/crawler)" "-"
3.220.148.0 - - [22/Mar/2026:00:02:06 -0400] "GET /category/uncategorized/page/3/?fileloc=/homepages/38/d1014543166/distributor.lock&path=/homepages/38/d1014543166 HTTP/1.1" 200 12323 hawk-cs.com "-" "Mozilla/5.0 AppleWebKit/537.36 (KHTML, like Gecko; compatible; Amazonbot/0.1; +https://developer.amazon.com/support/amazonbot) Chrome/119.0.6045.214 Safari/537.36" "-"
216.73.216.0 - - [22/Mar/2026:00:02:08 -0400] "GET /shop/rapter/carpus023269598879.html?fileloc=%2Fhomepages%2F38%2Fd1014936368%2Fhtdocs%2Fclickandbuilds%2FHawkConstruction%2Fwp-mail.php&path=%2Fhomepages%2F38%2Fd1014936368%2Fhtdocs%2Fclickandbuilds%2FHawkConstruction HTTP/1.1" 200 21614 hawk-cs.com "-" "Mozilla/5.0 AppleWebKit/537.36 (KHTML, like Gecko; compatible; ClaudeBot/1.0; +claudebot@anthropic.com)" "-"
54.210.155.0 - - [22/Mar/2026:00:02:09 -0400] "GET /our-service-welcomes-you-7-days-a-week-north-america-grab-your-bonus/?fileloc=/homepages/38/d1014936368/htdocs/clickandbuilds/HawkConstruction/wp-includes/class-wp-term.php&path=/homepages/38/d1014936368/htdocs/clickandbuilds/HawkConstruction/wp-includes HTTP/1.1" 200 18102 hawk-cs.com "-" "Mozilla/5.0 AppleWebKit/537.36 (KHTML, like Gecko; compatible; Amazonbot/0.1; +https://developer.amazon.com/support/amazonbot) Chrome/119.0.6045.214 Safari/537.36" "-"
66.249.64.0 - - [22/Mar/2026:00:02:10 -0400] "GET /shop/myxopod/redressment102816336820.html HTTP/1.1" 200 206701 hawk-cs.com "-" "Mozilla/5.0 (Linux; Android 6.0.1; Nexus 5X Build/MMB29P) AppleWebKit/537.36 (KHTML, like Gecko) Chrome/145.0.7632.159 Mobile Safari/537.36 (compatible; Googlebot/2.1; +http://www.google.com/bot.html)" "-"
216.73.216.0 - - [22/Mar/2026:00:02:13 -0400] "GET /shop/sparest/bundled022972819921.html?fileloc=%2Fhomepages%2F38%2Fd1014936368%2Fhtdocs%2Fclickandbuilds%2FHawkConstruction%2Fwp-links-opml.php&path=%2Fhomepages%2F38%2Fd1014936368%2Fhtdocs%2Fclickandbuilds%2FHawkConstruction HTTP/1.1" 200 15402 hawk-cs.com "-" "Mozilla/5.0 AppleWebKit/537.36 (KHTML, like Gecko; compatible; ClaudeBot/1.0; +claudebot@anthropic.com)" "-"
52.44.174.0 - - [22/Mar/2026:00:02:13 -0400] "GET /alive-principal-alternative-new-zealand-spin-to-win/?fileloc=/homepages/38/d1014936368/htdocs/clickandbuilds/HawkConstruction/wp-admin/js/privacy-tools.min.js&path=/homepages/38/d1014936368/htdocs/clickandbuilds/HawkConstruction/wp-admin/js HTTP/1.1" 200 19242 hawk-cs.com "-" "Mozilla/5.0 AppleWebKit/537.36 (KHTML, like Gecko; compatible; Amazonbot/0.1; +https://developer.amazon.com/support/amazonbot) Chrome/119.0.6045.214 Safari/537.36" "-"
66.249.64.0 - - [22/Mar/2026:00:02:17 -0400] "GET /shop/lapilli/hearken001422822269.html HTTP/1.1" 200 217829 hawk-cs.com "-" "Mozilla/5.0 (Linux; Android 6.0.1; Nexus 5X Build/MMB29P) AppleWebKit/537.36 (KHTML, like Gecko) Chrome/145.0.7632.159 Mobile Safari/537.36 (compatible; Googlebot/2.1; +http://www.google.com/bot.html)" "-"
52.0.41.0 - - [22/Mar/2026:00:02:17 -0400] "GET /check-out-our-new-roofing-repair-and-replacement-division/?fileloc=/homepages/38/d1014324287/DASTOOLSTART&path=/homepages/38/d1014324287 HTTP/1.1" 429 267 hawk-cs.com "-" "Mozilla/5.0 AppleWebKit/537.36 (KHTML, like Gecko; compatible; Amazonbot/0.1; +https://developer.amazon.com/support/amazonbot) Chrome/119.0.6045.214 Safari/537.36" "-"
