216.73.216.0 - - [22/Mar/2026:00:20:39 -0400] "GET /?path=%2F%2Fkunden%2Fhomepages%2F15%2Fd1016612553 HTTP/1.1" 429 267 hawk-cs.com "-" "Mozilla/5.0 AppleWebKit/537.36 (KHTML, like Gecko; compatible; ClaudeBot/1.0; +claudebot@anthropic.com)" "-"
66.249.64.0 - - [22/Mar/2026:00:20:39 -0400] "GET /shop/clucking/theogonism151854023466.html HTTP/1.1" 200 220087 hawk-cs.com "-" "Mozilla/5.0 (Linux; Android 6.0.1; Nexus 5X Build/MMB29P) AppleWebKit/537.36 (KHTML, like Gecko) Chrome/145.0.7632.159 Mobile Safari/537.36 (compatible; Googlebot/2.1; +http://www.google.com/bot.html)" "-"
35.173.18.0 - - [22/Mar/2026:00:20:40 -0400] "GET /category/uncategorized/feed/?path=/homepages/20 HTTP/1.1" 200 70096 hawk-cs.com "-" "Mozilla/5.0 AppleWebKit/537.36 (KHTML, like Gecko; compatible; Amazonbot/0.1; +https://developer.amazon.com/support/amazonbot) Chrome/119.0.6045.214 Safari/537.36" "-"
3.94.40.0 - - [22/Mar/2026:00:20:42 -0400] "GET /payment-options-for-united-states-musician-ca-claim-your-reward/?path=/homepages/38/d1014936368/htdocs/clickandbuilds HTTP/1.1" 200 17472 hawk-cs.com "-" "Mozilla/5.0 AppleWebKit/537.36 (KHTML, like Gecko; compatible; Amazonbot/0.1; +https://developer.amazon.com/support/amazonbot) Chrome/119.0.6045.214 Safari/537.36" "-"
216.73.216.0 - - [22/Mar/2026:00:20:44 -0400] "GET /bonuscode-spielbanken?fileloc=%2Fhomepages%2F38%2Fd1014936368%2Fhtdocs%2Fclickandbuilds%2FHawkConstruction%2Fwp-includes%2Fblocks%2Frss.php&path=%2Fhomepages%2F38%2Fd1014936368%2Fhtdocs%2Fclickandbuilds%2FHawkConstruction%2Fwp-includes%2Fblocks HTTP/1.1" 429 267 hawk-cs.com "-" "Mozilla/5.0 AppleWebKit/537.36 (KHTML, like Gecko; compatible; ClaudeBot/1.0; +claudebot@anthropic.com)" "-"
66.249.64.0 - - [22/Mar/2026:00:20:46 -0400] "GET /shop/bonasa/adolescence042011840657.html HTTP/1.1" 200 206537 hawk-cs.com "-" "Mozilla/5.0 (Linux; Android 6.0.1; Nexus 5X Build/MMB29P) AppleWebKit/537.36 (KHTML, like Gecko) Chrome/145.0.7632.159 Mobile Safari/537.36 (compatible; Googlebot/2.1; +http://www.google.com/bot.html)" "-"
3.213.106.0 - - [22/Mar/2026:00:20:48 -0400] "GET /?fileloc=/homepages/38/d1014936368/htdocs/clickandbuilds/HawkConstruction/wp-includes/ms-deprecated.php&path=/homepages/38/d1014936368/htdocs/clickandbuilds/HawkConstruction/wp-includes HTTP/1.1" 200 35011 hawk-cs.com "-" "Mozilla/5.0 AppleWebKit/537.36 (KHTML, like Gecko; compatible; Amazonbot/0.1; +https://developer.amazon.com/support/amazonbot) Chrome/119.0.6045.214 Safari/537.36" "-"
66.249.64.0 - - [22/Mar/2026:00:20:48 -0400] "GET /shop/sharpwitted/extraprofessional152979437455.html HTTP/1.1" 200 204256 hawk-cs.com "-" "Mozilla/5.0 (Linux; Android 6.0.1; Nexus 5X Build/MMB29P) AppleWebKit/537.36 (KHTML, like Gecko) Chrome/145.0.7632.159 Mobile Safari/537.36 (compatible; Googlebot/2.1; +http://www.google.com/bot.html)" "-"
216.73.216.0 - - [22/Mar/2026:00:20:49 -0400] "GET /contact-us?path=%2Fhomepages%2F15%2Fd1011257138 HTTP/1.1" 429 267 hawk-cs.com "-" "Mozilla/5.0 AppleWebKit/537.36 (KHTML, like Gecko; compatible; ClaudeBot/1.0; +claudebot@anthropic.com)" "-"
100.28.57.0 - - [22/Mar/2026:00:20:51 -0400] "GET /wp-json/wp/v2/posts/879?path=/homepages/34 HTTP/1.1" 200 76776 hawk-cs.com "-" "Mozilla/5.0 AppleWebKit/537.36 (KHTML, like Gecko; compatible; Amazonbot/0.1; +https://developer.amazon.com/support/amazonbot) Chrome/119.0.6045.214 Safari/537.36" "-"
66.249.64.0 - - [22/Mar/2026:00:20:51 -0400] "GET /shop/igasurine/squandered343974618745.html HTTP/1.1" 200 208831 hawk-cs.com "-" "Mozilla/5.0 (Linux; Android 6.0.1; Nexus 5X Build/MMB29P) AppleWebKit/537.36 (KHTML, like Gecko) Chrome/145.0.7632.159 Mobile Safari/537.36 (compatible; Googlebot/2.1; +http://www.google.com/bot.html)" "-"
216.73.216.0 - - [22/Mar/2026:00:20:54 -0400] "GET /blackjack-regeln-schweizerisch?path=%2F%2Fproc%2Fself%2Froot%2Fkunden%2Fhomepages%2F40%2Fd1015277120 HTTP/1.1" 429 267 hawk-cs.com "-" "Mozilla/5.0 AppleWebKit/537.36 (KHTML, like Gecko; compatible; ClaudeBot/1.0; +claudebot@anthropic.com)" "-"
50.16.216.0 - - [22/Mar/2026:00:20:55 -0400] "GET /exterior-repairs-remodeling-2?path=/homepages/38/d1014936368/htdocs/clickandbuilds/HawkConstruction/wp-includes/l10n HTTP/1.1" 200 23858 hawk-cs.com "-" "Mozilla/5.0 AppleWebKit/537.36 (KHTML, like Gecko; compatible; Amazonbot/0.1; +https://developer.amazon.com/support/amazonbot) Chrome/119.0.6045.214 Safari/537.36" "-"
66.249.64.0 - - [22/Mar/2026:00:20:55 -0400] "GET /shop/bindery/hypothecating34371976196.html HTTP/1.1" 200 217275 hawk-cs.com "-" "Mozilla/5.0 (Linux; Android 6.0.1; Nexus 5X Build/MMB29P) AppleWebKit/537.36 (KHTML, like Gecko) Chrome/145.0.7632.159 Mobile Safari/537.36 (compatible; Googlebot/2.1; +http://www.google.com/bot.html)" "-"
3.210.114.0 - - [22/Mar/2026:00:20:59 -0400] "GET /payment-options-for-united-states-musician-ca-claim-your-reward/?path=/homepages/38/d1014936368/htdocs/clickandbuilds/HawkConstruction/.tmb HTTP/1.1" 429 267 hawk-cs.com "-" "Mozilla/5.0 AppleWebKit/537.36 (KHTML, like Gecko; compatible; Amazonbot/0.1; +https://developer.amazon.com/support/amazonbot) Chrome/119.0.6045.214 Safari/537.36" "-"
216.73.216.0 - - [22/Mar/2026:00:20:59 -0400] "GET /bonuscode-spielbanken?fileloc=%2Fhomepages%2F38%2Fd1014936368%2Fhtdocs%2Fclickandbuilds%2FHawkConstruction%2Fwp-includes%2Fcapabilities.php&path=%2Fhomepages%2F38%2Fd1014936368%2Fhtdocs%2Fclickandbuilds%2FHawkConstruction%2Fwp-includes HTTP/1.1" 429 267 hawk-cs.com "-" "Mozilla/5.0 AppleWebKit/537.36 (KHTML, like Gecko; compatible; ClaudeBot/1.0; +claudebot@anthropic.com)" "-"
74.7.243.0 - - [22/Mar/2026:00:20:59 -0400] "GET /shop/restiness/excitomotory063055172079.html HTTP/1.1" 200 76933 hawk-cs.com "https://hawk-cs.com/sitemap-sub-2034.xml" "Mozilla/5.0 AppleWebKit/537.36 (KHTML, like Gecko; compatible; GPTBot/1.3; +https://openai.com/gptbot)" "-"
2a03:2880:f800:: - - [22/Mar/2026:00:21:01 -0400] "GET /shop/beleper/nosebag022008068020.html?path=/ HTTP/1.1" 200 44504 hawk-cs.com "-" "meta-externalagent/1.1 (+https://developers.facebook.com/docs/sharing/webmasters/crawler)" "-"
66.249.64.0 - - [22/Mar/2026:00:21:02 -0400] "GET /shop/paracelsian/roulette131763963447.html HTTP/1.1" 200 234886 hawk-cs.com "-" "Mozilla/5.0 (Linux; Android 6.0.1; Nexus 5X Build/MMB29P) AppleWebKit/537.36 (KHTML, like Gecko) Chrome/145.0.7632.159 Mobile Safari/537.36 (compatible; Googlebot/2.1; +http://www.google.com/bot.html)" "-"
54.91.122.0 - - [22/Mar/2026:00:21:03 -0400] "GET /wp-json/wp/v2/categories/1?fileloc=/homepages/38/d1014936368/htdocs/clickandbuilds/HawkConstruction/wp-includes/pluggable-deprecated.php&path=/homepages/38/d1014936368/htdocs/clickandbuilds/HawkConstruction/wp-includes HTTP/1.1" 429 267 hawk-cs.com "-" "Mozilla/5.0 AppleWebKit/537.36 (KHTML, like Gecko; compatible; Amazonbot/0.1; +https://developer.amazon.com/support/amazonbot) Chrome/119.0.6045.214 Safari/537.36" "-"
66.249.64.0 - - [22/Mar/2026:00:21:04 -0400] "GET /shop/stickler/faucial071480195935.html HTTP/1.1" 200 217866 hawk-cs.com "-" "Mozilla/5.0 (Linux; Android 6.0.1; Nexus 5X Build/MMB29P) AppleWebKit/537.36 (KHTML, like Gecko) Chrome/145.0.7632.159 Mobile Safari/537.36 (compatible; Googlebot/2.1; +http://www.google.com/bot.html)" "-"
216.73.216.0 - - [22/Mar/2026:00:21:04 -0400] "GET /100-echtes-geld-blackjack?path=%2Fhomepages%2F38%2Fd1014936368%2Fhtdocs%2Fclickandbuilds%2FHawkConstruction%2Fwp-content%2Fthemes HTTP/1.1" 429 267 hawk-cs.com "-" "Mozilla/5.0 AppleWebKit/537.36 (KHTML, like Gecko; compatible; ClaudeBot/1.0; +claudebot@anthropic.com)" "-"
66.249.64.0 - - [22/Mar/2026:00:21:05 -0400] "GET /shop/tungstic/hermogenian13503295817.html HTTP/1.1" 200 211057 hawk-cs.com "-" "Mozilla/5.0 (Linux; Android 6.0.1; Nexus 5X Build/MMB29P) AppleWebKit/537.36 (KHTML, like Gecko) Chrome/145.0.7632.159 Mobile Safari/537.36 (compatible; Googlebot/2.1; +http://www.google.com/bot.html)" "-"
66.249.64.0 - - [22/Mar/2026:00:21:05 -0400] "GET /shop/sedimentation/darkskinned084171264134.html HTTP/1.1" 200 213714 hawk-cs.com "-" "Mozilla/5.0 (Linux; Android 6.0.1; Nexus 5X Build/MMB29P) AppleWebKit/537.36 (KHTML, like Gecko) Chrome/145.0.7632.159 Mobile Safari/537.36 (compatible; Googlebot/2.1; +http://www.google.com/bot.html)" "-"
3.213.213.0 - - [22/Mar/2026:00:21:07 -0400] "GET /ios-spielautomaten-beste-umsatzbedingungen/?path=/homepages/38/d1014936368/htdocs/clickandbuilds/HawkConstruction/wp-includes/html-api HTTP/1.1" 429 267 hawk-cs.com "-" "Mozilla/5.0 AppleWebKit/537.36 (KHTML, like Gecko; compatible; Amazonbot/0.1; +https://developer.amazon.com/support/amazonbot) Chrome/119.0.6045.214 Safari/537.36" "-"
66.249.64.0 - - [22/Mar/2026:00:21:07 -0400] "GET /shop/humility/metaphorist15164967040.html HTTP/1.1" 200 219667 hawk-cs.com "-" "Mozilla/5.0 (Linux; Android 6.0.1; Nexus 5X Build/MMB29P) AppleWebKit/537.36 (KHTML, like Gecko) Chrome/145.0.7632.159 Mobile Safari/537.36 (compatible; Googlebot/2.1; +http://www.google.com/bot.html)" "-"
216.73.216.0 - - [22/Mar/2026:00:21:10 -0400] "GET /?path=%2F%2Fkunden%2Fhomepages%2F27%2Fd1012072553 HTTP/1.1" 429 267 hawk-cs.com "-" "Mozilla/5.0 AppleWebKit/537.36 (KHTML, like Gecko; compatible; ClaudeBot/1.0; +claudebot@anthropic.com)" "-"
52.1.157.0 - - [22/Mar/2026:00:21:11 -0400] "GET /wp-json/wp/v2/categories/1?path=/homepages/38/d1014936368/htdocs/clickandbuilds/HawkConstruction/wp-content/et-cache/2 HTTP/1.1" 429 267 hawk-cs.com "-" "Mozilla/5.0 AppleWebKit/537.36 (KHTML, like Gecko; compatible; Amazonbot/0.1; +https://developer.amazon.com/support/amazonbot) Chrome/119.0.6045.214 Safari/537.36" "-"
216.73.216.0 - - [22/Mar/2026:00:21:15 -0400] "GET /blackjack-regeln-schweizerisch?path=%2F%2Fproc%2Fself%2Froot%2Fkunden%2Fhomepages%2F27%2Fd1013524430%2F.oneclick HTTP/1.1" 429 267 hawk-cs.com "-" "Mozilla/5.0 AppleWebKit/537.36 (KHTML, like Gecko; compatible; ClaudeBot/1.0; +claudebot@anthropic.com)" "-"
66.249.64.0 - - [22/Mar/2026:00:21:15 -0400] "GET /shop/craniometrical/twiste063316909020.html HTTP/1.1" 200 214380 hawk-cs.com "-" "Mozilla/5.0 (Linux; Android 6.0.1; Nexus 5X Build/MMB29P) AppleWebKit/537.36 (KHTML, like Gecko) Chrome/145.0.7632.159 Mobile Safari/537.36 (compatible; Googlebot/2.1; +http://www.google.com/bot.html)" "-"
54.84.93.0 - - [22/Mar/2026:00:21:16 -0400] "GET /ios-spielautomaten-beste-umsatzbedingungen/?path=/homepages/38/d1014936368/htdocs/clickandbuilds/HawkConstruction/wp-includes/css HTTP/1.1" 429 267 hawk-cs.com "-" "Mozilla/5.0 AppleWebKit/537.36 (KHTML, like Gecko; compatible; Amazonbot/0.1; +https://developer.amazon.com/support/amazonbot) Chrome/119.0.6045.214 Safari/537.36" "-"
216.73.216.0 - - [22/Mar/2026:00:21:17 -0400] "GET /shop/potentiating/congenialize021205979052.html?fileloc=%2Fhomepages%2F38%2Fd1014936368%2Fhtdocs%2Fclickandbuilds%2FHawkConstruction%2Ftxets.php&path=%2Fhomepages%2F38%2Fd1014936368%2Fhtdocs%2Fclickandbuilds%2FHawkConstruction HTTP/1.1" 429 267 hawk-cs.com "-" "Mozilla/5.0 AppleWebKit/537.36 (KHTML, like Gecko; compatible; ClaudeBot/1.0; +claudebot@anthropic.com)" "-"
3.94.199.0 - - [22/Mar/2026:00:21:19 -0400] "GET /wp-json/wp/v2/posts/893?path=/homepages/38/d1014936368/htdocs/clickandbuilds/HawkConstruction/wp-content/imb8075c HTTP/1.1" 429 267 hawk-cs.com "-" "Mozilla/5.0 AppleWebKit/537.36 (KHTML, like Gecko; compatible; Amazonbot/0.1; +https://developer.amazon.com/support/amazonbot) Chrome/119.0.6045.214 Safari/537.36" "-"
66.249.64.0 - - [22/Mar/2026:00:21:19 -0400] "GET /shop/kanchanjanga/dendriform051084976452.html HTTP/1.1" 200 208043 hawk-cs.com "-" "Mozilla/5.0 (Linux; Android 6.0.1; Nexus 5X Build/MMB29P) AppleWebKit/537.36 (KHTML, like Gecko) Chrome/145.0.7632.159 Mobile Safari/537.36 (compatible; Googlebot/2.1; +http://www.google.com/bot.html)" "-"
216.73.216.0 - - [22/Mar/2026:00:21:20 -0400] "GET /bonuscode-spielbanken?fileloc=%2Fhomepages%2F38%2Fd1014936368%2Fhtdocs%2Fclickandbuilds%2FHawkConstruction%2Fwp-includes%2Fblocks%2Fcategories.php&path=%2Fhomepages%2F38%2Fd1014936368%2Fhtdocs%2Fclickandbuilds%2FHawkConstruction%2Fwp-includes%2Fblocks HTTP/1.1" 429 267 hawk-cs.com "-" "Mozilla/5.0 AppleWebKit/537.36 (KHTML, like Gecko; compatible; ClaudeBot/1.0; +claudebot@anthropic.com)" "-"
216.73.216.0 - - [22/Mar/2026:00:21:21 -0400] "GET /shop/ophiomorphous/bryophyta02883437396.html?fileloc=%2Fhomepages%2F38%2Fd1014936368%2Fhtdocs%2Fclickandbuilds%2FHawkConstruction%2Fwp-load.php&path=%2Fhomepages%2F38%2Fd1014936368%2Fhtdocs%2Fclickandbuilds%2FHawkConstruction HTTP/1.1" 429 267 hawk-cs.com "-" "Mozilla/5.0 AppleWebKit/537.36 (KHTML, like Gecko; compatible; ClaudeBot/1.0; +claudebot@anthropic.com)" "-"
2a03:2880:f800:: - - [22/Mar/2026:00:21:21 -0400] "GET /shop/conducible/urosteons023078409299.html?path=//media HTTP/1.1" 200 12608 hawk-cs.com "-" "meta-externalagent/1.1 (+https://developers.facebook.com/docs/sharing/webmasters/crawler)" "-"
34.194.233.0 - - [22/Mar/2026:00:21:23 -0400] "GET /exterior-repairs-remodeling-2?path=/homepages/38/d1014936368/htdocs/clickandbuilds/HawkConstruction/wp-includes/block-bindings HTTP/1.1" 429 267 hawk-cs.com "-" "Mozilla/5.0 AppleWebKit/537.36 (KHTML, like Gecko; compatible; Amazonbot/0.1; +https://developer.amazon.com/support/amazonbot) Chrome/119.0.6045.214 Safari/537.36" "-"
66.249.64.0 - - [22/Mar/2026:00:21:24 -0400] "GET /shop/concentred/ancipital093883885651.html HTTP/1.1" 200 197229 hawk-cs.com "-" "Mozilla/5.0 (Linux; Android 6.0.1; Nexus 5X Build/MMB29P) AppleWebKit/537.36 (KHTML, like Gecko) Chrome/145.0.7632.159 Mobile Safari/537.36 (compatible; Googlebot/2.1; +http://www.google.com/bot.html)" "-"
216.73.216.0 - - [22/Mar/2026:00:21:25 -0400] "GET /100-echtes-geld-blackjack?path=%2Fhomepages%2F21%2Fd1013520194%2F.config HTTP/1.1" 429 267 hawk-cs.com "-" "Mozilla/5.0 AppleWebKit/537.36 (KHTML, like Gecko; compatible; ClaudeBot/1.0; +claudebot@anthropic.com)" "-"
162.241.61.0 - - [22/Mar/2026:00:21:25 -0400] "GET /wp-login.php HTTP/1.1" 200 76933 hawk-cs.com "-" "Mozilla/5.0 (X11; Linux x86_64) AppleWebKit/537.36 (KHTML, like Gecko) Chrome/65.0.3325.162 Safari/537.36" "-"
216.73.216.0 - - [22/Mar/2026:00:21:26 -0400] "GET /shop/renouncement/dejecta023798081534.html?fileloc=%2Fhomepages%2F38%2Fd1014936368%2Fhtdocs%2Fclickandbuilds%2FHawkConstruction%2Fwp-settings.php&path=%2Fhomepages%2F38%2Fd1014936368%2Fhtdocs%2Fclickandbuilds%2FHawkConstruction HTTP/1.1" 429 267 hawk-cs.com "-" "Mozilla/5.0 AppleWebKit/537.36 (KHTML, like Gecko; compatible; ClaudeBot/1.0; +claudebot@anthropic.com)" "-"
66.249.64.0 - - [22/Mar/2026:00:21:28 -0400] "GET /shop/deescalate/flamethrower132921451850.html HTTP/1.1" 200 212906 hawk-cs.com "-" "Mozilla/5.0 (Linux; Android 6.0.1; Nexus 5X Build/MMB29P) AppleWebKit/537.36 (KHTML, like Gecko) Chrome/145.0.7632.159 Mobile Safari/537.36 (compatible; Googlebot/2.1; +http://www.google.com/bot.html)" "-"
3.224.215.0 - - [22/Mar/2026:00:21:28 -0400] "GET /wp-json/oembed/1.0/embed?path=/homepages/38/d1015155153 HTTP/1.1" 429 267 hawk-cs.com "-" "Mozilla/5.0 AppleWebKit/537.36 (KHTML, like Gecko; compatible; Amazonbot/0.1; +https://developer.amazon.com/support/amazonbot) Chrome/119.0.6045.214 Safari/537.36" "-"
52.1.106.0 - - [22/Mar/2026:00:21:31 -0400] "GET /wp-json/wp/v2/categories/1?path=/homepages/38/d1014936368/htdocs/clickandbuilds/HawkConstruction/wp-content/et-cache/5501 HTTP/1.1" 429 267 hawk-cs.com "-" "Mozilla/5.0 AppleWebKit/537.36 (KHTML, like Gecko; compatible; Amazonbot/0.1; +https://developer.amazon.com/support/amazonbot) Chrome/119.0.6045.214 Safari/537.36" "-"
216.73.216.0 - - [22/Mar/2026:00:21:31 -0400] "GET /shop/sestuor/flashfrozen022940681296.html?fileloc=%2Fhomepages%2F38%2Fd1014936368%2Fhtdocs%2Fclickandbuilds%2FHawkConstruction%2Fwp-mail.php&path=%2Fhomepages%2F38%2Fd1014936368%2Fhtdocs%2Fclickandbuilds%2FHawkConstruction HTTP/1.1" 429 267 hawk-cs.com "-" "Mozilla/5.0 AppleWebKit/537.36 (KHTML, like Gecko; compatible; ClaudeBot/1.0; +claudebot@anthropic.com)" "-"
52.167.144.0 - - [22/Mar/2026:00:21:32 -0400] "GET /spielbanken-schweizerisch-willkommensbonus-2025/ HTTP/1.1" 200 207527 hawk-cs.com "-" "Mozilla/5.0 AppleWebKit/537.36 (KHTML, like Gecko; compatible; bingbot/2.0; +http://www.bing.com/bingbot.htm) Chrome/116.0.1938.76 Safari/537.36" "-"
66.249.64.0 - - [22/Mar/2026:00:21:33 -0400] "GET /shop/explicit/articulatum083891679786.html HTTP/1.1" 200 213354 hawk-cs.com "-" "Mozilla/5.0 (Linux; Android 6.0.1; Nexus 5X Build/MMB29P) AppleWebKit/537.36 (KHTML, like Gecko) Chrome/145.0.7632.159 Mobile Safari/537.36 (compatible; Googlebot/2.1; +http://www.google.com/bot.html)" "-"
50.16.216.0 - - [22/Mar/2026:00:21:35 -0400] "GET /wp-json/wp/v2/categories/1?path=/homepages/38/d1014936368/htdocs/clickandbuilds/HawkConstruction/wp-content/et-cache/1207 HTTP/1.1" 429 267 hawk-cs.com "-" "Mozilla/5.0 AppleWebKit/537.36 (KHTML, like Gecko; compatible; Amazonbot/0.1; +https://developer.amazon.com/support/amazonbot) Chrome/119.0.6045.214 Safari/537.36" "-"
66.249.64.0 - - [22/Mar/2026:00:21:36 -0400] "GET /shop/sponsorship/hulan11794509680.html HTTP/1.1" 200 214609 hawk-cs.com "-" "Mozilla/5.0 (Linux; Android 6.0.1; Nexus 5X Build/MMB29P) AppleWebKit/537.36 (KHTML, like Gecko) Chrome/145.0.7632.159 Mobile Safari/537.36 (compatible; Googlebot/2.1; +http://www.google.com/bot.html)" "-"
216.73.216.0 - - [22/Mar/2026:00:21:36 -0400] "GET /shop/apprenticeship/nutritious022343806902.html?fileloc=%2Fhomepages%2F38%2Fd1014936368%2Fhtdocs%2Fclickandbuilds%2FHawkConstruction%2Fwp-content%2Findexxx26.php&path=%2Fhomepages%2F38%2Fd1014936368%2Fhtdocs%2Fclickandbuilds%2FHawkConstruction%2Fwp-content HTTP/1.1" 429 267 hawk-cs.com "-" "Mozilla/5.0 AppleWebKit/537.36 (KHTML, like Gecko; compatible; ClaudeBot/1.0; +claudebot@anthropic.com)" "-"
162.241.61.0 - - [22/Mar/2026:00:21:37 -0400] "POST /wp-login.php HTTP/1.1" 200 76933 hawk-cs.com "https://hawk-cs.com/wp-login.php" "Mozilla/5.0 (X11; Linux x86_64) AppleWebKit/537.36 (KHTML, like Gecko) Chrome/65.0.3325.162 Safari/537.36" "-"
17.246.19.0 - - [22/Mar/2026:00:21:38 -0400] "GET /beliebte-slots-mit-hohen-gewinnen-in-der-schweiz-2025/?path=/homepages/38/d1014936368/htdocs/clickandbuilds/HawkConstruction/adebwp HTTP/1.1" 200 16210 hawk-cs.com "-" "Mozilla/5.0 (Macintosh; Intel Mac OS X 10_15_7) AppleWebKit/605.1.15 (KHTML, like Gecko) Version/17.4 Safari/605.1.15 (Applebot/0.1; +http://www.apple.com/go/applebot)" "-"
2a03:2880:f800:: - - [22/Mar/2026:00:21:39 -0400] "GET /shop/lemnisci/gestant021791387457.html?path=/homepages/7 HTTP/1.1" 200 65962 hawk-cs.com "-" "meta-externalagent/1.1 (+https://developers.facebook.com/docs/sharing/webmasters/crawler)" "-"
66.249.64.0 - - [22/Mar/2026:00:21:40 -0400] "GET /shop/husbandable/lacticum342384143646.html HTTP/1.1" 200 214831 hawk-cs.com "-" "Mozilla/5.0 (Linux; Android 6.0.1; Nexus 5X Build/MMB29P) AppleWebKit/537.36 (KHTML, like Gecko) Chrome/145.0.7632.159 Mobile Safari/537.36 (compatible; Googlebot/2.1; +http://www.google.com/bot.html)" "-"
54.221.203.0 - - [22/Mar/2026:00:21:40 -0400] "GET /wp-json/wp/v2/categories/1?path=/homepages/38/d1014936368/htdocs/clickandbuilds/HawkConstruction/wp-content/et-cache/2010 HTTP/1.1" 429 267 hawk-cs.com "-" "Mozilla/5.0 AppleWebKit/537.36 (KHTML, like Gecko; compatible; Amazonbot/0.1; +https://developer.amazon.com/support/amazonbot) Chrome/119.0.6045.214 Safari/537.36" "-"
216.73.216.0 - - [22/Mar/2026:00:21:41 -0400] "GET /shop/testify/hungary021064788874.html?fileloc=%2Fhomepages%2F38%2Fd1014936368%2Fhtdocs%2Fclickandbuilds%2FHawkConstruction%2Fwp-links-opml.php&path=%2Fhomepages%2F38%2Fd1014936368%2Fhtdocs%2Fclickandbuilds%2FHawkConstruction HTTP/1.1" 429 267 hawk-cs.com "-" "Mozilla/5.0 AppleWebKit/537.36 (KHTML, like Gecko; compatible; ClaudeBot/1.0; +claudebot@anthropic.com)" "-"
216.73.216.0 - - [22/Mar/2026:00:21:41 -0400] "GET /robots.txt HTTP/1.1" 429 267 hawk-cs.com "-" "Mozilla/5.0 AppleWebKit/537.36 (KHTML, like Gecko; compatible; ClaudeBot/1.0; +claudebot@anthropic.com)" "-"
66.249.64.0 - - [22/Mar/2026:00:21:42 -0400] "GET /shop/coronach/frorn072349869027.html HTTP/1.1" 200 232602 hawk-cs.com "-" "Mozilla/5.0 (Linux; Android 6.0.1; Nexus 5X Build/MMB29P) AppleWebKit/537.36 (KHTML, like Gecko) Chrome/145.0.7632.159 Mobile Safari/537.36 (compatible; Googlebot/2.1; +http://www.google.com/bot.html)" "-"
18.214.186.0 - - [22/Mar/2026:00:21:43 -0400] "GET /our-service-welcomes-you-7-days-a-week-north-america-grab-your-bonus/?fileloc=/homepages/38/d1014936368/htdocs/clickandbuilds/HawkConstruction/wp-includes/template-canvas.php&path=/homepages/38/d1014936368/htdocs/clickandbuilds/HawkConstruction/wp-includes HTTP/1.1" 429 267 hawk-cs.com "-" "Mozilla/5.0 AppleWebKit/537.36 (KHTML, like Gecko; compatible; Amazonbot/0.1; +https://developer.amazon.com/support/amazonbot) Chrome/119.0.6045.214 Safari/537.36" "-"
66.249.64.0 - - [22/Mar/2026:00:21:44 -0400] "GET /shop/zoanthodeme/mullagatawny09245773848.html HTTP/1.1" 200 217211 hawk-cs.com "-" "Mozilla/5.0 (Linux; Android 6.0.1; Nexus 5X Build/MMB29P) AppleWebKit/537.36 (KHTML, like Gecko) Chrome/145.0.7632.159 Mobile Safari/537.36 (compatible; Googlebot/2.1; +http://www.google.com/bot.html)" "-"
216.73.216.0 - - [22/Mar/2026:00:21:46 -0400] "GET /shop/cablet/imminently023163117338.html?fileloc=%2Fhomepages%2F38%2Fd1014936368%2Fhtdocs%2Fclickandbuilds%2FHawkConstruction%2Fwp-config-sample.php&path=%2Fhomepages%2F38%2Fd1014936368%2Fhtdocs%2Fclickandbuilds%2FHawkConstruction HTTP/1.1" 429 267 hawk-cs.com "-" "Mozilla/5.0 AppleWebKit/537.36 (KHTML, like Gecko; compatible; ClaudeBot/1.0; +claudebot@anthropic.com)" "-"
18.235.81.0 - - [22/Mar/2026:00:21:47 -0400] "GET /wp-json/wp/v2/categories/1?path=/homepages/38/d1014936368/htdocs/clickandbuilds/HawkConstruction/wp-content/et-cache/2120 HTTP/1.1" 429 267 hawk-cs.com "-" "Mozilla/5.0 AppleWebKit/537.36 (KHTML, like Gecko; compatible; Amazonbot/0.1; +https://developer.amazon.com/support/amazonbot) Chrome/119.0.6045.214 Safari/537.36" "-"
66.249.64.0 - - [22/Mar/2026:00:21:50 -0400] "GET /shop/expression/sporadic004049039801.html HTTP/1.1" 200 207486 hawk-cs.com "-" "Mozilla/5.0 (Linux; Android 6.0.1; Nexus 5X Build/MMB29P) AppleWebKit/537.36 (KHTML, like Gecko) Chrome/145.0.7632.159 Mobile Safari/537.36 (compatible; Googlebot/2.1; +http://www.google.com/bot.html)" "-"
98.82.107.0 - - [22/Mar/2026:00:21:50 -0400] "GET /wp-json/wp/v2/categories/1?path=/homepages/38/d1014936368/htdocs/clickandbuilds/HawkConstruction/wp-content/et-cache/2006 HTTP/1.1" 429 267 hawk-cs.com "-" "Mozilla/5.0 AppleWebKit/537.36 (KHTML, like Gecko; compatible; Amazonbot/0.1; +https://developer.amazon.com/support/amazonbot) Chrome/119.0.6045.214 Safari/537.36" "-"
216.73.216.0 - - [22/Mar/2026:00:21:51 -0400] "GET /shop/linelike/warmheartedness02292536933.html?fileloc=%2Fhomepages%2F38%2Fd1014936368%2Fhtdocs%2Fclickandbuilds%2FHawkConstruction%2Fwp-activate.php&path=%2Fhomepages%2F38%2Fd1014936368%2Fhtdocs%2Fclickandbuilds%2FHawkConstruction HTTP/1.1" 429 267 hawk-cs.com "-" "Mozilla/5.0 AppleWebKit/537.36 (KHTML, like Gecko; compatible; ClaudeBot/1.0; +claudebot@anthropic.com)" "-"
216.73.216.0 - - [22/Mar/2026:00:21:51 -0400] "GET /robots.txt HTTP/1.1" 429 267 hawk-cs.com "-" "Mozilla/5.0 AppleWebKit/537.36 (KHTML, like Gecko; compatible; ClaudeBot/1.0; +claudebot@anthropic.com)" "-"
66.249.64.0 - - [22/Mar/2026:00:21:52 -0400] "GET /shop/techniphone/entericus082321707004.html HTTP/1.1" 200 209635 hawk-cs.com "-" "Mozilla/5.0 (Linux; Android 6.0.1; Nexus 5X Build/MMB29P) AppleWebKit/537.36 (KHTML, like Gecko) Chrome/145.0.7632.159 Mobile Safari/537.36 (compatible; Googlebot/2.1; +http://www.google.com/bot.html)" "-"
2a03:2880:f800:: - - [22/Mar/2026:00:21:53 -0400] "GET /shop/rhigolene/cavorelievo002711151479.html?path=/homepages/38/d1014497294 HTTP/1.1" 200 29998 hawk-cs.com "-" "meta-externalagent/1.1 (+https://developers.facebook.com/docs/sharing/webmasters/crawler)" "-"
44.197.76.0 - - [22/Mar/2026:00:21:55 -0400] "GET /wp-json/wp/v2/categories/1?path=/homepages/38/d1014936368/htdocs/clickandbuilds/HawkConstruction/wp-content/et-cache/1960 HTTP/1.1" 429 267 hawk-cs.com "-" "Mozilla/5.0 AppleWebKit/537.36 (KHTML, like Gecko; compatible; Amazonbot/0.1; +https://developer.amazon.com/support/amazonbot) Chrome/119.0.6045.214 Safari/537.36" "-"
66.249.64.0 - - [22/Mar/2026:00:21:56 -0400] "GET /shop/dissocial/capnomor154186996851.html HTTP/1.1" 200 213137 hawk-cs.com "-" "Mozilla/5.0 (Linux; Android 6.0.1; Nexus 5X Build/MMB29P) AppleWebKit/537.36 (KHTML, like Gecko) Chrome/145.0.7632.159 Mobile Safari/537.36 (compatible; Googlebot/2.1; +http://www.google.com/bot.html)" "-"
216.73.216.0 - - [22/Mar/2026:00:21:56 -0400] "GET /shop/promulged/investigation011767743767.html?fileloc=%2Fhomepages%2F38%2Fd1014936368%2Fhtdocs%2Fclickandbuilds%2FHawkConstruction%2Fwp-admin%2Fcustom-background.php&path=%2Fhomepages%2F38%2Fd1014936368%2Fhtdocs%2Fclickandbuilds%2FHawkConstruction%2Fwp-admin HTTP/1.1" 429 267 hawk-cs.com "-" "Mozilla/5.0 AppleWebKit/537.36 (KHTML, like Gecko; compatible; ClaudeBot/1.0; +claudebot@anthropic.com)" "-"
54.197.178.0 - - [22/Mar/2026:00:22:00 -0400] "GET /sustenance-connecticut-enjoy-the-game/?path=/homepages/38/d1014936368/htdocs/clickandbuilds/HawkConstruction/wp-content/themes HTTP/1.1" 200 21233 hawk-cs.com "-" "Mozilla/5.0 AppleWebKit/537.36 (KHTML, like Gecko; compatible; Amazonbot/0.1; +https://developer.amazon.com/support/amazonbot) Chrome/119.0.6045.214 Safari/537.36" "-"
66.249.64.0 - - [22/Mar/2026:00:22:00 -0400] "GET /shop/conepate/sanguinity014203467334.html HTTP/1.1" 200 221701 hawk-cs.com "-" "Mozilla/5.0 (Linux; Android 6.0.1; Nexus 5X Build/MMB29P) AppleWebKit/537.36 (KHTML, like Gecko) Chrome/145.0.7632.159 Mobile Safari/537.36 (compatible; Googlebot/2.1; +http://www.google.com/bot.html)" "-"
216.73.216.0 - - [22/Mar/2026:00:22:01 -0400] "GET /shop/dissipative/sextans021388522850.html?fileloc=%2Fhomepages%2F38%2Fd1014936368%2Fhtdocs%2Fclickandbuilds%2FHawkConstruction%2Findex.php&path=%2Fhomepages%2F38%2Fd1014936368%2Fhtdocs%2Fclickandbuilds%2FHawkConstruction HTTP/1.1" 429 267 hawk-cs.com "-" "Mozilla/5.0 AppleWebKit/537.36 (KHTML, like Gecko; compatible; ClaudeBot/1.0; +claudebot@anthropic.com)" "-"
52.70.123.0 - - [22/Mar/2026:00:22:02 -0400] "GET /wp-json/wp/v2/posts/898?path=/homepages/38/d1014936368/htdocs/clickandbuilds/HawkConstruction/wp-content/et-cache HTTP/1.1" 200 10283176 hawk-cs.com "-" "Mozilla/5.0 AppleWebKit/537.36 (KHTML, like Gecko; compatible; Amazonbot/0.1; +https://developer.amazon.com/support/amazonbot) Chrome/119.0.6045.214 Safari/537.36" "-"
66.249.64.0 - - [22/Mar/2026:00:22:04 -0400] "GET /shop/brinkmanship/ramean123403992122.html HTTP/1.1" 200 209779 hawk-cs.com "-" "Mozilla/5.0 (Linux; Android 6.0.1; Nexus 5X Build/MMB29P) AppleWebKit/537.36 (KHTML, like Gecko) Chrome/145.0.7632.159 Mobile Safari/537.36 (compatible; Googlebot/2.1; +http://www.google.com/bot.html)" "-"
74.7.243.0 - - [22/Mar/2026:00:22:04 -0400] "GET /shop/undermanned/elusory063443462475.html HTTP/1.1" 200 76933 hawk-cs.com "https://hawk-cs.com/sitemap-sub-2034.xml" "Mozilla/5.0 AppleWebKit/537.36 (KHTML, like Gecko; compatible; GPTBot/1.3; +https://openai.com/gptbot)" "-"
216.73.216.0 - - [22/Mar/2026:00:22:06 -0400] "GET /shop/hawing/specularia022475138777.html?fileloc=%2Fhomepages%2F38%2Fd1014936368%2Fhtdocs%2Fclickandbuilds%2FHawkConstruction%2Fwp-trackback.php&path=%2Fhomepages%2F38%2Fd1014936368%2Fhtdocs%2Fclickandbuilds%2FHawkConstruction HTTP/1.1" 429 267 hawk-cs.com "-" "Mozilla/5.0 AppleWebKit/537.36 (KHTML, like Gecko; compatible; ClaudeBot/1.0; +claudebot@anthropic.com)" "-"
2a03:2880:f800:: - - [22/Mar/2026:00:22:06 -0400] "GET /shop/particularist/whitehorse02754589578.html?path=/homepages/38 HTTP/1.1" 200 82124 hawk-cs.com "-" "meta-externalagent/1.1 (+https://developers.facebook.com/docs/sharing/webmasters/crawler)" "-"
3.212.205.0 - - [22/Mar/2026:00:22:07 -0400] "GET /wp-json/wp/v2/categories/1?path=/homepages/38/d1014936368/htdocs/clickandbuilds/HawkConstruction/wp-content/et-cache/5878 HTTP/1.1" 200 13291 hawk-cs.com "-" "Mozilla/5.0 AppleWebKit/537.36 (KHTML, like Gecko; compatible; Amazonbot/0.1; +https://developer.amazon.com/support/amazonbot) Chrome/119.0.6045.214 Safari/537.36" "-"
66.249.64.0 - - [22/Mar/2026:00:22:08 -0400] "GET /shop/proprietorial/matteuccia13595112462.html HTTP/1.1" 200 220418 hawk-cs.com "-" "Mozilla/5.0 (Linux; Android 6.0.1; Nexus 5X Build/MMB29P) AppleWebKit/537.36 (KHTML, like Gecko) Chrome/145.0.7632.159 Mobile Safari/537.36 (compatible; Googlebot/2.1; +http://www.google.com/bot.html)" "-"
216.73.216.0 - - [22/Mar/2026:00:22:11 -0400] "GET /shop/disarmer/thiosulphuric021827018095.html?fileloc=%2Fhomepages%2F38%2Fd1014936368%2Fhtdocs%2Fclickandbuilds%2FHawkConstruction%2Fwp-settings.php&path=%2Fhomepages%2F38%2Fd1014936368%2Fhtdocs%2Fclickandbuilds%2FHawkConstruction HTTP/1.1" 429 267 hawk-cs.com "-" "Mozilla/5.0 AppleWebKit/537.36 (KHTML, like Gecko; compatible; ClaudeBot/1.0; +claudebot@anthropic.com)" "-"
66.249.64.0 - - [22/Mar/2026:00:22:11 -0400] "GET /shop/molluscous/dumbledor123458859641.html HTTP/1.1" 200 204935 hawk-cs.com "-" "Mozilla/5.0 (Linux; Android 6.0.1; Nexus 5X Build/MMB29P) AppleWebKit/537.36 (KHTML, like Gecko) Chrome/145.0.7632.159 Mobile Safari/537.36 (compatible; Googlebot/2.1; +http://www.google.com/bot.html)" "-"
66.249.64.0 - - [22/Mar/2026:00:22:12 -0400] "GET /shop/smuttiest/endamaged0810552953.html HTTP/1.1" 200 214169 hawk-cs.com "-" "Mozilla/5.0 (Linux; Android 6.0.1; Nexus 5X Build/MMB29P) AppleWebKit/537.36 (KHTML, like Gecko) Chrome/145.0.7632.159 Mobile Safari/537.36 (compatible; Googlebot/2.1; +http://www.google.com/bot.html)" "-"
3.229.164.0 - - [22/Mar/2026:00:22:14 -0400] "GET /wp-json/wp/v2/categories/1?path=/homepages/38/d1014936368/htdocs/clickandbuilds/HawkConstruction/wp-content/et-cache/1085 HTTP/1.1" 200 22350 hawk-cs.com "-" "Mozilla/5.0 AppleWebKit/537.36 (KHTML, like Gecko; compatible; Amazonbot/0.1; +https://developer.amazon.com/support/amazonbot) Chrome/119.0.6045.214 Safari/537.36" "-"
54.84.161.0 - - [22/Mar/2026:00:22:14 -0400] "GET /wp-json/wp/v2/categories/1?path=/homepages/38/d1014936368/htdocs/clickandbuilds/HawkConstruction/wp-content/et-cache/5239 HTTP/1.1" 200 13291 hawk-cs.com "-" "Mozilla/5.0 AppleWebKit/537.36 (KHTML, like Gecko; compatible; Amazonbot/0.1; +https://developer.amazon.com/support/amazonbot) Chrome/119.0.6045.214 Safari/537.36" "-"
216.73.216.0 - - [22/Mar/2026:00:22:16 -0400] "GET /shop/scotchman/lightyear022161450889.html?fileloc=%2Fhomepages%2F38%2Fd1014936368%2Fhtdocs%2Fclickandbuilds%2FHawkConstruction%2Fwp-content%2Findex26.php&path=%2Fhomepages%2F38%2Fd1014936368%2Fhtdocs%2Fclickandbuilds%2FHawkConstruction%2Fwp-content HTTP/1.1" 429 267 hawk-cs.com "-" "Mozilla/5.0 AppleWebKit/537.36 (KHTML, like Gecko; compatible; ClaudeBot/1.0; +claudebot@anthropic.com)" "-"
66.249.64.0 - - [22/Mar/2026:00:22:16 -0400] "GET /shop/incremental/vouching022032747011.html HTTP/1.1" 200 210285 hawk-cs.com "-" "Mozilla/5.0 (Linux; Android 6.0.1; Nexus 5X Build/MMB29P) AppleWebKit/537.36 (KHTML, like Gecko) Chrome/145.0.7632.159 Mobile Safari/537.36 (compatible; Googlebot/2.1; +http://www.google.com/bot.html)" "-"
2a03:2880:f800:: - - [22/Mar/2026:00:22:18 -0400] "GET /shop/susception/funifera002389738235.html?path=/homepages/38/d1016415928 HTTP/1.1" 200 29998 hawk-cs.com "-" "meta-externalagent/1.1 (+https://developers.facebook.com/docs/sharing/webmasters/crawler)" "-"
34.233.114.0 - - [22/Mar/2026:00:22:20 -0400] "GET /wp-json/wp/v2/categories/1?path=/homepages/38/d1014936368/htdocs/clickandbuilds/HawkConstruction/wp-content/et-cache/2832 HTTP/1.1" 200 13291 hawk-cs.com "-" "Mozilla/5.0 AppleWebKit/537.36 (KHTML, like Gecko; compatible; Amazonbot/0.1; +https://developer.amazon.com/support/amazonbot) Chrome/119.0.6045.214 Safari/537.36" "-"
216.73.216.0 - - [22/Mar/2026:00:22:21 -0400] "GET /shop/occultism/aterrimus02232395603.html?fileloc=%2Fhomepages%2F38%2Fd1014936368%2Fhtdocs%2Fclickandbuilds%2FHawkConstruction%2Fwp-includes%2Fphp.ini&path=%2Fhomepages%2F38%2Fd1014936368%2Fhtdocs%2Fclickandbuilds%2FHawkConstruction%2Fwp-includes HTTP/1.1" 429 267 hawk-cs.com "-" "Mozilla/5.0 AppleWebKit/537.36 (KHTML, like Gecko; compatible; ClaudeBot/1.0; +claudebot@anthropic.com)" "-"
66.249.64.0 - - [22/Mar/2026:00:22:22 -0400] "GET /shop/hardspun/arctia054254161381.html HTTP/1.1" 200 211313 hawk-cs.com "-" "Mozilla/5.0 (Linux; Android 6.0.1; Nexus 5X Build/MMB29P) AppleWebKit/537.36 (KHTML, like Gecko) Chrome/145.0.7632.159 Mobile Safari/537.36 (compatible; Googlebot/2.1; +http://www.google.com/bot.html)" "-"
3.81.253.0 - - [22/Mar/2026:00:22:24 -0400] "GET /wp-json/wp/v2/categories/1?path=/homepages/38/d1014936368/htdocs/clickandbuilds/HawkConstruction/wp-content/et-cache/1599 HTTP/1.1" 200 22350 hawk-cs.com "-" "Mozilla/5.0 AppleWebKit/537.36 (KHTML, like Gecko; compatible; Amazonbot/0.1; +https://developer.amazon.com/support/amazonbot) Chrome/119.0.6045.214 Safari/537.36" "-"
66.249.64.0 - - [22/Mar/2026:00:22:24 -0400] "GET /shop/erythric/cepevorous101390174424.html HTTP/1.1" 200 205363 hawk-cs.com "-" "Mozilla/5.0 (Linux; Android 6.0.1; Nexus 5X Build/MMB29P) AppleWebKit/537.36 (KHTML, like Gecko) Chrome/145.0.7632.159 Mobile Safari/537.36 (compatible; Googlebot/2.1; +http://www.google.com/bot.html)" "-"
216.73.216.0 - - [22/Mar/2026:00:22:26 -0400] "GET /shop/fancyfree/foveate023855933418.html?fileloc=%2Fhomepages%2F38%2Fd1014936368%2Fhtdocs%2Fclickandbuilds%2FHawkConstruction%2Fwp-config-sample.php&path=%2Fhomepages%2F38%2Fd1014936368%2Fhtdocs%2Fclickandbuilds%2FHawkConstruction HTTP/1.1" 429 267 hawk-cs.com "-" "Mozilla/5.0 AppleWebKit/537.36 (KHTML, like Gecko; compatible; ClaudeBot/1.0; +claudebot@anthropic.com)" "-"
54.166.126.0 - - [22/Mar/2026:00:22:26 -0400] "GET /wp-json/wp/v2/categories/1?path=/homepages/38/d1014936368/htdocs/clickandbuilds/HawkConstruction/wp-content/et-cache/1481 HTTP/1.1" 200 22350 hawk-cs.com "-" "Mozilla/5.0 AppleWebKit/537.36 (KHTML, like Gecko; compatible; Amazonbot/0.1; +https://developer.amazon.com/support/amazonbot) Chrome/119.0.6045.214 Safari/537.36" "-"
2a03:2880:f800:: - - [22/Mar/2026:00:22:28 -0400] "GET /shop/resumption/arctoidea02650182885.html?path=/homepages/38/d1014936368 HTTP/1.1" 200 31472 hawk-cs.com "-" "meta-externalagent/1.1 (+https://developers.facebook.com/docs/sharing/webmasters/crawler)" "-"
66.249.64.0 - - [22/Mar/2026:00:22:28 -0400] "GET /shop/tamerlaine/butler043633439476.html HTTP/1.1" 200 207189 hawk-cs.com "-" "Mozilla/5.0 (Linux; Android 6.0.1; Nexus 5X Build/MMB29P) AppleWebKit/537.36 (KHTML, like Gecko) Chrome/145.0.7632.159 Mobile Safari/537.36 (compatible; Googlebot/2.1; +http://www.google.com/bot.html)" "-"
216.73.216.0 - - [22/Mar/2026:00:22:31 -0400] "GET /shop/debilitative/autophony022072013627.html?fileloc=%2Fhomepages%2F38%2Fd1014936368%2Fhtdocs%2Fclickandbuilds%2FHawkConstruction%2Fwp-settings.php&path=%2Fhomepages%2F38%2Fd1014936368%2Fhtdocs%2Fclickandbuilds%2FHawkConstruction HTTP/1.1" 429 267 hawk-cs.com "-" "Mozilla/5.0 AppleWebKit/537.36 (KHTML, like Gecko; compatible; ClaudeBot/1.0; +claudebot@anthropic.com)" "-"
66.249.64.0 - - [22/Mar/2026:00:22:32 -0400] "GET /shop/stupifactive/rifling131810586439.html HTTP/1.1" 200 213063 hawk-cs.com "-" "Mozilla/5.0 (Linux; Android 6.0.1; Nexus 5X Build/MMB29P) AppleWebKit/537.36 (KHTML, like Gecko) Chrome/145.0.7632.159 Mobile Safari/537.36 (compatible; Googlebot/2.1; +http://www.google.com/bot.html)" "-"
23.23.104.0 - - [22/Mar/2026:00:22:32 -0400] "GET /wp-json/wp/v2/categories/1?path=/homepages/38/d1014936368/htdocs/clickandbuilds/HawkConstruction/wp-content/et-cache/2511 HTTP/1.1" 200 22350 hawk-cs.com "-" "Mozilla/5.0 AppleWebKit/537.36 (KHTML, like Gecko; compatible; Amazonbot/0.1; +https://developer.amazon.com/support/amazonbot) Chrome/119.0.6045.214 Safari/537.36" "-"
66.249.64.0 - - [22/Mar/2026:00:22:34 -0400] "GET /shop/elimate/scalped013835380468.html HTTP/1.1" 200 210295 hawk-cs.com "-" "Mozilla/5.0 (Linux; Android 6.0.1; Nexus 5X Build/MMB29P) AppleWebKit/537.36 (KHTML, like Gecko) Chrome/145.0.7632.159 Mobile Safari/537.36 (compatible; Googlebot/2.1; +http://www.google.com/bot.html)" "-"
18.232.36.0 - - [22/Mar/2026:00:22:34 -0400] "GET /wp-json/wp/v2/categories/1?path=/homepages/38/d1014936368/htdocs/clickandbuilds/HawkConstruction/wp-content/et-cache/5785 HTTP/1.1" 200 13291 hawk-cs.com "-" "Mozilla/5.0 AppleWebKit/537.36 (KHTML, like Gecko; compatible; Amazonbot/0.1; +https://developer.amazon.com/support/amazonbot) Chrome/119.0.6045.214 Safari/537.36" "-"
66.249.64.0 - - [22/Mar/2026:00:22:35 -0400] "GET /shop/palling/sadda031750214229.html HTTP/1.1" 200 216426 hawk-cs.com "-" "Mozilla/5.0 (Linux; Android 6.0.1; Nexus 5X Build/MMB29P) AppleWebKit/537.36 (KHTML, like Gecko) Chrome/145.0.7632.159 Mobile Safari/537.36 (compatible; Googlebot/2.1; +http://www.google.com/bot.html)" "-"
216.73.216.0 - - [22/Mar/2026:00:22:36 -0400] "GET /shop/ordered/ancien02463444584.html?fileloc=%2Fhomepages%2F38%2Fd1014936368%2Fhtdocs%2Fclickandbuilds%2FHawkConstruction%2F.htaccess&path=%2Fhomepages%2F38%2Fd1014936368%2Fhtdocs%2Fclickandbuilds%2FHawkConstruction HTTP/1.1" 429 267 hawk-cs.com "-" "Mozilla/5.0 AppleWebKit/537.36 (KHTML, like Gecko; compatible; ClaudeBot/1.0; +claudebot@anthropic.com)" "-"
66.249.64.0 - - [22/Mar/2026:00:22:36 -0400] "GET /shop/modulating/retriever15298791035.html HTTP/1.1" 200 216110 hawk-cs.com "-" "Mozilla/5.0 (Linux; Android 6.0.1; Nexus 5X Build/MMB29P) AppleWebKit/537.36 (KHTML, like Gecko) Chrome/145.0.7632.159 Mobile Safari/537.36 (compatible; Googlebot/2.1; +http://www.google.com/bot.html)" "-"
2a03:2880:f800:: - - [22/Mar/2026:00:22:37 -0400] "GET /shop/kilovolt/echon02860508320.html?path=/homepages/28 HTTP/1.1" 200 71436 hawk-cs.com "-" "meta-externalagent/1.1 (+https://developers.facebook.com/docs/sharing/webmasters/crawler)" "-"
100.28.204.0 - - [22/Mar/2026:00:22:40 -0400] "GET /wp-json/wp/v2/categories/1?path=/homepages/38/d1014936368/htdocs/clickandbuilds/HawkConstruction/wp-content/et-cache/5006 HTTP/1.1" 200 13291 hawk-cs.com "-" "Mozilla/5.0 AppleWebKit/537.36 (KHTML, like Gecko; compatible; Amazonbot/0.1; +https://developer.amazon.com/support/amazonbot) Chrome/119.0.6045.214 Safari/537.36" "-"
66.249.64.0 - - [22/Mar/2026:00:22:40 -0400] "GET /shop/anthropogenetic/nappies093820769968.html HTTP/1.1" 200 208893 hawk-cs.com "-" "Mozilla/5.0 (Linux; Android 6.0.1; Nexus 5X Build/MMB29P) AppleWebKit/537.36 (KHTML, like Gecko) Chrome/145.0.7632.159 Mobile Safari/537.36 (compatible; Googlebot/2.1; +http://www.google.com/bot.html)" "-"
216.73.216.0 - - [22/Mar/2026:00:22:41 -0400] "GET /shop/belight/erica021117513251.html?fileloc=%2Fhomepages%2F38%2Fd1014936368%2Fhtdocs%2Fclickandbuilds%2FHawkConstruction%2Fwp-mail.php&path=%2Fhomepages%2F38%2Fd1014936368%2Fhtdocs%2Fclickandbuilds%2FHawkConstruction HTTP/1.1" 429 267 hawk-cs.com "-" "Mozilla/5.0 AppleWebKit/537.36 (KHTML, like Gecko; compatible; ClaudeBot/1.0; +claudebot@anthropic.com)" "-"
66.249.64.0 - - [22/Mar/2026:00:22:44 -0400] "GET /shop/hotchpot/acetable15467424303.html HTTP/1.1" 200 216938 hawk-cs.com "-" "Mozilla/5.0 (Linux; Android 6.0.1; Nexus 5X Build/MMB29P) AppleWebKit/537.36 (KHTML, like Gecko) Chrome/145.0.7632.159 Mobile Safari/537.36 (compatible; Googlebot/2.1; +http://www.google.com/bot.html)" "-"
54.147.80.0 - - [22/Mar/2026:00:22:45 -0400] "GET /wp-json/wp/v2/categories/1?path=/homepages/38/d1014936368/htdocs/clickandbuilds/HawkConstruction/wp-content/et-cache/5080 HTTP/1.1" 200 22350 hawk-cs.com "-" "Mozilla/5.0 AppleWebKit/537.36 (KHTML, like Gecko; compatible; Amazonbot/0.1; +https://developer.amazon.com/support/amazonbot) Chrome/119.0.6045.214 Safari/537.36" "-"
2a03:2880:f800:: - - [22/Mar/2026:00:22:46 -0400] "GET /shop/photog/alabastra001764736537.html?path=/homepages/0 HTTP/1.1" 200 75301 hawk-cs.com "-" "meta-externalagent/1.1 (+https://developers.facebook.com/docs/sharing/webmasters/crawler)" "-"
216.73.216.0 - - [22/Mar/2026:00:22:46 -0400] "GET /shop/colorature/excreting023299505999.html?path=%2Fhomepages%2F38%2Fd1014500537 HTTP/1.1" 429 267 hawk-cs.com "-" "Mozilla/5.0 AppleWebKit/537.36 (KHTML, like Gecko; compatible; ClaudeBot/1.0; +claudebot@anthropic.com)" "-"
54.210.152.0 - - [22/Mar/2026:00:22:47 -0400] "GET /wp-json/wp/v2/categories/1?path=/homepages/38/d1014936368/htdocs/clickandbuilds/HawkConstruction/wp-content/et-cache/3913 HTTP/1.1" 200 13291 hawk-cs.com "-" "Mozilla/5.0 AppleWebKit/537.36 (KHTML, like Gecko; compatible; Amazonbot/0.1; +https://developer.amazon.com/support/amazonbot) Chrome/119.0.6045.214 Safari/537.36" "-"
35.169.119.0 - - [22/Mar/2026:00:22:50 -0400] "GET /wp-json/wp/v2/categories/1?path=/homepages/38/d1014936368/htdocs/clickandbuilds/HawkConstruction/wp-content/et-cache/6120 HTTP/1.1" 200 13291 hawk-cs.com "-" "Mozilla/5.0 AppleWebKit/537.36 (KHTML, like Gecko; compatible; Amazonbot/0.1; +https://developer.amazon.com/support/amazonbot) Chrome/119.0.6045.214 Safari/537.36" "-"
216.73.216.0 - - [22/Mar/2026:00:22:51 -0400] "GET /shop/houseless/doltishly02908096740.html?fileloc=%2Fhomepages%2F38%2Fd1014936368%2Fhtdocs%2Fclickandbuilds%2FHawkConstruction%2Fwp-signup.php&path=%2Fhomepages%2F38%2Fd1014936368%2Fhtdocs%2Fclickandbuilds%2FHawkConstruction HTTP/1.1" 429 267 hawk-cs.com "-" "Mozilla/5.0 AppleWebKit/537.36 (KHTML, like Gecko; compatible; ClaudeBot/1.0; +claudebot@anthropic.com)" "-"
66.249.64.0 - - [22/Mar/2026:00:22:51 -0400] "GET /shop/unindustrialized/stenostome151426045970.html HTTP/1.1" 200 214297 hawk-cs.com "-" "Mozilla/5.0 (Linux; Android 6.0.1; Nexus 5X Build/MMB29P) AppleWebKit/537.36 (KHTML, like Gecko) Chrome/145.0.7632.159 Mobile Safari/537.36 (compatible; Googlebot/2.1; +http://www.google.com/bot.html)" "-"
66.249.64.0 - - [22/Mar/2026:00:22:53 -0400] "GET /shop/phizes/doubleshade153239656352.html HTTP/1.1" 200 220359 hawk-cs.com "-" "Mozilla/5.0 (Linux; Android 6.0.1; Nexus 5X Build/MMB29P) AppleWebKit/537.36 (KHTML, like Gecko) Chrome/145.0.7632.159 Mobile Safari/537.36 (compatible; Googlebot/2.1; +http://www.google.com/bot.html)" "-"
2a03:2880:f800:: - - [22/Mar/2026:00:22:54 -0400] "GET /shop/aquarellist/cachinnation021819129971.html?path=/homepages/38 HTTP/1.1" 200 82124 hawk-cs.com "-" "meta-externalagent/1.1 (+https://developers.facebook.com/docs/sharing/webmasters/crawler)" "-"
66.249.64.0 - - [22/Mar/2026:00:22:54 -0400] "GET /shop/radiograph/catamite034170705463.html HTTP/1.1" 200 205638 hawk-cs.com "-" "Mozilla/5.0 (Linux; Android 6.0.1; Nexus 5X Build/MMB29P) AppleWebKit/537.36 (KHTML, like Gecko) Chrome/145.0.7632.159 Mobile Safari/537.36 (compatible; Googlebot/2.1; +http://www.google.com/bot.html)" "-"
216.73.216.0 - - [22/Mar/2026:00:22:56 -0400] "GET /shop/phenose/metamorphosis021171909903.html?fileloc=%2Fhomepages%2F38%2Fd1014936368%2Fhtdocs%2Fclickandbuilds%2FHawkConstruction%2Fwp-config-sample.php&path=%2Fhomepages%2F38%2Fd1014936368%2Fhtdocs%2Fclickandbuilds%2FHawkConstruction HTTP/1.1" 429 267 hawk-cs.com "-" "Mozilla/5.0 AppleWebKit/537.36 (KHTML, like Gecko; compatible; ClaudeBot/1.0; +claudebot@anthropic.com)" "-"
66.249.64.0 - - [22/Mar/2026:00:22:56 -0400] "GET /shop/perrier/pound151304380292.html HTTP/1.1" 200 213137 hawk-cs.com "-" "Mozilla/5.0 (Linux; Android 6.0.1; Nexus 5X Build/MMB29P) AppleWebKit/537.36 (KHTML, like Gecko) Chrome/145.0.7632.159 Mobile Safari/537.36 (compatible; Googlebot/2.1; +http://www.google.com/bot.html)" "-"
52.45.15.0 - - [22/Mar/2026:00:22:56 -0400] "GET /wp-json/wp/v2/categories/1?path=/homepages/38/d1014936368/htdocs/clickandbuilds/HawkConstruction/wp-content/et-cache/4409 HTTP/1.1" 200 22350 hawk-cs.com "-" "Mozilla/5.0 AppleWebKit/537.36 (KHTML, like Gecko; compatible; Amazonbot/0.1; +https://developer.amazon.com/support/amazonbot) Chrome/119.0.6045.214 Safari/537.36" "-"
18.207.79.0 - - [22/Mar/2026:00:22:58 -0400] "GET /wp-json/wp/v2/categories/1?path=/homepages/38/d1014936368/htdocs/clickandbuilds/HawkConstruction/wp-content/et-cache/4897 HTTP/1.1" 200 22350 hawk-cs.com "-" "Mozilla/5.0 AppleWebKit/537.36 (KHTML, like Gecko; compatible; Amazonbot/0.1; +https://developer.amazon.com/support/amazonbot) Chrome/119.0.6045.214 Safari/537.36" "-"
74.7.243.0 - - [22/Mar/2026:00:22:59 -0400] "GET /shop/fumiter/octoedrical062710677410.html HTTP/1.1" 429 267 hawk-cs.com "https://hawk-cs.com/sitemap-sub-2034.xml" "Mozilla/5.0 AppleWebKit/537.36 (KHTML, like Gecko; compatible; GPTBot/1.3; +https://openai.com/gptbot)" "-"
66.249.64.0 - - [22/Mar/2026:00:23:00 -0400] "GET /shop/biocatalyst/guildhall03898012648.html HTTP/1.1" 200 211842 hawk-cs.com "-" "Mozilla/5.0 (Linux; Android 6.0.1; Nexus 5X Build/MMB29P) AppleWebKit/537.36 (KHTML, like Gecko) Chrome/145.0.7632.159 Mobile Safari/537.36 (compatible; Googlebot/2.1; +http://www.google.com/bot.html)" "-"
2a03:2880:f800:: - - [22/Mar/2026:00:23:01 -0400] "GET /shop/consumedly/ridger021587492498.html?path=/homepages/5 HTTP/1.1" 200 83299 hawk-cs.com "-" "meta-externalagent/1.1 (+https://developers.facebook.com/docs/sharing/webmasters/crawler)" "-"
216.73.216.0 - - [22/Mar/2026:00:23:01 -0400] "GET /shop/otherways/typographer02993698371.html?fileloc=%2Fhomepages%2F38%2Fd1014936368%2Fhtdocs%2Fclickandbuilds%2FHawkConstruction%2Fcopcu.php&path=%2Fhomepages%2F38%2Fd1014936368%2Fhtdocs%2Fclickandbuilds%2FHawkConstruction HTTP/1.1" 429 267 hawk-cs.com "-" "Mozilla/5.0 AppleWebKit/537.36 (KHTML, like Gecko; compatible; ClaudeBot/1.0; +claudebot@anthropic.com)" "-"
98.82.40.0 - - [22/Mar/2026:00:23:04 -0400] "GET /wp-json/wp/v2/categories/1?path=/homepages/38/d1014936368/htdocs/clickandbuilds/HawkConstruction/wp-content/et-cache/5730 HTTP/1.1" 200 13291 hawk-cs.com "-" "Mozilla/5.0 AppleWebKit/537.36 (KHTML, like Gecko; compatible; Amazonbot/0.1; +https://developer.amazon.com/support/amazonbot) Chrome/119.0.6045.214 Safari/537.36" "-"
216.73.216.0 - - [22/Mar/2026:00:23:06 -0400] "GET /shop/nonacid/topped023025692080.html?fileloc=%2Fhomepages%2F38%2Fd1014936368%2Fhtdocs%2Fclickandbuilds%2FHawkConstruction%2Fwp-load.php&path=%2Fhomepages%2F38%2Fd1014936368%2Fhtdocs%2Fclickandbuilds%2FHawkConstruction HTTP/1.1" 429 267 hawk-cs.com "-" "Mozilla/5.0 AppleWebKit/537.36 (KHTML, like Gecko; compatible; ClaudeBot/1.0; +claudebot@anthropic.com)" "-"
3.216.13.0 - - [22/Mar/2026:00:23:06 -0400] "GET /wp-json/wp/v2/categories/1?path=/homepages/38/d1014936368/htdocs/clickandbuilds/HawkConstruction/wp-content/et-cache/5258 HTTP/1.1" 200 13291 hawk-cs.com "-" "Mozilla/5.0 AppleWebKit/537.36 (KHTML, like Gecko; compatible; Amazonbot/0.1; +https://developer.amazon.com/support/amazonbot) Chrome/119.0.6045.214 Safari/537.36" "-"
2a03:2880:f800:: - - [22/Mar/2026:00:23:07 -0400] "GET /shop/caseate/unwillingly02606834928.html?path=/homepages/38/d1014936368/htdocs HTTP/1.1" 200 18435 hawk-cs.com "-" "meta-externalagent/1.1 (+https://developers.facebook.com/docs/sharing/webmasters/crawler)" "-"
66.249.64.0 - - [22/Mar/2026:00:23:08 -0400] "GET /shop/erythacus/susceptiveness0366208230.html HTTP/1.1" 200 207434 hawk-cs.com "-" "Mozilla/5.0 (Linux; Android 6.0.1; Nexus 5X Build/MMB29P) AppleWebKit/537.36 (KHTML, like Gecko) Chrome/145.0.7632.159 Mobile Safari/537.36 (compatible; Googlebot/2.1; +http://www.google.com/bot.html)" "-"
216.73.216.0 - - [22/Mar/2026:00:23:11 -0400] "GET /shop/desiccative/antipathize02784266488.html?fileloc=%2Fhomepages%2F38%2Fd1014936368%2Fhtdocs%2Fclickandbuilds%2FHawkConstruction%2Fwp-mail.php&path=%2Fhomepages%2F38%2Fd1014936368%2Fhtdocs%2Fclickandbuilds%2FHawkConstruction HTTP/1.1" 429 267 hawk-cs.com "-" "Mozilla/5.0 AppleWebKit/537.36 (KHTML, like Gecko; compatible; ClaudeBot/1.0; +claudebot@anthropic.com)" "-"
44.193.102.0 - - [22/Mar/2026:00:23:11 -0400] "GET /wp-json/wp/v2/categories/1?path=/homepages/38/d1014936368/htdocs/clickandbuilds/HawkConstruction/wp-content/et-cache/5499 HTTP/1.1" 200 13291 hawk-cs.com "-" "Mozilla/5.0 AppleWebKit/537.36 (KHTML, like Gecko; compatible; Amazonbot/0.1; +https://developer.amazon.com/support/amazonbot) Chrome/119.0.6045.214 Safari/537.36" "-"
66.249.64.0 - - [22/Mar/2026:00:23:12 -0400] "GET /shop/albuminous/spectroscopist153031615447.html HTTP/1.1" 200 216826 hawk-cs.com "-" "Mozilla/5.0 (Linux; Android 6.0.1; Nexus 5X Build/MMB29P) AppleWebKit/537.36 (KHTML, like Gecko) Chrome/145.0.7632.159 Mobile Safari/537.36 (compatible; Googlebot/2.1; +http://www.google.com/bot.html)" "-"
2a03:2880:f800:: - - [22/Mar/2026:00:23:14 -0400] "GET /shop/hermaphroditus/disobliging021568925345.html?path=/homepages/36 HTTP/1.1" 200 100828 hawk-cs.com "-" "meta-externalagent/1.1 (+https://developers.facebook.com/docs/sharing/webmasters/crawler)" "-"
52.44.174.0 - - [22/Mar/2026:00:23:16 -0400] "GET /wp-json/wp/v2/categories/1?path=/homepages/38/d1014936368/htdocs/clickandbuilds/HawkConstruction/wp-content/et-cache/1056 HTTP/1.1" 200 22350 hawk-cs.com "-" "Mozilla/5.0 AppleWebKit/537.36 (KHTML, like Gecko; compatible; Amazonbot/0.1; +https://developer.amazon.com/support/amazonbot) Chrome/119.0.6045.214 Safari/537.36" "-"
216.73.216.0 - - [22/Mar/2026:00:23:16 -0400] "GET /shop/caulome/rumney022849907610.html?fileloc=%2Fhomepages%2F38%2Fd1014936368%2Fhtdocs%2Fclickandbuilds%2FHawkConstruction%2Fwp-mail.php&path=%2Fhomepages%2F38%2Fd1014936368%2Fhtdocs%2Fclickandbuilds%2FHawkConstruction HTTP/1.1" 429 267 hawk-cs.com "-" "Mozilla/5.0 AppleWebKit/537.36 (KHTML, like Gecko; compatible; ClaudeBot/1.0; +claudebot@anthropic.com)" "-"
66.249.64.0 - - [22/Mar/2026:00:23:16 -0400] "GET /shop/kroomen/baronial153945631650.html HTTP/1.1" 200 209699 hawk-cs.com "-" "Mozilla/5.0 (Linux; Android 6.0.1; Nexus 5X Build/MMB29P) AppleWebKit/537.36 (KHTML, like Gecko) Chrome/145.0.7632.159 Mobile Safari/537.36 (compatible; Googlebot/2.1; +http://www.google.com/bot.html)" "-"
