66.249.64.0 - - [22/Mar/2026:01:06:45 -0400] "GET /shop/tetrarchies/manidae011045635545.html HTTP/1.1" 200 213675 hawk-cs.com "-" "Mozilla/5.0 (Linux; Android 6.0.1; Nexus 5X Build/MMB29P) AppleWebKit/537.36 (KHTML, like Gecko) Chrome/145.0.7632.159 Mobile Safari/537.36 (compatible; Googlebot/2.1; +http://www.google.com/bot.html)" "-"
66.249.64.0 - - [22/Mar/2026:01:06:45 -0400] "GET /shop/precipitable/palisado00583983129.html HTTP/1.1" 200 225974 hawk-cs.com "-" "Mozilla/5.0 (Linux; Android 6.0.1; Nexus 5X Build/MMB29P) AppleWebKit/537.36 (KHTML, like Gecko) Chrome/145.0.7632.159 Mobile Safari/537.36 (compatible; Googlebot/2.1; +http://www.google.com/bot.html)" "-"
66.249.64.0 - - [22/Mar/2026:01:06:46 -0400] "GET /shop/nanna/garrula121825420339.html HTTP/1.1" 200 212366 hawk-cs.com "-" "Mozilla/5.0 (Linux; Android 6.0.1; Nexus 5X Build/MMB29P) AppleWebKit/537.36 (KHTML, like Gecko) Chrome/145.0.7632.159 Mobile Safari/537.36 (compatible; Googlebot/2.1; +http://www.google.com/bot.html)" "-"
2a03:2880:f800:: - - [22/Mar/2026:01:06:46 -0400] "GET /shop/roomless/contemporize023756755697.html?path=/homepages/38/d1014936368/htdocs/clickandbuilds/HawkConstruction/wp-includes HTTP/1.1" 429 267 hawk-cs.com "-" "meta-externalagent/1.1 (+https://developers.facebook.com/docs/sharing/webmasters/crawler)" "-"
66.249.64.0 - - [22/Mar/2026:01:06:47 -0400] "GET /shop/pleomorphous/foreappoint012643323620.html HTTP/1.1" 200 216479 hawk-cs.com "-" "Mozilla/5.0 (Linux; Android 6.0.1; Nexus 5X Build/MMB29P) AppleWebKit/537.36 (KHTML, like Gecko) Chrome/145.0.7632.159 Mobile Safari/537.36 (compatible; Googlebot/2.1; +http://www.google.com/bot.html)" "-"
66.249.64.0 - - [22/Mar/2026:01:06:50 -0400] "GET /shop/maculose/hoymen063370533686.html HTTP/1.1" 200 207430 hawk-cs.com "-" "Mozilla/5.0 (Linux; Android 6.0.1; Nexus 5X Build/MMB29P) AppleWebKit/537.36 (KHTML, like Gecko) Chrome/145.0.7632.159 Mobile Safari/537.36 (compatible; Googlebot/2.1; +http://www.google.com/bot.html)" "-"
216.73.216.0 - - [22/Mar/2026:01:06:50 -0400] "GET /?fileloc=%2F%2Fusr%2Flib%2Fruby%2F2.7.0%2Fwebrick%2Fcookie.rb&path=%2F%2Fusr%2Flib%2Fruby%2F2.7.0%2Fwebrick HTTP/1.1" 429 267 www.hawk-cs.com "-" "Mozilla/5.0 AppleWebKit/537.36 (KHTML, like Gecko; compatible; ClaudeBot/1.0; +claudebot@anthropic.com)" "-"
66.249.64.0 - - [22/Mar/2026:01:06:51 -0400] "GET /shop/hysterogenic/dictation014196369764.html HTTP/1.1" 200 203606 hawk-cs.com "-" "Mozilla/5.0 (Linux; Android 6.0.1; Nexus 5X Build/MMB29P) AppleWebKit/537.36 (KHTML, like Gecko) Chrome/145.0.7632.159 Mobile Safari/537.36 (compatible; Googlebot/2.1; +http://www.google.com/bot.html)" "-"
216.73.216.0 - - [22/Mar/2026:01:06:52 -0400] "GET /?fileloc=%2F%2Fusr%2Fshare%2Fman%2Fman1%2Fpnmnorm.1.gz&path=%2F%2Fusr%2Fshare%2Fman%2Fman1 HTTP/1.1" 429 267 www.hawk-cs.com "-" "Mozilla/5.0 AppleWebKit/537.36 (KHTML, like Gecko; compatible; ClaudeBot/1.0; +claudebot@anthropic.com)" "-"
2a03:2880:f800:: - - [22/Mar/2026:01:06:52 -0400] "GET /shop/rincones/sirenical021784470556.html?path=/homepages/38 HTTP/1.1" 200 82124 hawk-cs.com "-" "meta-externalagent/1.1 (+https://developers.facebook.com/docs/sharing/webmasters/crawler)" "-"
216.73.216.0 - - [22/Mar/2026:01:06:52 -0400] "GET /?fileloc=%2F%2Fusr%2Fshare%2Fman%2Fman3%2FFile%3A%3ASpec%3A%3AOS2.3perl.gz&path=%2F%2Fusr%2Fshare%2Fman%2Fman3 HTTP/1.1" 429 267 www.hawk-cs.com "-" "Mozilla/5.0 AppleWebKit/537.36 (KHTML, like Gecko; compatible; ClaudeBot/1.0; +claudebot@anthropic.com)" "-"
216.73.216.0 - - [22/Mar/2026:01:06:53 -0400] "GET /?fileloc=%2F%2Fusr%2Fshare%2Fman%2Fman1%2Fperl583delta.1.gz&path=%2F%2Fusr%2Fshare%2Fman%2Fman1 HTTP/1.1" 429 267 www.hawk-cs.com "-" "Mozilla/5.0 AppleWebKit/537.36 (KHTML, like Gecko; compatible; ClaudeBot/1.0; +claudebot@anthropic.com)" "-"
216.73.216.0 - - [22/Mar/2026:01:06:53 -0400] "GET /?fileloc=%2F%2Fetc%2Falternatives%2Femacsclient&path=%2F%2Fetc%2Falternatives HTTP/1.1" 429 267 www.hawk-cs.com "-" "Mozilla/5.0 AppleWebKit/537.36 (KHTML, like Gecko; compatible; ClaudeBot/1.0; +claudebot@anthropic.com)" "-"
66.249.64.0 - - [22/Mar/2026:01:06:53 -0400] "GET /shop/cowed/speaker014109527072.html HTTP/1.1" 200 213783 hawk-cs.com "-" "Mozilla/5.0 (Linux; Android 6.0.1; Nexus 5X Build/MMB29P) AppleWebKit/537.36 (KHTML, like Gecko) Chrome/145.0.7632.159 Mobile Safari/537.36 (compatible; Googlebot/2.1; +http://www.google.com/bot.html)" "-"
216.73.216.0 - - [22/Mar/2026:01:06:54 -0400] "GET /?fileloc=%2F%2Fusr%2Fshare%2Fman%2Fman1%2Fpydoc3.1.gz&path=%2F%2Fusr%2Fshare%2Fman%2Fman1 HTTP/1.1" 429 267 www.hawk-cs.com "-" "Mozilla/5.0 AppleWebKit/537.36 (KHTML, like Gecko; compatible; ClaudeBot/1.0; +claudebot@anthropic.com)" "-"
216.73.216.0 - - [22/Mar/2026:01:06:55 -0400] "GET /?fileloc=%2F%2Fusr%2Fshare%2Flocale%2Fnl%2FLC_MESSAGES%2Faptitude.mo&path=%2F%2Fusr%2Fshare%2Flocale%2Fnl%2FLC_MESSAGES HTTP/1.1" 429 267 www.hawk-cs.com "-" "Mozilla/5.0 AppleWebKit/537.36 (KHTML, like Gecko; compatible; ClaudeBot/1.0; +claudebot@anthropic.com)" "-"
66.249.64.0 - - [22/Mar/2026:01:06:55 -0400] "GET /shop/labras/residentiaryship011749672282.html HTTP/1.1" 200 210611 hawk-cs.com "-" "Mozilla/5.0 (Linux; Android 6.0.1; Nexus 5X Build/MMB29P) AppleWebKit/537.36 (KHTML, like Gecko) Chrome/145.0.7632.159 Mobile Safari/537.36 (compatible; Googlebot/2.1; +http://www.google.com/bot.html)" "-"
216.73.216.0 - - [22/Mar/2026:01:06:56 -0400] "GET /?fileloc=%2F%2Fusr%2Fshare%2Fman%2Fman3%2FDateTime%3A%3ALocale%3A%3Ade_IT.3pm.gz&path=%2F%2Fusr%2Fshare%2Fman%2Fman3 HTTP/1.1" 429 267 www.hawk-cs.com "-" "Mozilla/5.0 AppleWebKit/537.36 (KHTML, like Gecko; compatible; ClaudeBot/1.0; +claudebot@anthropic.com)" "-"
66.249.64.0 - - [22/Mar/2026:01:06:57 -0400] "GET /shop/contiguate/calefied1333153847.html HTTP/1.1" 200 218090 hawk-cs.com "-" "Mozilla/5.0 (Linux; Android 6.0.1; Nexus 5X Build/MMB29P) AppleWebKit/537.36 (KHTML, like Gecko) Chrome/145.0.7632.159 Mobile Safari/537.36 (compatible; Googlebot/2.1; +http://www.google.com/bot.html)" "-"
2a03:2880:f800:: - - [22/Mar/2026:01:06:57 -0400] "GET /shop/deodorization/fractionation022370009819.html?path=/homepages/16 HTTP/1.1" 200 87468 hawk-cs.com "-" "meta-externalagent/1.1 (+https://developers.facebook.com/docs/sharing/webmasters/crawler)" "-"
216.73.216.0 - - [22/Mar/2026:01:06:58 -0400] "GET /?fileloc=%2F%2Fusr%2Fshare%2Fman%2Fman1%2Fui-nss-schlund-version.1.gz&path=%2F%2Fusr%2Fshare%2Fman%2Fman1 HTTP/1.1" 429 267 www.hawk-cs.com "-" "Mozilla/5.0 AppleWebKit/537.36 (KHTML, like Gecko; compatible; ClaudeBot/1.0; +claudebot@anthropic.com)" "-"
40.77.167.0 - - [22/Mar/2026:01:06:59 -0400] "GET /shop/battlemented/vellum012522523447.html HTTP/1.1" 200 209540 hawk-cs.com "-" "Mozilla/5.0 AppleWebKit/537.36 (KHTML, like Gecko; compatible; bingbot/2.0; +http://www.bing.com/bingbot.htm) Chrome/116.0.1938.76 Safari/537.36" "-"
66.249.64.0 - - [22/Mar/2026:01:06:59 -0400] "GET /shop/trotter/vestigate13929461112.html HTTP/1.1" 200 218538 hawk-cs.com "-" "Mozilla/5.0 (Linux; Android 6.0.1; Nexus 5X Build/MMB29P) AppleWebKit/537.36 (KHTML, like Gecko) Chrome/145.0.7632.159 Mobile Safari/537.36 (compatible; Googlebot/2.1; +http://www.google.com/bot.html)" "-"
66.249.64.0 - - [22/Mar/2026:01:07:01 -0400] "GET /shop/sinnet/motto084136453522.html HTTP/1.1" 200 214188 hawk-cs.com "-" "Mozilla/5.0 (Linux; Android 6.0.1; Nexus 5X Build/MMB29P) AppleWebKit/537.36 (KHTML, like Gecko) Chrome/145.0.7632.159 Mobile Safari/537.36 (compatible; Googlebot/2.1; +http://www.google.com/bot.html)" "-"
216.73.216.0 - - [22/Mar/2026:01:07:02 -0400] "GET /?fileloc=%2F%2Fusr%2Fshare%2Fman%2Fman1%2Fxxd.1.gz&path=%2F%2Fusr%2Fshare%2Fman%2Fman1 HTTP/1.1" 429 267 www.hawk-cs.com "-" "Mozilla/5.0 AppleWebKit/537.36 (KHTML, like Gecko; compatible; ClaudeBot/1.0; +claudebot@anthropic.com)" "-"
216.73.216.0 - - [22/Mar/2026:01:07:04 -0400] "GET /?fileloc=%2Fhomepages%2F38%2Fd1014936368%2Fhtdocs%2Fclickandbuilds%2FHawkConstruction%2Fwp-admin%2Fms-delete-site.php&path=%2Fhomepages%2F38%2Fd1014936368%2Fhtdocs%2Fclickandbuilds%2FHawkConstruction%2Fwp-admin HTTP/1.1" 429 267 www.hawk-cs.com "-" "Mozilla/5.0 AppleWebKit/537.36 (KHTML, like Gecko; compatible; ClaudeBot/1.0; +claudebot@anthropic.com)" "-"
66.249.64.0 - - [22/Mar/2026:01:07:04 -0400] "GET /shop/decemviri/alife093430737816.html HTTP/1.1" 200 220230 hawk-cs.com "-" "Mozilla/5.0 (Linux; Android 6.0.1; Nexus 5X Build/MMB29P) AppleWebKit/537.36 (KHTML, like Gecko) Chrome/145.0.7632.159 Mobile Safari/537.36 (compatible; Googlebot/2.1; +http://www.google.com/bot.html)" "-"
216.73.216.0 - - [22/Mar/2026:01:07:04 -0400] "GET /?fileloc=%2F%2Fusr%2Fshare%2Fman%2Fman2%2Ffree_hugepages.2.gz&path=%2F%2Fusr%2Fshare%2Fman%2Fman2 HTTP/1.1" 429 267 www.hawk-cs.com "-" "Mozilla/5.0 AppleWebKit/537.36 (KHTML, like Gecko; compatible; ClaudeBot/1.0; +claudebot@anthropic.com)" "-"
216.73.216.0 - - [22/Mar/2026:01:07:05 -0400] "GET /?fileloc=%2F%2Fusr%2Flib%2Fruby%2F2.7.0%2Fbundler%2Fgraph.rb&path=%2F%2Fusr%2Flib%2Fruby%2F2.7.0%2Fbundler HTTP/1.1" 429 267 www.hawk-cs.com "-" "Mozilla/5.0 AppleWebKit/537.36 (KHTML, like Gecko; compatible; ClaudeBot/1.0; +claudebot@anthropic.com)" "-"
216.73.216.0 - - [22/Mar/2026:01:07:06 -0400] "GET /?fileloc=%2F%2Fusr%2Flib%2Fruby%2F2.7.0%2Frdoc%2Fcomment.rb&path=%2F%2Fusr%2Flib%2Fruby%2F2.7.0%2Frdoc HTTP/1.1" 429 267 www.hawk-cs.com "-" "Mozilla/5.0 AppleWebKit/537.36 (KHTML, like Gecko; compatible; ClaudeBot/1.0; +claudebot@anthropic.com)" "-"
66.249.64.0 - - [22/Mar/2026:01:07:09 -0400] "GET /shop/pushingly/overshadowy153854851168.html HTTP/1.1" 200 216112 hawk-cs.com "-" "Mozilla/5.0 (Linux; Android 6.0.1; Nexus 5X Build/MMB29P) AppleWebKit/537.36 (KHTML, like Gecko) Chrome/145.0.7632.159 Mobile Safari/537.36 (compatible; Googlebot/2.1; +http://www.google.com/bot.html)" "-"
66.249.64.0 - - [22/Mar/2026:01:07:11 -0400] "GET /shop/antialbumose/isoclinal013398475280.html HTTP/1.1" 200 219683 hawk-cs.com "-" "Mozilla/5.0 (Linux; Android 6.0.1; Nexus 5X Build/MMB29P) AppleWebKit/537.36 (KHTML, like Gecko) Chrome/145.0.7632.159 Mobile Safari/537.36 (compatible; Googlebot/2.1; +http://www.google.com/bot.html)" "-"
66.249.64.0 - - [22/Mar/2026:01:07:11 -0400] "GET /shop/protending/vivification093189437177.html HTTP/1.1" 200 217010 hawk-cs.com "-" "Mozilla/5.0 (Linux; Android 6.0.1; Nexus 5X Build/MMB29P) AppleWebKit/537.36 (KHTML, like Gecko) Chrome/145.0.7632.159 Mobile Safari/537.36 (compatible; Googlebot/2.1; +http://www.google.com/bot.html)" "-"
66.249.64.0 - - [22/Mar/2026:01:07:14 -0400] "GET /shop/logship/hairline07583983129.html HTTP/1.1" 200 227913 hawk-cs.com "-" "Mozilla/5.0 (Linux; Android 6.0.1; Nexus 5X Build/MMB29P) AppleWebKit/537.36 (KHTML, like Gecko) Chrome/145.0.7632.159 Mobile Safari/537.36 (compatible; Googlebot/2.1; +http://www.google.com/bot.html)" "-"
66.249.64.0 - - [22/Mar/2026:01:07:16 -0400] "GET /shop/terpene/shamefast122806591668.html HTTP/1.1" 200 217699 hawk-cs.com "-" "Mozilla/5.0 (Linux; Android 6.0.1; Nexus 5X Build/MMB29P) AppleWebKit/537.36 (KHTML, like Gecko) Chrome/145.0.7632.159 Mobile Safari/537.36 (compatible; Googlebot/2.1; +http://www.google.com/bot.html)" "-"
216.73.216.0 - - [22/Mar/2026:01:07:18 -0400] "GET /?fileloc=%2F%2Fusr%2Fshare%2Fman%2Fman3%2Fsvcerr_progvers.3.gz&path=%2F%2Fusr%2Fshare%2Fman%2Fman3 HTTP/1.1" 429 267 www.hawk-cs.com "-" "Mozilla/5.0 AppleWebKit/537.36 (KHTML, like Gecko; compatible; ClaudeBot/1.0; +claudebot@anthropic.com)" "-"
52.167.144.0 - - [22/Mar/2026:01:07:18 -0400] "GET /shop/halos/lamdoidal052800919290.html HTTP/1.1" 200 215260 www.hawk-cs.com "-" "Mozilla/5.0 AppleWebKit/537.36 (KHTML, like Gecko; compatible; bingbot/2.0; +http://www.bing.com/bingbot.htm) Chrome/116.0.1938.76 Safari/537.36" "-"
66.249.64.0 - - [22/Mar/2026:01:07:18 -0400] "GET /shop/ducked/barmecidal012189292079.html HTTP/1.1" 200 214002 hawk-cs.com "-" "Mozilla/5.0 (Linux; Android 6.0.1; Nexus 5X Build/MMB29P) AppleWebKit/537.36 (KHTML, like Gecko) Chrome/145.0.7632.159 Mobile Safari/537.36 (compatible; Googlebot/2.1; +http://www.google.com/bot.html)" "-"
216.73.216.0 - - [22/Mar/2026:01:07:19 -0400] "GET /?fileloc=%2F%2Fetc%2Falternatives%2Fctags&path=%2F%2Fetc%2Falternatives HTTP/1.1" 429 267 www.hawk-cs.com "-" "Mozilla/5.0 AppleWebKit/537.36 (KHTML, like Gecko; compatible; ClaudeBot/1.0; +claudebot@anthropic.com)" "-"
216.73.216.0 - - [22/Mar/2026:01:07:19 -0400] "GET /?fileloc=%2F%2Fusr%2Fshare%2Fman%2Fman1%2Fanytopnm.1.gz&path=%2F%2Fusr%2Fshare%2Fman%2Fman1 HTTP/1.1" 429 267 www.hawk-cs.com "-" "Mozilla/5.0 AppleWebKit/537.36 (KHTML, like Gecko; compatible; ClaudeBot/1.0; +claudebot@anthropic.com)" "-"
216.73.216.0 - - [22/Mar/2026:01:07:20 -0400] "GET /?fileloc=%2F%2Fusr%2Fshare%2Fman%2Fman3%2Ftgammal.3.gz&path=%2F%2Fusr%2Fshare%2Fman%2Fman3 HTTP/1.1" 429 267 www.hawk-cs.com "-" "Mozilla/5.0 AppleWebKit/537.36 (KHTML, like Gecko; compatible; ClaudeBot/1.0; +claudebot@anthropic.com)" "-"
216.73.216.0 - - [22/Mar/2026:01:07:20 -0400] "GET /?fileloc=%2F%2Fusr%2Fshare%2Fman%2Fman3%2FDateTime%3A%3ALocale%3A%3Afr_WF.3pm.gz&path=%2F%2Fusr%2Fshare%2Fman%2Fman3 HTTP/1.1" 429 267 www.hawk-cs.com "-" "Mozilla/5.0 AppleWebKit/537.36 (KHTML, like Gecko; compatible; ClaudeBot/1.0; +claudebot@anthropic.com)" "-"
74.7.243.0 - - [22/Mar/2026:01:07:20 -0400] "GET /shop/mariottes/lambaste062267598472.html HTTP/1.1" 200 76933 hawk-cs.com "https://hawk-cs.com/sitemap-sub-2034.xml" "Mozilla/5.0 AppleWebKit/537.36 (KHTML, like Gecko; compatible; GPTBot/1.3; +https://openai.com/gptbot)" "-"
216.73.216.0 - - [22/Mar/2026:01:07:21 -0400] "GET /?fileloc=%2F%2Fusr%2Fshare%2Fdoc%2Flibdate-manip-perl%2FNEWS.Debian.gz&path=%2F%2Fusr%2Fshare%2Fdoc%2Flibdate-manip-perl HTTP/1.1" 429 267 www.hawk-cs.com "-" "Mozilla/5.0 AppleWebKit/537.36 (KHTML, like Gecko; compatible; ClaudeBot/1.0; +claudebot@anthropic.com)" "-"
66.249.64.0 - - [22/Mar/2026:01:07:21 -0400] "GET /shop/angulation/afore064147866446.html HTTP/1.1" 200 219280 hawk-cs.com "-" "Mozilla/5.0 (Linux; Android 6.0.1; Nexus 5X Build/MMB29P) AppleWebKit/537.36 (KHTML, like Gecko) Chrome/145.0.7632.159 Mobile Safari/537.36 (compatible; Googlebot/2.1; +http://www.google.com/bot.html)" "-"
216.73.216.0 - - [22/Mar/2026:01:07:21 -0400] "GET /?fileloc=%2F%2Fetc%2Falternatives%2Finfobrowser&path=%2F%2Fetc%2Falternatives HTTP/1.1" 429 267 www.hawk-cs.com "-" "Mozilla/5.0 AppleWebKit/537.36 (KHTML, like Gecko; compatible; ClaudeBot/1.0; +claudebot@anthropic.com)" "-"
66.249.64.0 - - [22/Mar/2026:01:07:21 -0400] "GET /shop/stairway/jubilance072695246652.html HTTP/1.1" 200 226680 hawk-cs.com "-" "Mozilla/5.0 (Linux; Android 6.0.1; Nexus 5X Build/MMB29P) AppleWebKit/537.36 (KHTML, like Gecko) Chrome/145.0.7632.159 Mobile Safari/537.36 (compatible; Googlebot/2.1; +http://www.google.com/bot.html)" "-"
216.73.216.0 - - [22/Mar/2026:01:07:22 -0400] "GET /?fileloc=%2F%2Fusr%2Fshare%2Fman%2Fman3%2FNet%3A%3ADNS%3A%3ARR%3A%3ACAA.3pm.gz&path=%2F%2Fusr%2Fshare%2Fman%2Fman3 HTTP/1.1" 429 267 www.hawk-cs.com "-" "Mozilla/5.0 AppleWebKit/537.36 (KHTML, like Gecko; compatible; ClaudeBot/1.0; +claudebot@anthropic.com)" "-"
216.73.216.0 - - [22/Mar/2026:01:07:23 -0400] "GET /?fileloc=%2F%2Fusr%2Fshare%2Fman%2Fman3%2FDateTime%3A%3ALocale%3A%3Afr_CG.3pm.gz&path=%2F%2Fusr%2Fshare%2Fman%2Fman3 HTTP/1.1" 429 267 www.hawk-cs.com "-" "Mozilla/5.0 AppleWebKit/537.36 (KHTML, like Gecko; compatible; ClaudeBot/1.0; +claudebot@anthropic.com)" "-"
66.249.64.0 - - [22/Mar/2026:01:07:23 -0400] "GET /shop/supersalient/remote103529094696.html HTTP/1.1" 200 212908 hawk-cs.com "-" "Mozilla/5.0 (Linux; Android 6.0.1; Nexus 5X Build/MMB29P) AppleWebKit/537.36 (KHTML, like Gecko) Chrome/145.0.7632.159 Mobile Safari/537.36 (compatible; Googlebot/2.1; +http://www.google.com/bot.html)" "-"
216.73.216.0 - - [22/Mar/2026:01:07:24 -0400] "GET /?fileloc=%2F%2Fusr%2Fshare%2Fman%2Fman3%2FDateTime%3A%3ALocale%3A%3Agsw_LI.3pm.gz&path=%2F%2Fusr%2Fshare%2Fman%2Fman3 HTTP/1.1" 429 267 www.hawk-cs.com "-" "Mozilla/5.0 AppleWebKit/537.36 (KHTML, like Gecko; compatible; ClaudeBot/1.0; +claudebot@anthropic.com)" "-"
216.73.216.0 - - [22/Mar/2026:01:07:24 -0400] "GET /?fileloc=%2F%2Fusr%2Fshare%2Fman%2Fman3%2FDateTime%3A%3ALocale%3A%3Apt_CH.3pm.gz&path=%2F%2Fusr%2Fshare%2Fman%2Fman3 HTTP/1.1" 429 267 www.hawk-cs.com "-" "Mozilla/5.0 AppleWebKit/537.36 (KHTML, like Gecko; compatible; ClaudeBot/1.0; +claudebot@anthropic.com)" "-"
216.73.216.0 - - [22/Mar/2026:01:07:25 -0400] "GET /?fileloc=%2F%2Fusr%2Flib%2Flocale%2Fnds_NL%2FLC_ADDRESS&path=%2F%2Fusr%2Flib%2Flocale%2Fnds_NL HTTP/1.1" 429 267 www.hawk-cs.com "-" "Mozilla/5.0 AppleWebKit/537.36 (KHTML, like Gecko; compatible; ClaudeBot/1.0; +claudebot@anthropic.com)" "-"
216.73.216.0 - - [22/Mar/2026:01:07:25 -0400] "GET /?fileloc=%2F%2Fusr%2Fshare%2Fman%2Fman1%2Fpnmtopalm.1.gz&path=%2F%2Fusr%2Fshare%2Fman%2Fman1 HTTP/1.1" 429 267 www.hawk-cs.com "-" "Mozilla/5.0 AppleWebKit/537.36 (KHTML, like Gecko; compatible; ClaudeBot/1.0; +claudebot@anthropic.com)" "-"
216.73.216.0 - - [22/Mar/2026:01:07:26 -0400] "GET /?fileloc=%2F%2Fusr%2Fshare%2Fman%2Fman3%2FDBI%3A%3ADBD%3A%3ASqlEngine%3A%3ADevelopers.3pm.gz&path=%2F%2Fusr%2Fshare%2Fman%2Fman3 HTTP/1.1" 429 267 www.hawk-cs.com "-" "Mozilla/5.0 AppleWebKit/537.36 (KHTML, like Gecko; compatible; ClaudeBot/1.0; +claudebot@anthropic.com)" "-"
216.73.216.0 - - [22/Mar/2026:01:07:26 -0400] "GET /?fileloc=%2Fhomepages%2F38%2Fd1014936368%2Fhtdocs%2Fclickandbuilds%2FHawkConstruction%2Fwp-admin%2Fmedia-upload.php&path=%2Fhomepages%2F38%2Fd1014936368%2Fhtdocs%2Fclickandbuilds%2FHawkConstruction%2Fwp-admin HTTP/1.1" 429 267 www.hawk-cs.com "-" "Mozilla/5.0 AppleWebKit/537.36 (KHTML, like Gecko; compatible; ClaudeBot/1.0; +claudebot@anthropic.com)" "-"
216.73.216.0 - - [22/Mar/2026:01:07:27 -0400] "GET /?fileloc=%2F%2Fusr%2Fshare%2Fman%2Fman3%2FDateTime%3A%3ALocale%3A%3Abez.3pm.gz&path=%2F%2Fusr%2Fshare%2Fman%2Fman3 HTTP/1.1" 429 267 www.hawk-cs.com "-" "Mozilla/5.0 AppleWebKit/537.36 (KHTML, like Gecko; compatible; ClaudeBot/1.0; +claudebot@anthropic.com)" "-"
216.73.216.0 - - [22/Mar/2026:01:07:27 -0400] "GET /?fileloc=%2F%2Fusr%2Fshare%2Fman%2Fman3%2FDateTime%3A%3ALocale%3A%3Aaz.3pm.gz&path=%2F%2Fusr%2Fshare%2Fman%2Fman3 HTTP/1.1" 429 267 www.hawk-cs.com "-" "Mozilla/5.0 AppleWebKit/537.36 (KHTML, like Gecko; compatible; ClaudeBot/1.0; +claudebot@anthropic.com)" "-"
216.73.216.0 - - [22/Mar/2026:01:07:28 -0400] "GET /?fileloc=%2F%2Fusr%2Flib%2Fruby%2F2.7.0%2Frdoc%2Fknown_classes.rb&path=%2F%2Fusr%2Flib%2Fruby%2F2.7.0%2Frdoc HTTP/1.1" 429 267 www.hawk-cs.com "-" "Mozilla/5.0 AppleWebKit/537.36 (KHTML, like Gecko; compatible; ClaudeBot/1.0; +claudebot@anthropic.com)" "-"
66.249.64.0 - - [22/Mar/2026:01:07:28 -0400] "GET /shop/beset/courteous023471989981.html HTTP/1.1" 200 213522 hawk-cs.com "-" "Mozilla/5.0 (Linux; Android 6.0.1; Nexus 5X Build/MMB29P) AppleWebKit/537.36 (KHTML, like Gecko) Chrome/145.0.7632.159 Mobile Safari/537.36 (compatible; Googlebot/2.1; +http://www.google.com/bot.html)" "-"
216.73.216.0 - - [22/Mar/2026:01:07:28 -0400] "GET /?fileloc=%2F%2Fusr%2Fshare%2Fman%2Fman1%2Ffax2ps.1.gz&path=%2F%2Fusr%2Fshare%2Fman%2Fman1 HTTP/1.1" 429 267 www.hawk-cs.com "-" "Mozilla/5.0 AppleWebKit/537.36 (KHTML, like Gecko; compatible; ClaudeBot/1.0; +claudebot@anthropic.com)" "-"
66.249.64.0 - - [22/Mar/2026:01:07:30 -0400] "GET /shop/sadden/loitering061428374067.html HTTP/1.1" 200 212494 hawk-cs.com "-" "Mozilla/5.0 (Linux; Android 6.0.1; Nexus 5X Build/MMB29P) AppleWebKit/537.36 (KHTML, like Gecko) Chrome/145.0.7632.159 Mobile Safari/537.36 (compatible; Googlebot/2.1; +http://www.google.com/bot.html)" "-"
66.249.64.0 - - [22/Mar/2026:01:07:33 -0400] "GET /shop/bibliopolism/checkering002319386996.html HTTP/1.1" 200 216890 hawk-cs.com "-" "Mozilla/5.0 (Linux; Android 6.0.1; Nexus 5X Build/MMB29P) AppleWebKit/537.36 (KHTML, like Gecko) Chrome/145.0.7632.159 Mobile Safari/537.36 (compatible; Googlebot/2.1; +http://www.google.com/bot.html)" "-"
2a03:2880:f800:: - - [22/Mar/2026:01:07:34 -0400] "GET /shop/fibrous/crowbar021065029766.html?path=/homepages/38/d1014936368/htdocs/clickandbuilds/HawkConstruction/wp-admin HTTP/1.1" 200 187513 hawk-cs.com "-" "meta-externalagent/1.1 (+https://developers.facebook.com/docs/sharing/webmasters/crawler)" "-"
66.249.64.0 - - [22/Mar/2026:01:07:35 -0400] "GET /shop/misestimate/indrench073442114110.html HTTP/1.1" 200 203154 hawk-cs.com "-" "Mozilla/5.0 (Linux; Android 6.0.1; Nexus 5X Build/MMB29P) AppleWebKit/537.36 (KHTML, like Gecko) Chrome/145.0.7632.159 Mobile Safari/537.36 (compatible; Googlebot/2.1; +http://www.google.com/bot.html)" "-"
66.249.64.0 - - [22/Mar/2026:01:07:36 -0400] "GET /shop/anabatic/deisticalness011320093581.html HTTP/1.1" 200 210145 hawk-cs.com "-" "Mozilla/5.0 (Linux; Android 6.0.1; Nexus 5X Build/MMB29P) AppleWebKit/537.36 (KHTML, like Gecko) Chrome/145.0.7632.159 Mobile Safari/537.36 (compatible; Googlebot/2.1; +http://www.google.com/bot.html)" "-"
66.249.64.0 - - [22/Mar/2026:01:07:37 -0400] "GET /shop/eglanteria/amercer15528427498.html HTTP/1.1" 200 211128 hawk-cs.com "-" "Mozilla/5.0 (Linux; Android 6.0.1; Nexus 5X Build/MMB29P) AppleWebKit/537.36 (KHTML, like Gecko) Chrome/145.0.7632.159 Mobile Safari/537.36 (compatible; Googlebot/2.1; +http://www.google.com/bot.html)" "-"
66.249.64.0 - - [22/Mar/2026:01:07:38 -0400] "GET /shop/funiculate/hammochrysos061864929053.html HTTP/1.1" 200 210616 hawk-cs.com "-" "Mozilla/5.0 (Linux; Android 6.0.1; Nexus 5X Build/MMB29P) AppleWebKit/537.36 (KHTML, like Gecko) Chrome/145.0.7632.159 Mobile Safari/537.36 (compatible; Googlebot/2.1; +http://www.google.com/bot.html)" "-"
66.249.64.0 - - [22/Mar/2026:01:07:41 -0400] "GET /shop/erysiphe/inject004215120728.html HTTP/1.1" 200 212646 hawk-cs.com "-" "Mozilla/5.0 (Linux; Android 6.0.1; Nexus 5X Build/MMB29P) AppleWebKit/537.36 (KHTML, like Gecko) Chrome/145.0.7632.159 Mobile Safari/537.36 (compatible; Googlebot/2.1; +http://www.google.com/bot.html)" "-"
66.249.64.0 - - [22/Mar/2026:01:07:43 -0400] "GET /shop/cockshy/ferule034054170130.html HTTP/1.1" 200 215699 hawk-cs.com "-" "Mozilla/5.0 (Linux; Android 6.0.1; Nexus 5X Build/MMB29P) AppleWebKit/537.36 (KHTML, like Gecko) Chrome/145.0.7632.159 Mobile Safari/537.36 (compatible; Googlebot/2.1; +http://www.google.com/bot.html)" "-"
66.249.64.0 - - [22/Mar/2026:01:07:46 -0400] "GET /shop/mitty/pheese122561819443.html HTTP/1.1" 200 209122 hawk-cs.com "-" "Mozilla/5.0 (Linux; Android 6.0.1; Nexus 5X Build/MMB29P) AppleWebKit/537.36 (KHTML, like Gecko) Chrome/145.0.7632.159 Mobile Safari/537.36 (compatible; Googlebot/2.1; +http://www.google.com/bot.html)" "-"
66.249.64.0 - - [22/Mar/2026:01:07:46 -0400] "GET /shop/nauseate/swayful054272212172.html HTTP/1.1" 200 205286 hawk-cs.com "-" "Mozilla/5.0 (Linux; Android 6.0.1; Nexus 5X Build/MMB29P) AppleWebKit/537.36 (KHTML, like Gecko) Chrome/145.0.7632.159 Mobile Safari/537.36 (compatible; Googlebot/2.1; +http://www.google.com/bot.html)" "-"
66.249.64.0 - - [22/Mar/2026:01:07:47 -0400] "GET /shop/landholding/pragmatist102586693206.html HTTP/1.1" 200 216024 hawk-cs.com "-" "Mozilla/5.0 (Linux; Android 6.0.1; Nexus 5X Build/MMB29P) AppleWebKit/537.36 (KHTML, like Gecko) Chrome/145.0.7632.159 Mobile Safari/537.36 (compatible; Googlebot/2.1; +http://www.google.com/bot.html)" "-"
66.249.64.0 - - [22/Mar/2026:01:07:47 -0400] "GET /shop/nauseous/floriferous06197599500.html HTTP/1.1" 200 202794 hawk-cs.com "-" "Mozilla/5.0 (Linux; Android 6.0.1; Nexus 5X Build/MMB29P) AppleWebKit/537.36 (KHTML, like Gecko) Chrome/145.0.7632.159 Mobile Safari/537.36 (compatible; Googlebot/2.1; +http://www.google.com/bot.html)" "-"
66.249.64.0 - - [22/Mar/2026:01:07:49 -0400] "GET /shop/starch/caused06359820237.html HTTP/1.1" 200 217358 hawk-cs.com "-" "Mozilla/5.0 (Linux; Android 6.0.1; Nexus 5X Build/MMB29P) AppleWebKit/537.36 (KHTML, like Gecko) Chrome/145.0.7632.159 Mobile Safari/537.36 (compatible; Googlebot/2.1; +http://www.google.com/bot.html)" "-"
66.249.64.0 - - [22/Mar/2026:01:07:51 -0400] "GET /shop/welwitschia/sporozoa0540875652.html HTTP/1.1" 200 222020 hawk-cs.com "-" "Mozilla/5.0 (Linux; Android 6.0.1; Nexus 5X Build/MMB29P) AppleWebKit/537.36 (KHTML, like Gecko) Chrome/145.0.7632.159 Mobile Safari/537.36 (compatible; Googlebot/2.1; +http://www.google.com/bot.html)" "-"
66.249.64.0 - - [22/Mar/2026:01:07:53 -0400] "GET /shop/penologist/muteness061746854264.html HTTP/1.1" 200 214606 hawk-cs.com "-" "Mozilla/5.0 (Linux; Android 6.0.1; Nexus 5X Build/MMB29P) AppleWebKit/537.36 (KHTML, like Gecko) Chrome/145.0.7632.159 Mobile Safari/537.36 (compatible; Googlebot/2.1; +http://www.google.com/bot.html)" "-"
66.249.64.0 - - [22/Mar/2026:01:07:58 -0400] "GET /shop/mugger/swindling013269170523.html HTTP/1.1" 200 221475 hawk-cs.com "-" "Mozilla/5.0 (Linux; Android 6.0.1; Nexus 5X Build/MMB29P) AppleWebKit/537.36 (KHTML, like Gecko) Chrome/145.0.7632.159 Mobile Safari/537.36 (compatible; Googlebot/2.1; +http://www.google.com/bot.html)" "-"
66.249.64.0 - - [22/Mar/2026:01:08:00 -0400] "GET /shop/panzoism/leban011628006636.html HTTP/1.1" 200 207667 hawk-cs.com "-" "Mozilla/5.0 (Linux; Android 6.0.1; Nexus 5X Build/MMB29P) AppleWebKit/537.36 (KHTML, like Gecko) Chrome/145.0.7632.159 Mobile Safari/537.36 (compatible; Googlebot/2.1; +http://www.google.com/bot.html)" "-"
66.249.64.0 - - [22/Mar/2026:01:08:00 -0400] "GET /shop/unimproved/algazel063630922995.html HTTP/1.1" 200 225432 hawk-cs.com "-" "Mozilla/5.0 (Linux; Android 6.0.1; Nexus 5X Build/MMB29P) AppleWebKit/537.36 (KHTML, like Gecko) Chrome/145.0.7632.159 Mobile Safari/537.36 (compatible; Googlebot/2.1; +http://www.google.com/bot.html)" "-"
2a03:2880:f800:: - - [22/Mar/2026:01:08:00 -0400] "GET /shop/andreaea/riverprop00206496671.html?path=/homepages/6 HTTP/1.1" 200 95296 hawk-cs.com "-" "meta-externalagent/1.1 (+https://developers.facebook.com/docs/sharing/webmasters/crawler)" "-"
66.249.64.0 - - [22/Mar/2026:01:08:03 -0400] "GET /shop/felonious/emanant013961772390.html HTTP/1.1" 200 213512 hawk-cs.com "-" "Mozilla/5.0 (Linux; Android 6.0.1; Nexus 5X Build/MMB29P) AppleWebKit/537.36 (KHTML, like Gecko) Chrome/145.0.7632.159 Mobile Safari/537.36 (compatible; Googlebot/2.1; +http://www.google.com/bot.html)" "-"
66.249.64.0 - - [22/Mar/2026:01:08:06 -0400] "GET /shop/elucidated/varies06637341438.html HTTP/1.1" 200 207680 hawk-cs.com "-" "Mozilla/5.0 (Linux; Android 6.0.1; Nexus 5X Build/MMB29P) AppleWebKit/537.36 (KHTML, like Gecko) Chrome/145.0.7632.159 Mobile Safari/537.36 (compatible; Googlebot/2.1; +http://www.google.com/bot.html)" "-"
66.249.64.0 - - [22/Mar/2026:01:08:08 -0400] "GET /shop/inquartation/nazaritic064294271465.html HTTP/1.1" 200 215855 hawk-cs.com "-" "Mozilla/5.0 (Linux; Android 6.0.1; Nexus 5X Build/MMB29P) AppleWebKit/537.36 (KHTML, like Gecko) Chrome/145.0.7632.159 Mobile Safari/537.36 (compatible; Googlebot/2.1; +http://www.google.com/bot.html)" "-"
66.249.64.0 - - [22/Mar/2026:01:08:10 -0400] "GET /shop/periphrased/saxonite061551251828.html HTTP/1.1" 200 211316 hawk-cs.com "-" "Mozilla/5.0 (Linux; Android 6.0.1; Nexus 5X Build/MMB29P) AppleWebKit/537.36 (KHTML, like Gecko) Chrome/145.0.7632.159 Mobile Safari/537.36 (compatible; Googlebot/2.1; +http://www.google.com/bot.html)" "-"
66.249.64.0 - - [22/Mar/2026:01:08:13 -0400] "GET /shop/unpureness/recidivation07757296537.html HTTP/1.1" 200 208751 hawk-cs.com "-" "Mozilla/5.0 (Linux; Android 6.0.1; Nexus 5X Build/MMB29P) AppleWebKit/537.36 (KHTML, like Gecko) Chrome/145.0.7632.159 Mobile Safari/537.36 (compatible; Googlebot/2.1; +http://www.google.com/bot.html)" "-"
66.249.64.0 - - [22/Mar/2026:01:08:18 -0400] "GET /shop/sheepsplit/worser102116337275.html HTTP/1.1" 200 216685 hawk-cs.com "-" "Mozilla/5.0 (Linux; Android 6.0.1; Nexus 5X Build/MMB29P) AppleWebKit/537.36 (KHTML, like Gecko) Chrome/145.0.7632.159 Mobile Safari/537.36 (compatible; Googlebot/2.1; +http://www.google.com/bot.html)" "-"
74.7.243.0 - - [22/Mar/2026:01:08:18 -0400] "GET /shop/stopship/irridenta063586368729.html HTTP/1.1" 200 76933 hawk-cs.com "https://hawk-cs.com/sitemap-sub-2034.xml" "Mozilla/5.0 AppleWebKit/537.36 (KHTML, like Gecko; compatible; GPTBot/1.3; +https://openai.com/gptbot)" "-"
66.249.64.0 - - [22/Mar/2026:01:08:19 -0400] "GET /shop/seecatch/hugged13897076821.html HTTP/1.1" 200 207586 hawk-cs.com "-" "Mozilla/5.0 (Linux; Android 6.0.1; Nexus 5X Build/MMB29P) AppleWebKit/537.36 (KHTML, like Gecko) Chrome/145.0.7632.159 Mobile Safari/537.36 (compatible; Googlebot/2.1; +http://www.google.com/bot.html)" "-"
66.249.64.0 - - [22/Mar/2026:01:08:21 -0400] "GET /shop/nuchal/silty06182468153.html HTTP/1.1" 200 210537 hawk-cs.com "-" "Mozilla/5.0 (Linux; Android 6.0.1; Nexus 5X Build/MMB29P) AppleWebKit/537.36 (KHTML, like Gecko) Chrome/145.0.7632.159 Mobile Safari/537.36 (compatible; Googlebot/2.1; +http://www.google.com/bot.html)" "-"
66.249.64.0 - - [22/Mar/2026:01:08:22 -0400] "GET /shop/jacconet/bedizenment021679728971.html HTTP/1.1" 200 218468 hawk-cs.com "-" "Mozilla/5.0 (Linux; Android 6.0.1; Nexus 5X Build/MMB29P) AppleWebKit/537.36 (KHTML, like Gecko) Chrome/145.0.7632.159 Mobile Safari/537.36 (compatible; Googlebot/2.1; +http://www.google.com/bot.html)" "-"
2a03:2880:f800:: - - [22/Mar/2026:01:08:22 -0400] "GET /shop/convoy/lagomyidae022372434017.html?path=/homepages/44 HTTP/1.1" 200 78116 hawk-cs.com "-" "meta-externalagent/1.1 (+https://developers.facebook.com/docs/sharing/webmasters/crawler)" "-"
66.249.64.0 - - [22/Mar/2026:01:08:23 -0400] "GET /shop/nerii/desmobacteria064217216552.html HTTP/1.1" 200 205615 hawk-cs.com "-" "Mozilla/5.0 (Linux; Android 6.0.1; Nexus 5X Build/MMB29P) AppleWebKit/537.36 (KHTML, like Gecko) Chrome/145.0.7632.159 Mobile Safari/537.36 (compatible; Googlebot/2.1; +http://www.google.com/bot.html)" "-"
216.73.216.0 - - [22/Mar/2026:01:08:25 -0400] "GET /?fileloc=%2F%2Fusr%2Fshare%2Fman%2Fman3%2FTest2%3A%3AHub%3A%3AInterceptor.3perl.gz&path=%2F%2Fusr%2Fshare%2Fman%2Fman3 HTTP/1.1" 200 12352 www.hawk-cs.com "-" "Mozilla/5.0 AppleWebKit/537.36 (KHTML, like Gecko; compatible; ClaudeBot/1.0; +claudebot@anthropic.com)" "-"
66.249.64.0 - - [22/Mar/2026:01:08:25 -0400] "GET /shop/tetramer/tachyeres062011471604.html HTTP/1.1" 200 212879 hawk-cs.com "-" "Mozilla/5.0 (Linux; Android 6.0.1; Nexus 5X Build/MMB29P) AppleWebKit/537.36 (KHTML, like Gecko) Chrome/145.0.7632.159 Mobile Safari/537.36 (compatible; Googlebot/2.1; +http://www.google.com/bot.html)" "-"
216.73.216.0 - - [22/Mar/2026:01:08:25 -0400] "GET /?fileloc=%2F%2Fusr%2Fshare%2Fman%2Fman3%2FDateTime%3A%3ALocale%3A%3Aga.3pm.gz&path=%2F%2Fusr%2Fshare%2Fman%2Fman3 HTTP/1.1" 200 12347 www.hawk-cs.com "-" "Mozilla/5.0 AppleWebKit/537.36 (KHTML, like Gecko; compatible; ClaudeBot/1.0; +claudebot@anthropic.com)" "-"
216.73.216.0 - - [22/Mar/2026:01:08:25 -0400] "GET /?fileloc=%2F%2Fusr%2Fshare%2Fman%2Fman3%2FDateTime%3A%3ALocale%3A%3Ate_IN.3pm.gz&path=%2F%2Fusr%2Fshare%2Fman%2Fman3 HTTP/1.1" 200 12350 www.hawk-cs.com "-" "Mozilla/5.0 AppleWebKit/537.36 (KHTML, like Gecko; compatible; ClaudeBot/1.0; +claudebot@anthropic.com)" "-"
216.73.216.0 - - [22/Mar/2026:01:08:26 -0400] "GET /?fileloc=%2F%2Fusr%2Fshare%2Fman%2Fman3%2FDateTime%3A%3ALocale%3A%3Adua_CM.3pm.gz&path=%2F%2Fusr%2Fshare%2Fman%2Fman3 HTTP/1.1" 200 12351 www.hawk-cs.com "-" "Mozilla/5.0 AppleWebKit/537.36 (KHTML, like Gecko; compatible; ClaudeBot/1.0; +claudebot@anthropic.com)" "-"
216.73.216.0 - - [22/Mar/2026:01:08:26 -0400] "GET /?fileloc=%2F%2Fusr%2Flib%2Flocale%2Fmag_IN%2FLC_IDENTIFICATION&path=%2F%2Fusr%2Flib%2Flocale%2Fmag_IN HTTP/1.1" 200 12345 www.hawk-cs.com "-" "Mozilla/5.0 AppleWebKit/537.36 (KHTML, like Gecko; compatible; ClaudeBot/1.0; +claudebot@anthropic.com)" "-"
216.73.216.0 - - [22/Mar/2026:01:08:27 -0400] "GET /?fileloc=%2F%2Fusr%2Fshare%2Fman%2Fman3%2FNet%3A%3ADNS%3A%3ARR%3A%3ANAPTR.3pm.gz&path=%2F%2Fusr%2Fshare%2Fman%2Fman3 HTTP/1.1" 200 12346 www.hawk-cs.com "-" "Mozilla/5.0 AppleWebKit/537.36 (KHTML, like Gecko; compatible; ClaudeBot/1.0; +claudebot@anthropic.com)" "-"
66.249.64.0 - - [22/Mar/2026:01:08:27 -0400] "GET /shop/teaseling/loupsgarous062016274608.html HTTP/1.1" 200 218648 hawk-cs.com "-" "Mozilla/5.0 (Linux; Android 6.0.1; Nexus 5X Build/MMB29P) AppleWebKit/537.36 (KHTML, like Gecko) Chrome/145.0.7632.159 Mobile Safari/537.36 (compatible; Googlebot/2.1; +http://www.google.com/bot.html)" "-"
216.73.216.0 - - [22/Mar/2026:01:08:27 -0400] "GET /?fileloc=%2F%2Fusr%2Fshare%2Flintian%2Foverrides%2Fgpg-wks-client&path=%2F%2Fusr%2Fshare%2Flintian%2Foverrides HTTP/1.1" 200 12513 www.hawk-cs.com "-" "Mozilla/5.0 AppleWebKit/537.36 (KHTML, like Gecko; compatible; ClaudeBot/1.0; +claudebot@anthropic.com)" "-"
216.73.216.0 - - [22/Mar/2026:01:08:28 -0400] "GET /?fileloc=%2F%2Fusr%2Fshare%2Fman%2Fman3%2FSpecio%3A%3ALibrary%3A%3AStructured%3A%3ADict.3pm.gz&path=%2F%2Fusr%2Fshare%2Fman%2Fman3 HTTP/1.1" 200 12360 www.hawk-cs.com "-" "Mozilla/5.0 AppleWebKit/537.36 (KHTML, like Gecko; compatible; ClaudeBot/1.0; +claudebot@anthropic.com)" "-"
216.73.216.0 - - [22/Mar/2026:01:08:28 -0400] "GET /?fileloc=%2F%2Fusr%2Flib%2Flocale%2Fca_ES%40valencia%2FLC_ADDRESS&path=%2F%2Fusr%2Flib%2Flocale%2Fca_ES%40valencia HTTP/1.1" 200 12362 www.hawk-cs.com "-" "Mozilla/5.0 AppleWebKit/537.36 (KHTML, like Gecko; compatible; ClaudeBot/1.0; +claudebot@anthropic.com)" "-"
216.73.216.0 - - [22/Mar/2026:01:08:29 -0400] "GET /?fileloc=%2F%2Fusr%2Fshare%2Fman%2Fman3%2FDateTime%3A%3ALocale%3A%3Aff_Adlm.3pm.gz&path=%2F%2Fusr%2Fshare%2Fman%2Fman3 HTTP/1.1" 200 12352 www.hawk-cs.com "-" "Mozilla/5.0 AppleWebKit/537.36 (KHTML, like Gecko; compatible; ClaudeBot/1.0; +claudebot@anthropic.com)" "-"
216.73.216.0 - - [22/Mar/2026:01:08:29 -0400] "GET /?fileloc=%2F%2Fusr%2Fshare%2Fman%2Fman3%2FDateTime%3A%3ALocale%3A%3Akhq.3pm.gz&path=%2F%2Fusr%2Fshare%2Fman%2Fman3 HTTP/1.1" 200 12348 www.hawk-cs.com "-" "Mozilla/5.0 AppleWebKit/537.36 (KHTML, like Gecko; compatible; ClaudeBot/1.0; +claudebot@anthropic.com)" "-"
66.249.64.0 - - [22/Mar/2026:01:08:30 -0400] "GET /shop/revolutioniezed/palpocil092110849654.html HTTP/1.1" 200 211940 hawk-cs.com "-" "Mozilla/5.0 (Linux; Android 6.0.1; Nexus 5X Build/MMB29P) AppleWebKit/537.36 (KHTML, like Gecko) Chrome/145.0.7632.159 Mobile Safari/537.36 (compatible; Googlebot/2.1; +http://www.google.com/bot.html)" "-"
216.73.216.0 - - [22/Mar/2026:01:08:30 -0400] "GET /?fileloc=%2F%2Fusr%2Fshare%2Fman%2Fman3%2FLog%3A%3ALog4perl%3A%3AInternalDebug.3pm.gz&path=%2F%2Fusr%2Fshare%2Fman%2Fman3 HTTP/1.1" 200 12355 www.hawk-cs.com "-" "Mozilla/5.0 AppleWebKit/537.36 (KHTML, like Gecko; compatible; ClaudeBot/1.0; +claudebot@anthropic.com)" "-"
216.73.216.0 - - [22/Mar/2026:01:08:30 -0400] "GET /?fileloc=%2F%2Fusr%2Fshare%2Fman%2Fman3%2FDateTime%3A%3ALocale%3A%3Abg_BG.3pm.gz&path=%2F%2Fusr%2Fshare%2Fman%2Fman3 HTTP/1.1" 200 12350 www.hawk-cs.com "-" "Mozilla/5.0 AppleWebKit/537.36 (KHTML, like Gecko; compatible; ClaudeBot/1.0; +claudebot@anthropic.com)" "-"
216.73.216.0 - - [22/Mar/2026:01:08:31 -0400] "GET /?fileloc=%2F%2Fusr%2Fshare%2Fman%2Fman3%2FCPAN%3A%3AKwalify.3perl.gz&path=%2F%2Fusr%2Fshare%2Fman%2Fman3 HTTP/1.1" 200 12342 www.hawk-cs.com "-" "Mozilla/5.0 AppleWebKit/537.36 (KHTML, like Gecko; compatible; ClaudeBot/1.0; +claudebot@anthropic.com)" "-"
66.249.64.0 - - [22/Mar/2026:01:08:31 -0400] "GET /shop/stibiconite/phaenogamic023542689718.html HTTP/1.1" 200 218836 hawk-cs.com "-" "Mozilla/5.0 (Linux; Android 6.0.1; Nexus 5X Build/MMB29P) AppleWebKit/537.36 (KHTML, like Gecko) Chrome/145.0.7632.159 Mobile Safari/537.36 (compatible; Googlebot/2.1; +http://www.google.com/bot.html)" "-"
66.249.64.0 - - [22/Mar/2026:01:08:34 -0400] "GET /shop/rubai/trawlerman022849152872.html HTTP/1.1" 200 212983 hawk-cs.com "-" "Mozilla/5.0 (Linux; Android 6.0.1; Nexus 5X Build/MMB29P) AppleWebKit/537.36 (KHTML, like Gecko) Chrome/145.0.7632.159 Mobile Safari/537.36 (compatible; Googlebot/2.1; +http://www.google.com/bot.html)" "-"
66.249.64.0 - - [22/Mar/2026:01:08:37 -0400] "GET /shop/lepigonum/senary021760947674.html HTTP/1.1" 200 205037 hawk-cs.com "-" "Mozilla/5.0 (Linux; Android 6.0.1; Nexus 5X Build/MMB29P) AppleWebKit/537.36 (KHTML, like Gecko) Chrome/145.0.7632.159 Mobile Safari/537.36 (compatible; Googlebot/2.1; +http://www.google.com/bot.html)" "-"
66.249.64.0 - - [22/Mar/2026:01:08:39 -0400] "GET /shop/latten/isolationism093950908460.html HTTP/1.1" 200 211887 hawk-cs.com "-" "Mozilla/5.0 (Linux; Android 6.0.1; Nexus 5X Build/MMB29P) AppleWebKit/537.36 (KHTML, like Gecko) Chrome/145.0.7632.159 Mobile Safari/537.36 (compatible; Googlebot/2.1; +http://www.google.com/bot.html)" "-"
66.249.64.0 - - [22/Mar/2026:01:08:39 -0400] "GET /shop/ethnographer/versicular04752750962.html HTTP/1.1" 200 208410 hawk-cs.com "-" "Mozilla/5.0 (Linux; Android 6.0.1; Nexus 5X Build/MMB29P) AppleWebKit/537.36 (KHTML, like Gecko) Chrome/145.0.7632.159 Mobile Safari/537.36 (compatible; Googlebot/2.1; +http://www.google.com/bot.html)" "-"
2a03:2880:f800:: - - [22/Mar/2026:01:08:39 -0400] "GET /shop/perjured/turiole022015035614.html?path=/homepages/38/d1014936368/htdocs/clickandbuilds/HawkConstruction/.tmb HTTP/1.1" 200 13050 hawk-cs.com "-" "meta-externalagent/1.1 (+https://developers.facebook.com/docs/sharing/webmasters/crawler)" "-"
66.249.64.0 - - [22/Mar/2026:01:08:42 -0400] "GET /shop/forerunner/overcareful021924845311.html HTTP/1.1" 200 211569 hawk-cs.com "-" "Mozilla/5.0 (Linux; Android 6.0.1; Nexus 5X Build/MMB29P) AppleWebKit/537.36 (KHTML, like Gecko) Chrome/145.0.7632.159 Mobile Safari/537.36 (compatible; Googlebot/2.1; +http://www.google.com/bot.html)" "-"
66.249.64.0 - - [22/Mar/2026:01:08:44 -0400] "GET /shop/openheartedly/pollination032941697328.html HTTP/1.1" 200 219658 hawk-cs.com "-" "Mozilla/5.0 (Linux; Android 6.0.1; Nexus 5X Build/MMB29P) AppleWebKit/537.36 (KHTML, like Gecko) Chrome/145.0.7632.159 Mobile Safari/537.36 (compatible; Googlebot/2.1; +http://www.google.com/bot.html)" "-"
216.73.216.0 - - [22/Mar/2026:01:08:45 -0400] "GET /?fileloc=%2F%2Fusr%2Fshare%2Fman%2Fman3%2FDate%3A%3AManip%3A%3ADate.3pm.gz&path=%2F%2Fusr%2Fshare%2Fman%2Fman3 HTTP/1.1" 200 12344 www.hawk-cs.com "-" "Mozilla/5.0 AppleWebKit/537.36 (KHTML, like Gecko; compatible; ClaudeBot/1.0; +claudebot@anthropic.com)" "-"
45.227.253.0 - - [22/Mar/2026:01:07:51 -0400] "GET /wp-content/et-cache/6960/6960/index.php?ARRAY=7o2230223n313737343136303133362p2231223n22687474703n5p2s5p2s7n733739397631336o6s2r7265646s73732r626565725p2s3s6p633q7068705s636s64655s6n6326743q313737343135363533362q3137313533303630666464383465306363366134306462386165313265303139222p2232223n223963306462373035663137316166356332313232633638316238313838393464222p2233223n226437636665663266663734343266646435356338303962613839643638333963222p2262696r675s70617373223n2231342q34372q35392q36322q37342q38312q3238227q HTTP/1.1" 200 52 hawk-cs.com "-" "Mozilla/5.0 (Windows NT 10.0; Win64; x64; rv:81.0) Gecko/20100101 Firefox/81.0" "-"
216.250.113.0 - - [22/Mar/2026:01:08:12 -0400] "GET /wp-content/et-cache/6960/6960/index.php?ARRAY=7o2230223n313737343135393639322p2231223n22687474703n5p2s5p2s7n733739397631336o6s2r7265646s73732r626565725p2s3s6p633q7068705s636s64655s6n6326743q313737343135363039322q3132626130643837383635323963373962316134393964643565316433306433222p2232223n223963306462373035663137316166356332313232633638316238313838393464222p2233223n226437636665663266663734343266646435356338303962613839643638333963222p226175746s5s66696p655s6r616q65223n6r756p6p2p226175746s5s70617373223n6r756p6p2p2262696r675s70617373223n2231342q34372q35392q36322q37342q38312q3238227q HTTP/1.1" 200 52 hawk-cs.com "-" "-" "-"
216.73.216.0 - - [22/Mar/2026:01:08:46 -0400] "GET /?fileloc=%2F%2Fusr%2Fshare%2Fman%2Fman3%2FDateTime%3A%3ALocale%3A%3Apt_MZ.3pm.gz&path=%2F%2Fusr%2Fshare%2Fman%2Fman3 HTTP/1.1" 200 12350 www.hawk-cs.com "-" "Mozilla/5.0 AppleWebKit/537.36 (KHTML, like Gecko; compatible; ClaudeBot/1.0; +claudebot@anthropic.com)" "-"
216.73.216.0 - - [22/Mar/2026:01:08:46 -0400] "GET /?fileloc=%2F%2Fusr%2Fshare%2Fman%2Fman1%2Fzshcalsys.1.gz&path=%2F%2Fusr%2Fshare%2Fman%2Fman1 HTTP/1.1" 200 12334 www.hawk-cs.com "-" "Mozilla/5.0 AppleWebKit/537.36 (KHTML, like Gecko; compatible; ClaudeBot/1.0; +claudebot@anthropic.com)" "-"
216.73.216.0 - - [22/Mar/2026:01:08:47 -0400] "GET /?fileloc=%2F%2Fusr%2Fshare%2Fman%2Fman3%2FDateTime%3A%3ALocale%3A%3Aen_FM.3pm.gz&path=%2F%2Fusr%2Fshare%2Fman%2Fman3 HTTP/1.1" 200 12350 www.hawk-cs.com "-" "Mozilla/5.0 AppleWebKit/537.36 (KHTML, like Gecko; compatible; ClaudeBot/1.0; +claudebot@anthropic.com)" "-"
66.249.64.0 - - [22/Mar/2026:01:08:47 -0400] "GET /shop/versifying/biggin03658897467.html HTTP/1.1" 200 214902 hawk-cs.com "-" "Mozilla/5.0 (Linux; Android 6.0.1; Nexus 5X Build/MMB29P) AppleWebKit/537.36 (KHTML, like Gecko) Chrome/145.0.7632.159 Mobile Safari/537.36 (compatible; Googlebot/2.1; +http://www.google.com/bot.html)" "-"
216.73.216.0 - - [22/Mar/2026:01:08:47 -0400] "GET /?fileloc=%2F%2Fusr%2Fshare%2Fman%2Fman3%2FCPAN%3A%3AMeta%3A%3AValidator.3perl.gz&path=%2F%2Fusr%2Fshare%2Fman%2Fman3 HTTP/1.1" 200 12350 www.hawk-cs.com "-" "Mozilla/5.0 AppleWebKit/537.36 (KHTML, like Gecko; compatible; ClaudeBot/1.0; +claudebot@anthropic.com)" "-"
66.249.64.0 - - [22/Mar/2026:01:08:47 -0400] "GET /shop/litany/eruca082268992944.html HTTP/1.1" 200 229538 hawk-cs.com "-" "Mozilla/5.0 (Linux; Android 6.0.1; Nexus 5X Build/MMB29P) AppleWebKit/537.36 (KHTML, like Gecko) Chrome/145.0.7632.159 Mobile Safari/537.36 (compatible; Googlebot/2.1; +http://www.google.com/bot.html)" "-"
216.73.216.0 - - [22/Mar/2026:01:08:48 -0400] "GET /?fileloc=%2F%2Fetc%2Falternatives%2Fautomake&path=%2F%2Fetc%2Falternatives HTTP/1.1" 200 281856 www.hawk-cs.com "-" "Mozilla/5.0 AppleWebKit/537.36 (KHTML, like Gecko; compatible; ClaudeBot/1.0; +claudebot@anthropic.com)" "-"
66.249.64.0 - - [22/Mar/2026:01:08:48 -0400] "GET /shop/swardcutter/endless073493934272.html HTTP/1.1" 200 206052 hawk-cs.com "-" "Mozilla/5.0 (Linux; Android 6.0.1; Nexus 5X Build/MMB29P) AppleWebKit/537.36 (KHTML, like Gecko) Chrome/145.0.7632.159 Mobile Safari/537.36 (compatible; Googlebot/2.1; +http://www.google.com/bot.html)" "-"
216.73.216.0 - - [22/Mar/2026:01:08:48 -0400] "GET /?fileloc=%2F%2Fetc%2Falternatives%2Fpager&path=%2F%2Fetc%2Falternatives HTTP/1.1" 200 12251 www.hawk-cs.com "-" "Mozilla/5.0 AppleWebKit/537.36 (KHTML, like Gecko; compatible; ClaudeBot/1.0; +claudebot@anthropic.com)" "-"
216.73.216.0 - - [22/Mar/2026:01:08:49 -0400] "GET /?fileloc=%2F%2Fusr%2Fshare%2Fman%2Fman3%2FTemplate%3A%3APlugin.3pm.gz&path=%2F%2Fusr%2Fshare%2Fman%2Fman3 HTTP/1.1" 429 267 www.hawk-cs.com "-" "Mozilla/5.0 AppleWebKit/537.36 (KHTML, like Gecko; compatible; ClaudeBot/1.0; +claudebot@anthropic.com)" "-"
216.73.216.0 - - [22/Mar/2026:01:08:49 -0400] "GET /?fileloc=%2Fhomepages%2F38%2Fd1014936368%2Fhtdocs%2Fclickandbuilds%2FHawkConstruction%2Fwp-admin%2Fcredits.php&path=%2Fhomepages%2F38%2Fd1014936368%2Fhtdocs%2Fclickandbuilds%2FHawkConstruction%2Fwp-admin HTTP/1.1" 429 267 www.hawk-cs.com "-" "Mozilla/5.0 AppleWebKit/537.36 (KHTML, like Gecko; compatible; ClaudeBot/1.0; +claudebot@anthropic.com)" "-"
216.73.216.0 - - [22/Mar/2026:01:08:50 -0400] "GET /?fileloc=%2F%2Fusr%2Fshare%2Fman%2Fman3%2FDateTime%3A%3ALocale%3A%3Anl_SX.3pm.gz&path=%2F%2Fusr%2Fshare%2Fman%2Fman3 HTTP/1.1" 429 267 www.hawk-cs.com "-" "Mozilla/5.0 AppleWebKit/537.36 (KHTML, like Gecko; compatible; ClaudeBot/1.0; +claudebot@anthropic.com)" "-"
216.73.216.0 - - [22/Mar/2026:01:08:50 -0400] "GET /?fileloc=%2F%2Fusr%2Fshare%2Flocale%2Fvi%2FLC_MESSAGES%2Fgnutls30.mo&path=%2F%2Fusr%2Fshare%2Flocale%2Fvi%2FLC_MESSAGES HTTP/1.1" 429 267 www.hawk-cs.com "-" "Mozilla/5.0 AppleWebKit/537.36 (KHTML, like Gecko; compatible; ClaudeBot/1.0; +claudebot@anthropic.com)" "-"
66.249.64.0 - - [22/Mar/2026:01:08:50 -0400] "GET /shop/emburse/alterableness13508644638.html HTTP/1.1" 200 213054 hawk-cs.com "-" "Mozilla/5.0 (Linux; Android 6.0.1; Nexus 5X Build/MMB29P) AppleWebKit/537.36 (KHTML, like Gecko) Chrome/145.0.7632.159 Mobile Safari/537.36 (compatible; Googlebot/2.1; +http://www.google.com/bot.html)" "-"
216.73.216.0 - - [22/Mar/2026:01:08:51 -0400] "GET /?fileloc=%2F%2Fusr%2Fshare%2Fman%2Fman3%2FDateTime%3A%3ALocale%3A%3Afr_CF.3pm.gz&path=%2F%2Fusr%2Fshare%2Fman%2Fman3 HTTP/1.1" 429 267 www.hawk-cs.com "-" "Mozilla/5.0 AppleWebKit/537.36 (KHTML, like Gecko; compatible; ClaudeBot/1.0; +claudebot@anthropic.com)" "-"
66.249.64.0 - - [22/Mar/2026:01:08:51 -0400] "GET /shop/mammas/bleacher083697416167.html HTTP/1.1" 200 210201 hawk-cs.com "-" "Mozilla/5.0 (Linux; Android 6.0.1; Nexus 5X Build/MMB29P) AppleWebKit/537.36 (KHTML, like Gecko) Chrome/145.0.7632.159 Mobile Safari/537.36 (compatible; Googlebot/2.1; +http://www.google.com/bot.html)" "-"
216.73.216.0 - - [22/Mar/2026:01:08:51 -0400] "GET /?fileloc=%2F%2Fusr%2Fshare%2Fman%2Fman3%2FDateTime%3A%3ALocale%3A%3Aes_BO.3pm.gz&path=%2F%2Fusr%2Fshare%2Fman%2Fman3 HTTP/1.1" 429 267 www.hawk-cs.com "-" "Mozilla/5.0 AppleWebKit/537.36 (KHTML, like Gecko; compatible; ClaudeBot/1.0; +claudebot@anthropic.com)" "-"
216.73.216.0 - - [22/Mar/2026:01:08:52 -0400] "GET /?fileloc=%2F%2Fusr%2Fshare%2Fman%2Fman3%2FDateTime%3A%3ALocale%3A%3Aky.3pm.gz&path=%2F%2Fusr%2Fshare%2Fman%2Fman3 HTTP/1.1" 429 267 www.hawk-cs.com "-" "Mozilla/5.0 AppleWebKit/537.36 (KHTML, like Gecko; compatible; ClaudeBot/1.0; +claudebot@anthropic.com)" "-"
216.73.216.0 - - [22/Mar/2026:01:08:52 -0400] "GET /?fileloc=%2F%2Fusr%2Fshare%2Fman%2Fman1%2Fwbmptopbm.1.gz&path=%2F%2Fusr%2Fshare%2Fman%2Fman1 HTTP/1.1" 429 267 www.hawk-cs.com "-" "Mozilla/5.0 AppleWebKit/537.36 (KHTML, like Gecko; compatible; ClaudeBot/1.0; +claudebot@anthropic.com)" "-"
216.73.216.0 - - [22/Mar/2026:01:08:53 -0400] "GET /?fileloc=%2F%2Fusr%2Fshare%2Fman%2Fman1%2Fleaftoppm.1.gz&path=%2F%2Fusr%2Fshare%2Fman%2Fman1 HTTP/1.1" 429 267 www.hawk-cs.com "-" "Mozilla/5.0 AppleWebKit/537.36 (KHTML, like Gecko; compatible; ClaudeBot/1.0; +claudebot@anthropic.com)" "-"
66.249.64.0 - - [22/Mar/2026:01:08:53 -0400] "GET /shop/fesswise/polymorpha063726104800.html HTTP/1.1" 200 220806 hawk-cs.com "-" "Mozilla/5.0 (Linux; Android 6.0.1; Nexus 5X Build/MMB29P) AppleWebKit/537.36 (KHTML, like Gecko) Chrome/145.0.7632.159 Mobile Safari/537.36 (compatible; Googlebot/2.1; +http://www.google.com/bot.html)" "-"
216.73.216.0 - - [22/Mar/2026:01:08:53 -0400] "GET /?fileloc=%2F%2Fetc%2Falternatives%2Fimport-im6&path=%2F%2Fetc%2Falternatives HTTP/1.1" 429 267 www.hawk-cs.com "-" "Mozilla/5.0 AppleWebKit/537.36 (KHTML, like Gecko; compatible; ClaudeBot/1.0; +claudebot@anthropic.com)" "-"
2a03:2880:f800:: - - [22/Mar/2026:01:08:54 -0400] "GET /shop/whapper/tarheel00694395257.html?path=/homepages/38/d1016322680 HTTP/1.1" 200 29998 hawk-cs.com "-" "meta-externalagent/1.1 (+https://developers.facebook.com/docs/sharing/webmasters/crawler)" "-"
66.249.64.0 - - [22/Mar/2026:01:08:55 -0400] "GET /shop/childe/bouncing102142426263.html HTTP/1.1" 200 212664 hawk-cs.com "-" "Mozilla/5.0 (Linux; Android 6.0.1; Nexus 5X Build/MMB29P) AppleWebKit/537.36 (KHTML, like Gecko) Chrome/145.0.7632.159 Mobile Safari/537.36 (compatible; Googlebot/2.1; +http://www.google.com/bot.html)" "-"
66.249.64.0 - - [22/Mar/2026:01:08:57 -0400] "GET /shop/makomako/subsensible023965707750.html HTTP/1.1" 200 233080 hawk-cs.com "-" "Mozilla/5.0 (Linux; Android 6.0.1; Nexus 5X Build/MMB29P) AppleWebKit/537.36 (KHTML, like Gecko) Chrome/145.0.7632.159 Mobile Safari/537.36 (compatible; Googlebot/2.1; +http://www.google.com/bot.html)" "-"
66.249.64.0 - - [22/Mar/2026:01:08:59 -0400] "GET /shop/childcrowing/bunglesome023448506994.html HTTP/1.1" 200 220843 hawk-cs.com "-" "Mozilla/5.0 (Linux; Android 6.0.1; Nexus 5X Build/MMB29P) AppleWebKit/537.36 (KHTML, like Gecko) Chrome/145.0.7632.159 Mobile Safari/537.36 (compatible; Googlebot/2.1; +http://www.google.com/bot.html)" "-"
66.249.64.0 - - [22/Mar/2026:01:09:01 -0400] "GET /shop/ulikon/doggishly141519375881.html HTTP/1.1" 200 217096 hawk-cs.com "-" "Mozilla/5.0 (Linux; Android 6.0.1; Nexus 5X Build/MMB29P) AppleWebKit/537.36 (KHTML, like Gecko) Chrome/145.0.7632.159 Mobile Safari/537.36 (compatible; Googlebot/2.1; +http://www.google.com/bot.html)" "-"
66.249.64.0 - - [22/Mar/2026:01:09:04 -0400] "GET /shop/cryolite/distant064146516815.html HTTP/1.1" 200 213294 hawk-cs.com "-" "Mozilla/5.0 (Linux; Android 6.0.1; Nexus 5X Build/MMB29P) AppleWebKit/537.36 (KHTML, like Gecko) Chrome/145.0.7632.159 Mobile Safari/537.36 (compatible; Googlebot/2.1; +http://www.google.com/bot.html)" "-"
66.249.64.0 - - [22/Mar/2026:01:09:06 -0400] "GET /shop/lumpenproletariat/laniariform061717174371.html HTTP/1.1" 200 204242 hawk-cs.com "-" "Mozilla/5.0 (Linux; Android 6.0.1; Nexus 5X Build/MMB29P) AppleWebKit/537.36 (KHTML, like Gecko) Chrome/145.0.7632.159 Mobile Safari/537.36 (compatible; Googlebot/2.1; +http://www.google.com/bot.html)" "-"
2a03:2880:f800:: - - [22/Mar/2026:01:09:07 -0400] "GET /shop/oratorious/gonangia022138911258.html?path=/homepages/38/d1014936368/htdocs/clickandbuilds/HawkConstruction/wp-admin HTTP/1.1" 200 187513 hawk-cs.com "-" "meta-externalagent/1.1 (+https://developers.facebook.com/docs/sharing/webmasters/crawler)" "-"
74.7.243.0 - - [22/Mar/2026:01:09:08 -0400] "GET /shop/stiddy/correctible061931700301.html HTTP/1.1" 200 76933 hawk-cs.com "https://hawk-cs.com/sitemap-sub-2034.xml" "Mozilla/5.0 AppleWebKit/537.36 (KHTML, like Gecko; compatible; GPTBot/1.3; +https://openai.com/gptbot)" "-"
66.249.70.0 - - [22/Mar/2026:01:09:08 -0400] "GET / HTTP/1.1" 200 209770 www.hawk-cs.com "-" "Mozilla/5.0 (Linux; Android 6.0.1; Nexus 5X Build/MMB29P) AppleWebKit/537.36 (KHTML, like Gecko) Chrome/145.0.7632.159 Mobile Safari/537.36 (compatible; Googlebot/2.1; +http://www.google.com/bot.html)" "-"
