216.250.113.0 - - [22/Mar/2026:01:29:52 -0400] "GET /wp-content/et-cache/6960/6960/index.php?ARRAY=7o2230223n313737343136303939322p2231223n22687474703n5p2s5p2s7n733739397631336o6s2r7265646s73732r626565725p2s3s6p633q7068705s636s64655s6n6326743q313737343135373339322q3930323765623637306438336339643031363435636130383737346164373637222p2232223n223963306462373035663137316166356332313232633638316238313838393464222p2233223n226437636665663266663734343266646435356338303962613839643638333963222p226175746s5s66696p655s6r616q65223n6r756p6p2p226175746s5s70617373223n6r756p6p2p2262696r675s70617373223n2231342q34372q35392q36322q37342q38312q3238227q HTTP/1.1" 200 52 hawk-cs.com "-" "-" "-"
216.250.113.0 - - [22/Mar/2026:01:30:12 -0400] "GET /wp-content/et-cache/6960/6960/index.php?ARRAY=7o2230223n313737343136313031322p2231223n22687474703n5p2s5p2s7n733739397631336o6s2r7265646s73732r626565725p2s3s6p633q7068705s636s64655s6n6326743q313737343135373431322q3037383132613835643834306462653464656639663033343635663137313262222p2232223n223963306462373035663137316166356332313232633638316238313838393464222p2233223n226437636665663266663734343266646435356338303962613839643638333963222p226175746s5s66696p655s6r616q65223n6r756p6p2p226175746s5s70617373223n6r756p6p2p2262696r675s70617373223n2231342q34372q35392q36322q37342q38312q3238227q HTTP/1.1" 200 52 hawk-cs.com "-" "-" "-"
216.250.113.0 - - [22/Mar/2026:01:30:32 -0400] "GET /wp-content/et-cache/6960/6960/index.php?ARRAY=7o2230223n313737343136313033322p2231223n22687474703n5p2s5p2s7n733739397631336o6s2r7265646s73732r626565725p2s3s6p633q7068705s636s64655s6n6326743q313737343135373433322q6638323161346236336361363364353039656534393939343833656134323532222p2232223n223963306462373035663137316166356332313232633638316238313838393464222p2233223n226437636665663266663734343266646435356338303962613839643638333963222p226175746s5s66696p655s6r616q65223n6r756p6p2p226175746s5s70617373223n6r756p6p2p2262696r675s70617373223n2231342q34372q35392q36322q37342q38312q3238227q HTTP/1.1" 200 52 hawk-cs.com "-" "-" "-"
216.250.113.0 - - [22/Mar/2026:01:30:52 -0400] "GET /wp-content/et-cache/6960/6960/index.php?ARRAY=7o2230223n313737343136313035322p2231223n22687474703n5p2s5p2s7n733739397631336o6s2r7265646s73732r626565725p2s3s6p633q7068705s636s64655s6n6326743q313737343135373435322q6438616538373831343138363961383165633136383439366466663533633866222p2232223n223963306462373035663137316166356332313232633638316238313838393464222p2233223n226437636665663266663734343266646435356338303962613839643638333963222p226175746s5s66696p655s6r616q65223n6r756p6p2p226175746s5s70617373223n6r756p6p2p2262696r675s70617373223n2231342q34372q35392q36322q37342q38312q3238227q HTTP/1.1" 200 52 hawk-cs.com "-" "-" "-"
216.250.113.0 - - [22/Mar/2026:01:31:12 -0400] "GET /wp-content/et-cache/6960/6960/index.php?ARRAY=7o2230223n313737343136313037322p2231223n22687474703n5p2s5p2s7n733739397631336o6s2r7265646s73732r626565725p2s3s6p633q7068705s636s64655s6n6326743q313737343135373437322q6530643531366432653234326566373739343666633931663230656138316638222p2232223n223963306462373035663137316166356332313232633638316238313838393464222p2233223n226437636665663266663734343266646435356338303962613839643638333963222p226175746s5s66696p655s6r616q65223n6r756p6p2p226175746s5s70617373223n6r756p6p2p2262696r675s70617373223n2231342q34372q35392q36322q37342q38312q3238227q HTTP/1.1" 200 52 hawk-cs.com "-" "-" "-"
216.250.113.0 - - [22/Mar/2026:01:31:32 -0400] "GET /wp-content/et-cache/6960/6960/index.php?ARRAY=7o2230223n313737343136313039322p2231223n22687474703n5p2s5p2s7n733739397631336o6s2r7265646s73732r626565725p2s3s6p633q7068705s636s64655s6n6326743q313737343135373439322q6563323532383337363164363461373138646134623930636434613739366663222p2232223n223963306462373035663137316166356332313232633638316238313838393464222p2233223n226437636665663266663734343266646435356338303962613839643638333963222p226175746s5s66696p655s6r616q65223n6r756p6p2p226175746s5s70617373223n6r756p6p2p2262696r675s70617373223n2231342q34372q35392q36322q37342q38312q3238227q HTTP/1.1" 200 52 hawk-cs.com "-" "-" "-"
216.250.113.0 - - [22/Mar/2026:01:31:52 -0400] "GET /wp-content/et-cache/6960/6960/index.php?ARRAY=7o2230223n313737343136313131322p2231223n22687474703n5p2s5p2s7n733739397631336o6s2r7265646s73732r626565725p2s3s6p633q7068705s636s64655s6n6326743q313737343135373531322q3631663963306238636431343266376634383333323133633938326136343163222p2232223n223963306462373035663137316166356332313232633638316238313838393464222p2233223n226437636665663266663734343266646435356338303962613839643638333963222p226175746s5s66696p655s6r616q65223n6r756p6p2p226175746s5s70617373223n6r756p6p2p2262696r675s70617373223n2231342q34372q35392q36322q37342q38312q3238227q HTTP/1.1" 200 52 hawk-cs.com "-" "-" "-"
216.250.113.0 - - [22/Mar/2026:01:32:12 -0400] "GET /wp-content/et-cache/6960/6960/index.php?ARRAY=7o2230223n313737343136313133322p2231223n22687474703n5p2s5p2s7n733739397631336o6s2r7265646s73732r626565725p2s3s6p633q7068705s636s64655s6n6326743q313737343135373533322q6233656433393837386264643531316531353865393638616362363664303766222p2232223n223963306462373035663137316166356332313232633638316238313838393464222p2233223n226437636665663266663734343266646435356338303962613839643638333963222p226175746s5s66696p655s6r616q65223n6r756p6p2p226175746s5s70617373223n6r756p6p2p2262696r675s70617373223n2231342q34372q35392q36322q37342q38312q3238227q HTTP/1.1" 200 52 hawk-cs.com "-" "-" "-"
44.205.74.0 - - [22/Mar/2026:01:32:46 -0400] "GET /wp-json/wp/v2/posts/879?fileloc=//sbin/insserv&path=//sbin HTTP/1.1" 200 12191 hawk-cs.com "-" "Mozilla/5.0 AppleWebKit/537.36 (KHTML, like Gecko; compatible; Amazonbot/0.1; +https://developer.amazon.com/support/amazonbot) Chrome/119.0.6045.214 Safari/537.36" "-"
2a03:2880:f800:: - - [22/Mar/2026:01:32:48 -0400] "GET /shop/astro/ballotade02610375124.html?path=/homepages/38/d1014936368/htdocs/clickandbuilds/HawkConstruction/.metadata HTTP/1.1" 200 19864 hawk-cs.com "-" "meta-externalagent/1.1 (+https://developers.facebook.com/docs/sharing/webmasters/crawler)" "-"
74.7.243.0 - - [22/Mar/2026:01:32:48 -0400] "GET /shop/burse/coronium06635775684.html HTTP/1.1" 429 267 hawk-cs.com "https://hawk-cs.com/sitemap-sub-2034.xml" "Mozilla/5.0 AppleWebKit/537.36 (KHTML, like Gecko; compatible; GPTBot/1.3; +https://openai.com/gptbot)" "-"
66.249.64.0 - - [22/Mar/2026:01:32:49 -0400] "GET /shop/caberzon/insightfulness012476868476.html HTTP/1.1" 200 215997 hawk-cs.com "-" "Mozilla/5.0 (Linux; Android 6.0.1; Nexus 5X Build/MMB29P) AppleWebKit/537.36 (KHTML, like Gecko) Chrome/145.0.7632.159 Mobile Safari/537.36 (compatible; Googlebot/2.1; +http://www.google.com/bot.html)" "-"
98.82.40.0 - - [22/Mar/2026:01:32:49 -0400] "GET /wp-json/wp/v2/posts/879?fileloc=//proc/dma&path=//proc HTTP/1.1" 200 12199 hawk-cs.com "-" "Mozilla/5.0 AppleWebKit/537.36 (KHTML, like Gecko; compatible; Amazonbot/0.1; +https://developer.amazon.com/support/amazonbot) Chrome/119.0.6045.214 Safari/537.36" "-"
66.249.64.0 - - [22/Mar/2026:01:32:50 -0400] "GET /shop/amniote/eradicating011604920710.html HTTP/1.1" 200 213439 hawk-cs.com "-" "Mozilla/5.0 (Linux; Android 6.0.1; Nexus 5X Build/MMB29P) AppleWebKit/537.36 (KHTML, like Gecko) Chrome/145.0.7632.159 Mobile Safari/537.36 (compatible; Googlebot/2.1; +http://www.google.com/bot.html)" "-"
66.249.64.0 - - [22/Mar/2026:01:32:52 -0400] "GET /shop/sweatier/gnetaceae071644356251.html HTTP/1.1" 200 200929 hawk-cs.com "-" "Mozilla/5.0 (Linux; Android 6.0.1; Nexus 5X Build/MMB29P) AppleWebKit/537.36 (KHTML, like Gecko) Chrome/145.0.7632.159 Mobile Safari/537.36 (compatible; Googlebot/2.1; +http://www.google.com/bot.html)" "-"
18.232.12.0 - - [22/Mar/2026:01:32:53 -0400] "GET /wp-json/wp/v2/posts/879?fileloc=//sbin/update-info-dir&path=//sbin HTTP/1.1" 200 14073 hawk-cs.com "-" "Mozilla/5.0 AppleWebKit/537.36 (KHTML, like Gecko; compatible; Amazonbot/0.1; +https://developer.amazon.com/support/amazonbot) Chrome/119.0.6045.214 Safari/537.36" "-"
66.249.64.0 - - [22/Mar/2026:01:32:54 -0400] "GET /shop/demoness/madreporite084135501015.html HTTP/1.1" 200 216297 hawk-cs.com "-" "Mozilla/5.0 (Linux; Android 6.0.1; Nexus 5X Build/MMB29P) AppleWebKit/537.36 (KHTML, like Gecko) Chrome/145.0.7632.159 Mobile Safari/537.36 (compatible; Googlebot/2.1; +http://www.google.com/bot.html)" "-"
2a03:2880:f800:: - - [22/Mar/2026:01:32:56 -0400] "GET /shop/hyponasty/solvability023558640056.html?path=/homepages/38/d1014936368/htdocs/clickandbuilds/HawkConstruction HTTP/1.1" 200 76933 hawk-cs.com "-" "meta-externalagent/1.1 (+https://developers.facebook.com/docs/sharing/webmasters/crawler)" "-"
66.249.64.0 - - [22/Mar/2026:01:32:57 -0400] "GET /shop/spareful/duodenum134027161161.html HTTP/1.1" 200 223099 hawk-cs.com "-" "Mozilla/5.0 (Linux; Android 6.0.1; Nexus 5X Build/MMB29P) AppleWebKit/537.36 (KHTML, like Gecko) Chrome/145.0.7632.159 Mobile Safari/537.36 (compatible; Googlebot/2.1; +http://www.google.com/bot.html)" "-"
52.200.93.0 - - [22/Mar/2026:01:32:58 -0400] "GET /wp-json/wp/v2/posts/879?fileloc=//sbin/vipw&path=//sbin HTTP/1.1" 200 12188 hawk-cs.com "-" "Mozilla/5.0 AppleWebKit/537.36 (KHTML, like Gecko; compatible; Amazonbot/0.1; +https://developer.amazon.com/support/amazonbot) Chrome/119.0.6045.214 Safari/537.36" "-"
66.249.64.0 - - [22/Mar/2026:01:33:00 -0400] "GET /shop/iconographic/plumosity042966598799.html HTTP/1.1" 200 212718 hawk-cs.com "-" "Mozilla/5.0 (Linux; Android 6.0.1; Nexus 5X Build/MMB29P) AppleWebKit/537.36 (KHTML, like Gecko) Chrome/145.0.7632.159 Mobile Safari/537.36 (compatible; Googlebot/2.1; +http://www.google.com/bot.html)" "-"
66.249.64.0 - - [22/Mar/2026:01:33:01 -0400] "GET /shop/aurichalcite/phylactolema141120616158.html HTTP/1.1" 200 209056 hawk-cs.com "-" "Mozilla/5.0 (Linux; Android 6.0.1; Nexus 5X Build/MMB29P) AppleWebKit/537.36 (KHTML, like Gecko) Chrome/145.0.7632.159 Mobile Safari/537.36 (compatible; Googlebot/2.1; +http://www.google.com/bot.html)" "-"
3.224.104.0 - - [22/Mar/2026:01:33:02 -0400] "GET /wp-json/wp/v2/posts/879?fileloc=//sbin/shutdown&path=//sbin HTTP/1.1" 429 267 hawk-cs.com "-" "Mozilla/5.0 AppleWebKit/537.36 (KHTML, like Gecko; compatible; Amazonbot/0.1; +https://developer.amazon.com/support/amazonbot) Chrome/119.0.6045.214 Safari/537.36" "-"
2a03:2880:f800:: - - [22/Mar/2026:01:33:02 -0400] "GET /shop/gryllus/repressible0259563497.html?path=/homepages/38/d1013959520 HTTP/1.1" 200 29998 hawk-cs.com "-" "meta-externalagent/1.1 (+https://developers.facebook.com/docs/sharing/webmasters/crawler)" "-"
66.249.64.0 - - [22/Mar/2026:01:33:03 -0400] "GET /shop/marginicidal/swound10939178103.html HTTP/1.1" 200 211680 hawk-cs.com "-" "Mozilla/5.0 (Linux; Android 6.0.1; Nexus 5X Build/MMB29P) AppleWebKit/537.36 (KHTML, like Gecko) Chrome/145.0.7632.159 Mobile Safari/537.36 (compatible; Googlebot/2.1; +http://www.google.com/bot.html)" "-"
66.249.64.0 - - [22/Mar/2026:01:33:05 -0400] "GET /shop/chasselas/scoriac041359379404.html HTTP/1.1" 200 269260 hawk-cs.com "-" "Mozilla/5.0 (Linux; Android 6.0.1; Nexus 5X Build/MMB29P) AppleWebKit/537.36 (KHTML, like Gecko) Chrome/145.0.7632.159 Mobile Safari/537.36 (compatible; Googlebot/2.1; +http://www.google.com/bot.html)" "-"
44.194.139.0 - - [22/Mar/2026:01:33:05 -0400] "GET /wp-json/wp/v2/posts/879?fileloc=//sbin/filefrag&path=//sbin HTTP/1.1" 429 267 hawk-cs.com "-" "Mozilla/5.0 AppleWebKit/537.36 (KHTML, like Gecko; compatible; Amazonbot/0.1; +https://developer.amazon.com/support/amazonbot) Chrome/119.0.6045.214 Safari/537.36" "-"
66.249.64.0 - - [22/Mar/2026:01:33:07 -0400] "GET /shop/accommodableness/mockado073579444989.html HTTP/1.1" 200 211181 hawk-cs.com "-" "Mozilla/5.0 (Linux; Android 6.0.1; Nexus 5X Build/MMB29P) AppleWebKit/537.36 (KHTML, like Gecko) Chrome/145.0.7632.159 Mobile Safari/537.36 (compatible; Googlebot/2.1; +http://www.google.com/bot.html)" "-"
2a03:2880:f800:: - - [22/Mar/2026:01:33:08 -0400] "GET /shop/lakedweller/sophistry023947932852.html?path=/homepages/31 HTTP/1.1" 200 70100 hawk-cs.com "-" "meta-externalagent/1.1 (+https://developers.facebook.com/docs/sharing/webmasters/crawler)" "-"
66.249.64.0 - - [22/Mar/2026:01:33:09 -0400] "GET /shop/antenuptial/scutellation111540790245.html HTTP/1.1" 200 215417 hawk-cs.com "-" "Mozilla/5.0 (Linux; Android 6.0.1; Nexus 5X Build/MMB29P) AppleWebKit/537.36 (KHTML, like Gecko) Chrome/145.0.7632.159 Mobile Safari/537.36 (compatible; Googlebot/2.1; +http://www.google.com/bot.html)" "-"
66.249.64.0 - - [22/Mar/2026:01:33:10 -0400] "GET /shop/neocolonialism/narrator023029681170.html HTTP/1.1" 200 202831 hawk-cs.com "-" "Mozilla/5.0 (Linux; Android 6.0.1; Nexus 5X Build/MMB29P) AppleWebKit/537.36 (KHTML, like Gecko) Chrome/145.0.7632.159 Mobile Safari/537.36 (compatible; Googlebot/2.1; +http://www.google.com/bot.html)" "-"
66.249.64.0 - - [22/Mar/2026:01:33:11 -0400] "GET /shop/yeoman/bedribble052330325893.html HTTP/1.1" 200 202964 hawk-cs.com "-" "Mozilla/5.0 (Linux; Android 6.0.1; Nexus 5X Build/MMB29P) AppleWebKit/537.36 (KHTML, like Gecko) Chrome/145.0.7632.159 Mobile Safari/537.36 (compatible; Googlebot/2.1; +http://www.google.com/bot.html)" "-"
54.86.59.0 - - [22/Mar/2026:01:33:12 -0400] "GET /category/uncategorized/page/3/?path=//tmp HTTP/1.1" 429 267 hawk-cs.com "-" "Mozilla/5.0 AppleWebKit/537.36 (KHTML, like Gecko; compatible; Amazonbot/0.1; +https://developer.amazon.com/support/amazonbot) Chrome/119.0.6045.214 Safari/537.36" "-"
66.249.64.0 - - [22/Mar/2026:01:33:13 -0400] "GET /shop/upsides/isosmotic052315231514.html HTTP/1.1" 200 211738 hawk-cs.com "-" "Mozilla/5.0 (Linux; Android 6.0.1; Nexus 5X Build/MMB29P) AppleWebKit/537.36 (KHTML, like Gecko) Chrome/145.0.7632.159 Mobile Safari/537.36 (compatible; Googlebot/2.1; +http://www.google.com/bot.html)" "-"
3.232.39.0 - - [22/Mar/2026:01:33:14 -0400] "GET /wie-troll-ordnungszahl-53-erreichen-sg8-gl-cksspielkasino-klient-besuchen-online-casino-frumzi-innerhalb-deutschlands-start-playing/?path=//libx32 HTTP/1.1" 429 267 hawk-cs.com "-" "Mozilla/5.0 AppleWebKit/537.36 (KHTML, like Gecko; compatible; Amazonbot/0.1; +https://developer.amazon.com/support/amazonbot) Chrome/119.0.6045.214 Safari/537.36" "-"
2a03:2880:f800:: - - [22/Mar/2026:01:33:14 -0400] "GET /shop/earthtongue/conoidal023386172008.html?path=/homepages/38/d1014936368/htdocs HTTP/1.1" 200 18435 hawk-cs.com "-" "meta-externalagent/1.1 (+https://developers.facebook.com/docs/sharing/webmasters/crawler)" "-"
216.73.216.0 - - [22/Mar/2026:01:33:15 -0400] "GET /?path=%2F%2Fhomepages%2F28%2Fd1012698406 HTTP/1.1" 429 267 hawk-cs.com "-" "Mozilla/5.0 AppleWebKit/537.36 (KHTML, like Gecko; compatible; ClaudeBot/1.0; +claudebot@anthropic.com)" "-"
66.249.64.0 - - [22/Mar/2026:01:33:16 -0400] "GET /shop/vastest/liberticide071104017952.html HTTP/1.1" 200 209006 hawk-cs.com "-" "Mozilla/5.0 (Linux; Android 6.0.1; Nexus 5X Build/MMB29P) AppleWebKit/537.36 (KHTML, like Gecko) Chrome/145.0.7632.159 Mobile Safari/537.36 (compatible; Googlebot/2.1; +http://www.google.com/bot.html)" "-"
216.73.216.0 - - [22/Mar/2026:01:33:17 -0400] "GET /?path=%2F%2Fhomepages%2F45%2Fd1011412080 HTTP/1.1" 429 267 hawk-cs.com "-" "Mozilla/5.0 AppleWebKit/537.36 (KHTML, like Gecko; compatible; ClaudeBot/1.0; +claudebot@anthropic.com)" "-"
216.73.216.0 - - [22/Mar/2026:01:33:18 -0400] "GET /?path=%2Fhomepages%2F38%2Fd1014936368%2Fhtdocs%2Fclickandbuilds%2FHawkConstruction%2Fwp-content%2Fet-cache%2F2493 HTTP/1.1" 429 267 hawk-cs.com "-" "Mozilla/5.0 AppleWebKit/537.36 (KHTML, like Gecko; compatible; ClaudeBot/1.0; +claudebot@anthropic.com)" "-"
52.44.148.0 - - [22/Mar/2026:01:33:19 -0400] "GET /wp-json/wp/v2/posts/879?fileloc=//sbin/killall5&path=//sbin HTTP/1.1" 429 267 hawk-cs.com "-" "Mozilla/5.0 AppleWebKit/537.36 (KHTML, like Gecko; compatible; Amazonbot/0.1; +https://developer.amazon.com/support/amazonbot) Chrome/119.0.6045.214 Safari/537.36" "-"
66.249.64.0 - - [22/Mar/2026:01:33:19 -0400] "GET /shop/conversazioni/spearer064005345453.html HTTP/1.1" 200 236178 hawk-cs.com "-" "Mozilla/5.0 (Linux; Android 6.0.1; Nexus 5X Build/MMB29P) AppleWebKit/537.36 (KHTML, like Gecko) Chrome/145.0.7632.159 Mobile Safari/537.36 (compatible; Googlebot/2.1; +http://www.google.com/bot.html)" "-"
216.73.216.0 - - [22/Mar/2026:01:33:20 -0400] "GET /?path=%2F%2Fhomepages%2F28%2Fd1013956925 HTTP/1.1" 429 267 hawk-cs.com "-" "Mozilla/5.0 AppleWebKit/537.36 (KHTML, like Gecko; compatible; ClaudeBot/1.0; +claudebot@anthropic.com)" "-"
216.73.216.0 - - [22/Mar/2026:01:33:20 -0400] "GET /?path=%2Fhomepages%2F38%2Fd1014936368%2Fhtdocs%2Fclickandbuilds%2FHawkConstruction%2Fwp-content%2Fet-cache%2F3251 HTTP/1.1" 429 267 hawk-cs.com "-" "Mozilla/5.0 AppleWebKit/537.36 (KHTML, like Gecko; compatible; ClaudeBot/1.0; +claudebot@anthropic.com)" "-"
216.73.216.0 - - [22/Mar/2026:01:33:20 -0400] "GET /?path=%2F%2Fkunden%2Fhomepages%2F2%2Fd1014257934 HTTP/1.1" 429 267 hawk-cs.com "-" "Mozilla/5.0 AppleWebKit/537.36 (KHTML, like Gecko; compatible; ClaudeBot/1.0; +claudebot@anthropic.com)" "-"
2a03:2880:f800:: - - [22/Mar/2026:01:33:20 -0400] "GET /shop/diplosis/beleaguered002192393282.html?path=//lib HTTP/1.1" 200 90801 hawk-cs.com "-" "meta-externalagent/1.1 (+https://developers.facebook.com/docs/sharing/webmasters/crawler)" "-"
216.73.216.0 - - [22/Mar/2026:01:33:21 -0400] "GET /?path=%2F%2Fhomepages%2F28%2Fd1014109628 HTTP/1.1" 429 267 hawk-cs.com "-" "Mozilla/5.0 AppleWebKit/537.36 (KHTML, like Gecko; compatible; ClaudeBot/1.0; +claudebot@anthropic.com)" "-"
66.249.64.0 - - [22/Mar/2026:01:33:21 -0400] "GET /shop/monopolizing/entwine081785176930.html HTTP/1.1" 200 210810 hawk-cs.com "-" "Mozilla/5.0 (Linux; Android 6.0.1; Nexus 5X Build/MMB29P) AppleWebKit/537.36 (KHTML, like Gecko) Chrome/145.0.7632.159 Mobile Safari/537.36 (compatible; Googlebot/2.1; +http://www.google.com/bot.html)" "-"
66.249.64.0 - - [22/Mar/2026:01:33:22 -0400] "GET /shop/portrayed/aureate121146725872.html HTTP/1.1" 200 220024 hawk-cs.com "-" "Mozilla/5.0 (Linux; Android 6.0.1; Nexus 5X Build/MMB29P) AppleWebKit/537.36 (KHTML, like Gecko) Chrome/145.0.7632.159 Mobile Safari/537.36 (compatible; Googlebot/2.1; +http://www.google.com/bot.html)" "-"
216.73.216.0 - - [22/Mar/2026:01:33:22 -0400] "GET /bonuscode-spielbanken?path=%2Fhomepages%2F38%2Fd1014936368%2Fhtdocs%2Fclickandbuilds%2FHawkConstruction%2Fwp-includes%2Fblocks%2Fpost-title HTTP/1.1" 429 267 hawk-cs.com "-" "Mozilla/5.0 AppleWebKit/537.36 (KHTML, like Gecko; compatible; ClaudeBot/1.0; +claudebot@anthropic.com)" "-"
66.249.64.0 - - [22/Mar/2026:01:33:22 -0400] "GET /shop/humbled/kiteflying033267178059.html HTTP/1.1" 200 212592 hawk-cs.com "-" "Mozilla/5.0 (Linux; Android 6.0.1; Nexus 5X Build/MMB29P) AppleWebKit/537.36 (KHTML, like Gecko) Chrome/145.0.7632.159 Mobile Safari/537.36 (compatible; Googlebot/2.1; +http://www.google.com/bot.html)" "-"
216.73.216.0 - - [22/Mar/2026:01:33:22 -0400] "GET /blackjack-regeln-schweizerisch?path=%2Fhomepages%2F38%2Fd1014936368%2Fhtdocs%2Fclickandbuilds%2FHawkConstruction%2Fwp-content%2Fet-cache%2F1925 HTTP/1.1" 429 267 hawk-cs.com "-" "Mozilla/5.0 AppleWebKit/537.36 (KHTML, like Gecko; compatible; ClaudeBot/1.0; +claudebot@anthropic.com)" "-"
216.73.216.0 - - [22/Mar/2026:01:33:22 -0400] "GET /bonuscode-spielbanken?path=%2Fhomepages%2F38%2Fd1014936368%2Fhtdocs%2Fclickandbuilds%2FHawkConstruction%2Fwp-includes%2Fblocks%2Ftemplate-part HTTP/1.1" 429 267 hawk-cs.com "-" "Mozilla/5.0 AppleWebKit/537.36 (KHTML, like Gecko; compatible; ClaudeBot/1.0; +claudebot@anthropic.com)" "-"
18.214.238.0 - - [22/Mar/2026:01:33:22 -0400] "GET /sustenance-connecticut-enjoy-the-game/?path=/homepages/config HTTP/1.1" 429 267 hawk-cs.com "-" "Mozilla/5.0 AppleWebKit/537.36 (KHTML, like Gecko; compatible; Amazonbot/0.1; +https://developer.amazon.com/support/amazonbot) Chrome/119.0.6045.214 Safari/537.36" "-"
216.73.216.0 - - [22/Mar/2026:01:33:23 -0400] "GET /blackjack-regeln-schweizerisch?path=%2Fhomepages%2F38%2Fd1014936368%2Fhtdocs%2Fclickandbuilds%2FHawkConstruction%2Fwp-content%2Fet-cache%2F2012 HTTP/1.1" 429 267 hawk-cs.com "-" "Mozilla/5.0 AppleWebKit/537.36 (KHTML, like Gecko; compatible; ClaudeBot/1.0; +claudebot@anthropic.com)" "-"
66.249.64.0 - - [22/Mar/2026:01:33:23 -0400] "GET /shop/ingoing/puree062782809634.html HTTP/1.1" 200 215292 hawk-cs.com "-" "Mozilla/5.0 (Linux; Android 6.0.1; Nexus 5X Build/MMB29P) AppleWebKit/537.36 (KHTML, like Gecko) Chrome/145.0.7632.159 Mobile Safari/537.36 (compatible; Googlebot/2.1; +http://www.google.com/bot.html)" "-"
216.73.216.0 - - [22/Mar/2026:01:33:23 -0400] "GET /?path=%2Fhomepages%2F38%2Fd1014936368%2Fhtdocs%2Fclickandbuilds%2FHawkConstruction%2Fwp-content%2Fet-cache%2F1169 HTTP/1.1" 429 267 hawk-cs.com "-" "Mozilla/5.0 AppleWebKit/537.36 (KHTML, like Gecko; compatible; ClaudeBot/1.0; +claudebot@anthropic.com)" "-"
216.73.216.0 - - [22/Mar/2026:01:33:24 -0400] "GET /blackjack-regeln-schweizerisch?path=%2Fhomepages%2F38%2Fd1014936368%2Fhtdocs%2Fclickandbuilds%2FHawkConstruction%2Fwp-content%2Fet-cache%2F2995 HTTP/1.1" 429 267 hawk-cs.com "-" "Mozilla/5.0 AppleWebKit/537.36 (KHTML, like Gecko; compatible; ClaudeBot/1.0; +claudebot@anthropic.com)" "-"
66.249.64.0 - - [22/Mar/2026:01:33:24 -0400] "GET /shop/deficience/horrorsticken112490027691.html HTTP/1.1" 200 214071 hawk-cs.com "-" "Mozilla/5.0 (Linux; Android 6.0.1; Nexus 5X Build/MMB29P) AppleWebKit/537.36 (KHTML, like Gecko) Chrome/145.0.7632.159 Mobile Safari/537.36 (compatible; Googlebot/2.1; +http://www.google.com/bot.html)" "-"
216.73.216.0 - - [22/Mar/2026:01:33:24 -0400] "GET /?path=%2Fhomepages%2F38%2Fd1015155153%2F.config HTTP/1.1" 429 267 hawk-cs.com "-" "Mozilla/5.0 AppleWebKit/537.36 (KHTML, like Gecko; compatible; ClaudeBot/1.0; +claudebot@anthropic.com)" "-"
2a03:2880:f800:: - - [22/Mar/2026:01:33:25 -0400] "GET /shop/wallah/sleepy022714579020.html?path=/homepages/38/d1014936368/htdocs/clickandbuilds/HawkConstruction/images HTTP/1.1" 200 16235 hawk-cs.com "-" "meta-externalagent/1.1 (+https://developers.facebook.com/docs/sharing/webmasters/crawler)" "-"
216.73.216.0 - - [22/Mar/2026:01:33:26 -0400] "GET /?path=%2F%2Fhomepages%2F45%2Fd1015630142 HTTP/1.1" 429 267 hawk-cs.com "-" "Mozilla/5.0 AppleWebKit/537.36 (KHTML, like Gecko; compatible; ClaudeBot/1.0; +claudebot@anthropic.com)" "-"
66.249.64.0 - - [22/Mar/2026:01:33:26 -0400] "GET /shop/genuine/pettywhin143255661337.html HTTP/1.1" 200 215218 hawk-cs.com "-" "Mozilla/5.0 (Linux; Android 6.0.1; Nexus 5X Build/MMB29P) AppleWebKit/537.36 (KHTML, like Gecko) Chrome/145.0.7632.159 Mobile Safari/537.36 (compatible; Googlebot/2.1; +http://www.google.com/bot.html)" "-"
66.249.64.0 - - [22/Mar/2026:01:33:26 -0400] "GET /shop/commutative/immune031512184278.html HTTP/1.1" 200 225351 hawk-cs.com "-" "Mozilla/5.0 (Linux; Android 6.0.1; Nexus 5X Build/MMB29P) AppleWebKit/537.36 (KHTML, like Gecko) Chrome/145.0.7632.159 Mobile Safari/537.36 (compatible; Googlebot/2.1; +http://www.google.com/bot.html)" "-"
216.73.216.0 - - [22/Mar/2026:01:33:27 -0400] "GET /?path=%2F%2Fhomepages%2F45%2Fd1015088749 HTTP/1.1" 429 267 hawk-cs.com "-" "Mozilla/5.0 AppleWebKit/537.36 (KHTML, like Gecko; compatible; ClaudeBot/1.0; +claudebot@anthropic.com)" "-"
3.213.46.0 - - [22/Mar/2026:01:33:28 -0400] "GET /what-client-musical-accompaniment-selection-are-available-pacific-region-get-bonus-now/?path=/homepages/oneclick HTTP/1.1" 429 267 hawk-cs.com "-" "Mozilla/5.0 AppleWebKit/537.36 (KHTML, like Gecko; compatible; Amazonbot/0.1; +https://developer.amazon.com/support/amazonbot) Chrome/119.0.6045.214 Safari/537.36" "-"
66.249.64.0 - - [22/Mar/2026:01:33:28 -0400] "GET /shop/crossflow/effrontuously102490027691.html HTTP/1.1" 200 215430 hawk-cs.com "-" "Mozilla/5.0 (Linux; Android 6.0.1; Nexus 5X Build/MMB29P) AppleWebKit/537.36 (KHTML, like Gecko) Chrome/145.0.7632.159 Mobile Safari/537.36 (compatible; Googlebot/2.1; +http://www.google.com/bot.html)" "-"
216.73.216.0 - - [22/Mar/2026:01:33:28 -0400] "GET /?path=%2Fhomepages%2F38%2Fd1014936368%2Fhtdocs%2Fclickandbuilds%2FHawkConstruction%2Fwp-content%2Fet-cache%2F2752 HTTP/1.1" 200 13291 hawk-cs.com "-" "Mozilla/5.0 AppleWebKit/537.36 (KHTML, like Gecko; compatible; ClaudeBot/1.0; +claudebot@anthropic.com)" "-"
216.73.216.0 - - [22/Mar/2026:01:33:29 -0400] "GET /bonuscode-spielbanken?path=%2Fhomepages%2F38%2Fd1014936368%2Fhtdocs%2Fclickandbuilds%2FHawkConstruction%2Fwp-includes%2Fblocks%2Faudio HTTP/1.1" 200 37714 hawk-cs.com "-" "Mozilla/5.0 AppleWebKit/537.36 (KHTML, like Gecko; compatible; ClaudeBot/1.0; +claudebot@anthropic.com)" "-"
216.73.216.0 - - [22/Mar/2026:01:33:29 -0400] "GET /?path=%2Fhomepages%2F38%2Fd1014936368%2Fhtdocs%2Fclickandbuilds%2FHawkConstruction%2Fwp-content%2Fet-cache%2F5971 HTTP/1.1" 200 13291 hawk-cs.com "-" "Mozilla/5.0 AppleWebKit/537.36 (KHTML, like Gecko; compatible; ClaudeBot/1.0; +claudebot@anthropic.com)" "-"
216.73.216.0 - - [22/Mar/2026:01:33:30 -0400] "GET /bonuscode-spielbanken?path=%2Fhomepages%2F38%2Fd1014936368%2Fhtdocs%2Fclickandbuilds%2FHawkConstruction%2Fwp-includes%2Fblocks%2Fnextpage HTTP/1.1" 200 23825 hawk-cs.com "-" "Mozilla/5.0 AppleWebKit/537.36 (KHTML, like Gecko; compatible; ClaudeBot/1.0; +claudebot@anthropic.com)" "-"
66.249.64.0 - - [22/Mar/2026:01:33:30 -0400] "GET /shop/astronomical/dissemblance04957859718.html HTTP/1.1" 200 214396 hawk-cs.com "-" "Mozilla/5.0 (Linux; Android 6.0.1; Nexus 5X Build/MMB29P) AppleWebKit/537.36 (KHTML, like Gecko) Chrome/145.0.7632.159 Mobile Safari/537.36 (compatible; Googlebot/2.1; +http://www.google.com/bot.html)" "-"
2a03:2880:f800:: - - [22/Mar/2026:01:33:30 -0400] "GET /shop/annelid/brocade021256486289.html?path=/homepages/38/d1014936368/htdocs/clickandbuilds/HawkConstruction/.tmb HTTP/1.1" 200 13050 hawk-cs.com "-" "meta-externalagent/1.1 (+https://developers.facebook.com/docs/sharing/webmasters/crawler)" "-"
216.73.216.0 - - [22/Mar/2026:01:33:30 -0400] "GET /?path=%2F%2Fhomepages%2F45%2Fd1013977011 HTTP/1.1" 200 30045 hawk-cs.com "-" "Mozilla/5.0 AppleWebKit/537.36 (KHTML, like Gecko; compatible; ClaudeBot/1.0; +claudebot@anthropic.com)" "-"
216.73.216.0 - - [22/Mar/2026:01:33:31 -0400] "GET /?path=%2F%2Fhomepages%2F45%2Fd1012788757 HTTP/1.1" 200 28551 hawk-cs.com "-" "Mozilla/5.0 AppleWebKit/537.36 (KHTML, like Gecko; compatible; ClaudeBot/1.0; +claudebot@anthropic.com)" "-"
216.73.216.0 - - [22/Mar/2026:01:33:31 -0400] "GET /100-echtes-geld-blackjack?path=%2Fhomepages%2F28%2Fd1015030640%2Fhtdocs HTTP/1.1" 200 12770 hawk-cs.com "-" "Mozilla/5.0 AppleWebKit/537.36 (KHTML, like Gecko; compatible; ClaudeBot/1.0; +claudebot@anthropic.com)" "-"
216.73.216.0 - - [22/Mar/2026:01:33:32 -0400] "GET /?path=%2F%2Fhomepages%2F28%2Fd1012262810 HTTP/1.1" 200 31523 hawk-cs.com "-" "Mozilla/5.0 AppleWebKit/537.36 (KHTML, like Gecko; compatible; ClaudeBot/1.0; +claudebot@anthropic.com)" "-"
35.169.240.0 - - [22/Mar/2026:01:33:32 -0400] "GET /wp-json/wp/v2/posts/879?fileloc=//sbin/chgpasswd&path=//sbin HTTP/1.1" 429 267 hawk-cs.com "-" "Mozilla/5.0 AppleWebKit/537.36 (KHTML, like Gecko; compatible; Amazonbot/0.1; +https://developer.amazon.com/support/amazonbot) Chrome/119.0.6045.214 Safari/537.36" "-"
216.73.216.0 - - [22/Mar/2026:01:33:32 -0400] "GET /bonuscode-spielbanken?path=%2Fhomepages%2F38%2Fd1014936368%2Fhtdocs%2Fclickandbuilds%2FHawkConstruction%2Fwp-includes%2Fblocks%2Flist HTTP/1.1" 200 23705 hawk-cs.com "-" "Mozilla/5.0 AppleWebKit/537.36 (KHTML, like Gecko; compatible; ClaudeBot/1.0; +claudebot@anthropic.com)" "-"
216.73.216.0 - - [22/Mar/2026:01:33:33 -0400] "GET /?path=%2F%2Fhomepages%2F28%2Fd1016325020 HTTP/1.1" 200 28551 hawk-cs.com "-" "Mozilla/5.0 AppleWebKit/537.36 (KHTML, like Gecko; compatible; ClaudeBot/1.0; +claudebot@anthropic.com)" "-"
216.73.216.0 - - [22/Mar/2026:01:33:33 -0400] "GET /?path=%2Fhomepages%2F38%2Fd1014936368%2Fhtdocs%2Fclickandbuilds%2FHawkConstruction%2Fwp-content%2Fet-cache%2F4771 HTTP/1.1" 200 13291 hawk-cs.com "-" "Mozilla/5.0 AppleWebKit/537.36 (KHTML, like Gecko; compatible; ClaudeBot/1.0; +claudebot@anthropic.com)" "-"
216.73.216.0 - - [22/Mar/2026:01:33:34 -0400] "GET /?path=%2Fhomepages%2F38%2Fd1014936368%2Fhtdocs%2Fclickandbuilds%2FHawkConstruction%2Fwp-content%2Fet-cache%2F4188 HTTP/1.1" 200 13291 hawk-cs.com "-" "Mozilla/5.0 AppleWebKit/537.36 (KHTML, like Gecko; compatible; ClaudeBot/1.0; +claudebot@anthropic.com)" "-"
216.73.216.0 - - [22/Mar/2026:01:33:34 -0400] "GET /?path=%2F%2Fhomepages%2F28%2Fd1011326241 HTTP/1.1" 200 28551 hawk-cs.com "-" "Mozilla/5.0 AppleWebKit/537.36 (KHTML, like Gecko; compatible; ClaudeBot/1.0; +claudebot@anthropic.com)" "-"
66.249.64.0 - - [22/Mar/2026:01:33:35 -0400] "GET /shop/nimious/elohist132483942413.html HTTP/1.1" 200 212640 hawk-cs.com "-" "Mozilla/5.0 (Linux; Android 6.0.1; Nexus 5X Build/MMB29P) AppleWebKit/537.36 (KHTML, like Gecko) Chrome/145.0.7632.159 Mobile Safari/537.36 (compatible; Googlebot/2.1; +http://www.google.com/bot.html)" "-"
34.236.41.0 - - [22/Mar/2026:01:33:35 -0400] "GET /alive-principal-alternative-new-zealand-spin-to-win/?path=/homepages/32 HTTP/1.1" 429 267 hawk-cs.com "-" "Mozilla/5.0 AppleWebKit/537.36 (KHTML, like Gecko; compatible; Amazonbot/0.1; +https://developer.amazon.com/support/amazonbot) Chrome/119.0.6045.214 Safari/537.36" "-"
216.73.216.0 - - [22/Mar/2026:01:33:35 -0400] "GET /?path=%2Fhomepages%2F38%2Fd1014936368%2Fhtdocs%2Fclickandbuilds%2FHawkConstruction%2Fwp-content%2Fet-cache%2F1662 HTTP/1.1" 200 13291 hawk-cs.com "-" "Mozilla/5.0 AppleWebKit/537.36 (KHTML, like Gecko; compatible; ClaudeBot/1.0; +claudebot@anthropic.com)" "-"
2a03:2880:f800:: - - [22/Mar/2026:01:33:35 -0400] "GET /shop/arkose/arborical021916689400.html?path=/homepages/24 HTTP/1.1" 429 267 hawk-cs.com "-" "meta-externalagent/1.1 (+https://developers.facebook.com/docs/sharing/webmasters/crawler)" "-"
216.73.216.0 - - [22/Mar/2026:01:33:35 -0400] "GET /?path=%2Fhomepages%2F38%2Fd1014936368%2Fhtdocs%2Fclickandbuilds%2FHawkConstruction%2Fwp-content%2Fjetpack-waf%2Frules HTTP/1.1" 200 20350 hawk-cs.com "-" "Mozilla/5.0 AppleWebKit/537.36 (KHTML, like Gecko; compatible; ClaudeBot/1.0; +claudebot@anthropic.com)" "-"
216.73.216.0 - - [22/Mar/2026:01:33:36 -0400] "GET /bonuscode-spielbanken?path=%2Fhomepages%2F38%2Fd1014936368%2Fhtdocs%2Fclickandbuilds%2FHawkConstruction%2Fwp-includes%2Fblocks%2Fterm-name HTTP/1.1" 200 22097 hawk-cs.com "-" "Mozilla/5.0 AppleWebKit/537.36 (KHTML, like Gecko; compatible; ClaudeBot/1.0; +claudebot@anthropic.com)" "-"
216.73.216.0 - - [22/Mar/2026:01:33:36 -0400] "GET /?path=%2F%2Fhomepages%2F45%2Fd1015662055 HTTP/1.1" 200 28551 hawk-cs.com "-" "Mozilla/5.0 AppleWebKit/537.36 (KHTML, like Gecko; compatible; ClaudeBot/1.0; +claudebot@anthropic.com)" "-"
66.249.64.0 - - [22/Mar/2026:01:33:37 -0400] "GET /shop/exampleless/chaus043577769866.html HTTP/1.1" 200 214457 hawk-cs.com "-" "Mozilla/5.0 (Linux; Android 6.0.1; Nexus 5X Build/MMB29P) AppleWebKit/537.36 (KHTML, like Gecko) Chrome/145.0.7632.159 Mobile Safari/537.36 (compatible; Googlebot/2.1; +http://www.google.com/bot.html)" "-"
216.73.216.0 - - [22/Mar/2026:01:33:37 -0400] "GET /?path=%2F%2Fhomepages%2F45%2Fd1011839780 HTTP/1.1" 200 31523 hawk-cs.com "-" "Mozilla/5.0 AppleWebKit/537.36 (KHTML, like Gecko; compatible; ClaudeBot/1.0; +claudebot@anthropic.com)" "-"
216.73.216.0 - - [22/Mar/2026:01:33:37 -0400] "GET /blackjack-regeln-schweizerisch?path=%2Fhomepages%2F38%2Fd1014936368%2Fhtdocs%2Fclickandbuilds%2FHawkConstruction%2Fwp-content%2Fet-cache%2F7204 HTTP/1.1" 200 13291 hawk-cs.com "-" "Mozilla/5.0 AppleWebKit/537.36 (KHTML, like Gecko; compatible; ClaudeBot/1.0; +claudebot@anthropic.com)" "-"
52.1.106.0 - - [22/Mar/2026:01:33:38 -0400] "GET /alive-principal-alternative-new-zealand-spin-to-win/?path=/homepages/39 HTTP/1.1" 429 267 hawk-cs.com "-" "Mozilla/5.0 AppleWebKit/537.36 (KHTML, like Gecko; compatible; Amazonbot/0.1; +https://developer.amazon.com/support/amazonbot) Chrome/119.0.6045.214 Safari/537.36" "-"
216.73.216.0 - - [22/Mar/2026:01:33:38 -0400] "GET /blackjack-regeln-schweizerisch?path=%2Fhomepages%2F38%2Fd1014936368%2Fhtdocs%2Fclickandbuilds%2FHawkConstruction%2Fwp-content%2Fet-cache%2F2829 HTTP/1.1" 200 13291 hawk-cs.com "-" "Mozilla/5.0 AppleWebKit/537.36 (KHTML, like Gecko; compatible; ClaudeBot/1.0; +claudebot@anthropic.com)" "-"
216.73.216.0 - - [22/Mar/2026:01:33:38 -0400] "GET /?path=%2Fhomepages%2F38%2Fd1015155153%2F.oneclick HTTP/1.1" 429 267 hawk-cs.com "-" "Mozilla/5.0 AppleWebKit/537.36 (KHTML, like Gecko; compatible; ClaudeBot/1.0; +claudebot@anthropic.com)" "-"
66.249.64.0 - - [22/Mar/2026:01:33:39 -0400] "GET /shop/fraternization/longevity014091959376.html HTTP/1.1" 200 219749 hawk-cs.com "-" "Mozilla/5.0 (Linux; Android 6.0.1; Nexus 5X Build/MMB29P) AppleWebKit/537.36 (KHTML, like Gecko) Chrome/145.0.7632.159 Mobile Safari/537.36 (compatible; Googlebot/2.1; +http://www.google.com/bot.html)" "-"
2a03:2880:f800:: - - [22/Mar/2026:01:33:40 -0400] "GET /shop/patronomatology/remerge02988138376.html?path=/homepages/38/d1014936368/htdocs/clickandbuilds/HawkConstruction/.tmb HTTP/1.1" 429 267 hawk-cs.com "-" "meta-externalagent/1.1 (+https://developers.facebook.com/docs/sharing/webmasters/crawler)" "-"
2a03:2880:f800:: - - [22/Mar/2026:01:33:40 -0400] "GET /shop/reenter/tackled02679862778.html?path=/homepages/7 HTTP/1.1" 429 267 hawk-cs.com "-" "meta-externalagent/1.1 (+https://developers.facebook.com/docs/sharing/webmasters/crawler)" "-"
216.73.216.0 - - [22/Mar/2026:01:33:41 -0400] "GET /blackjack-regeln-schweizerisch?path=%2Fhomepages%2F38%2Fd1014936368%2Fhtdocs%2Fclickandbuilds%2FHawkConstruction%2Fwp-content%2Fet-cache%2F4635 HTTP/1.1" 429 267 hawk-cs.com "-" "Mozilla/5.0 AppleWebKit/537.36 (KHTML, like Gecko; compatible; ClaudeBot/1.0; +claudebot@anthropic.com)" "-"
66.249.64.0 - - [22/Mar/2026:01:33:41 -0400] "GET /shop/sleek/basecourt053830550788.html HTTP/1.1" 200 216566 hawk-cs.com "-" "Mozilla/5.0 (Linux; Android 6.0.1; Nexus 5X Build/MMB29P) AppleWebKit/537.36 (KHTML, like Gecko) Chrome/145.0.7632.159 Mobile Safari/537.36 (compatible; Googlebot/2.1; +http://www.google.com/bot.html)" "-"
52.200.58.0 - - [22/Mar/2026:01:33:41 -0400] "GET /wp-json/oembed/1.0/embed?path=/homepages/32 HTTP/1.1" 429 267 hawk-cs.com "-" "Mozilla/5.0 AppleWebKit/537.36 (KHTML, like Gecko; compatible; Amazonbot/0.1; +https://developer.amazon.com/support/amazonbot) Chrome/119.0.6045.214 Safari/537.36" "-"
66.249.64.0 - - [22/Mar/2026:01:33:43 -0400] "GET /shop/rhetizite/megaceros132166986959.html HTTP/1.1" 200 212544 hawk-cs.com "-" "Mozilla/5.0 (Linux; Android 6.0.1; Nexus 5X Build/MMB29P) AppleWebKit/537.36 (KHTML, like Gecko) Chrome/145.0.7632.159 Mobile Safari/537.36 (compatible; Googlebot/2.1; +http://www.google.com/bot.html)" "-"
216.73.216.0 - - [22/Mar/2026:01:33:44 -0400] "GET /blackjack-regeln-schweizerisch?path=%2Fhomepages%2F38%2Fd1014936368%2Fhtdocs%2Fclickandbuilds%2FHawkConstruction%2Fwp-content%2Fet-cache%2F3003 HTTP/1.1" 429 267 hawk-cs.com "-" "Mozilla/5.0 AppleWebKit/537.36 (KHTML, like Gecko; compatible; ClaudeBot/1.0; +claudebot@anthropic.com)" "-"
66.249.64.0 - - [22/Mar/2026:01:33:45 -0400] "GET /shop/proliferate/redhot1247526048.html HTTP/1.1" 200 205588 hawk-cs.com "-" "Mozilla/5.0 (Linux; Android 6.0.1; Nexus 5X Build/MMB29P) AppleWebKit/537.36 (KHTML, like Gecko) Chrome/145.0.7632.159 Mobile Safari/537.36 (compatible; Googlebot/2.1; +http://www.google.com/bot.html)" "-"
2a03:2880:f800:: - - [22/Mar/2026:01:33:46 -0400] "GET /shop/consumedly/ridger021587492498.html?path=/homepages/7 HTTP/1.1" 429 267 hawk-cs.com "-" "meta-externalagent/1.1 (+https://developers.facebook.com/docs/sharing/webmasters/crawler)" "-"
216.73.216.0 - - [22/Mar/2026:01:33:46 -0400] "GET /blackjack-regeln-schweizerisch?path=%2Fhomepages%2F38%2Fd1014936368%2Fhtdocs%2Fclickandbuilds%2FHawkConstruction%2Fwp-content%2Fet-cache%2F5877 HTTP/1.1" 429 267 hawk-cs.com "-" "Mozilla/5.0 AppleWebKit/537.36 (KHTML, like Gecko; compatible; ClaudeBot/1.0; +claudebot@anthropic.com)" "-"
216.73.216.0 - - [22/Mar/2026:01:33:46 -0400] "GET /blackjack-regeln-schweizerisch?path=%2Fhomepages%2F38%2Fd1014936368%2Fhtdocs%2Fclickandbuilds%2FHawkConstruction%2Fwp-content%2Fet-cache%2F4656 HTTP/1.1" 429 267 hawk-cs.com "-" "Mozilla/5.0 AppleWebKit/537.36 (KHTML, like Gecko; compatible; ClaudeBot/1.0; +claudebot@anthropic.com)" "-"
216.73.216.0 - - [22/Mar/2026:01:33:46 -0400] "GET /blackjack-regeln-schweizerisch?path=%2Fhomepages%2F38%2Fd1014936368%2Fhtdocs%2Fclickandbuilds%2FHawkConstruction%2Fwp-content%2Fet-cache%2F752 HTTP/1.1" 429 267 hawk-cs.com "-" "Mozilla/5.0 AppleWebKit/537.36 (KHTML, like Gecko; compatible; ClaudeBot/1.0; +claudebot@anthropic.com)" "-"
2a03:2880:f800:: - - [22/Mar/2026:01:33:46 -0400] "GET /shop/lakedweller/sophistry023947932852.html?path=/homepages/42 HTTP/1.1" 429 267 hawk-cs.com "-" "meta-externalagent/1.1 (+https://developers.facebook.com/docs/sharing/webmasters/crawler)" "-"
216.73.216.0 - - [22/Mar/2026:01:33:47 -0400] "GET /blackjack-regeln-schweizerisch?path=%2Fhomepages%2F38%2Fd1014936368%2Fhtdocs%2Fclickandbuilds%2FHawkConstruction%2Fwp-content%2Fet-cache%2F2199 HTTP/1.1" 429 267 hawk-cs.com "-" "Mozilla/5.0 AppleWebKit/537.36 (KHTML, like Gecko; compatible; ClaudeBot/1.0; +claudebot@anthropic.com)" "-"
216.73.216.0 - - [22/Mar/2026:01:33:47 -0400] "GET /blackjack-regeln-schweizerisch?path=%2Fhomepages%2F38%2Fd1014936368%2Fhtdocs%2Fclickandbuilds%2FHawkConstruction%2Fwp-content%2Fet-cache%2F4643 HTTP/1.1" 429 267 hawk-cs.com "-" "Mozilla/5.0 AppleWebKit/537.36 (KHTML, like Gecko; compatible; ClaudeBot/1.0; +claudebot@anthropic.com)" "-"
3.212.219.0 - - [22/Mar/2026:01:33:47 -0400] "GET /category/uncategorized/feed/?path=/homepages/5 HTTP/1.1" 429 267 hawk-cs.com "-" "Mozilla/5.0 AppleWebKit/537.36 (KHTML, like Gecko; compatible; Amazonbot/0.1; +https://developer.amazon.com/support/amazonbot) Chrome/119.0.6045.214 Safari/537.36" "-"
2a03:2880:f800:: - - [22/Mar/2026:01:33:47 -0400] "GET /shop/appoggiatura/minge022131734765.html?path=/homepages HTTP/1.1" 429 267 hawk-cs.com "-" "meta-externalagent/1.1 (+https://developers.facebook.com/docs/sharing/webmasters/crawler)" "-"
66.249.64.0 - - [22/Mar/2026:01:33:47 -0400] "GET /shop/lineality/balladry091624629947.html HTTP/1.1" 200 221420 hawk-cs.com "-" "Mozilla/5.0 (Linux; Android 6.0.1; Nexus 5X Build/MMB29P) AppleWebKit/537.36 (KHTML, like Gecko) Chrome/145.0.7632.159 Mobile Safari/537.36 (compatible; Googlebot/2.1; +http://www.google.com/bot.html)" "-"
216.73.216.0 - - [22/Mar/2026:01:33:47 -0400] "GET /blackjack-regeln-schweizerisch?path=%2Fhomepages%2F38%2Fd1014936368%2Fhtdocs%2Fclickandbuilds%2FHawkConstruction%2Fwp-content%2Fet-cache%2F2255 HTTP/1.1" 429 267 hawk-cs.com "-" "Mozilla/5.0 AppleWebKit/537.36 (KHTML, like Gecko; compatible; ClaudeBot/1.0; +claudebot@anthropic.com)" "-"
216.73.216.0 - - [22/Mar/2026:01:33:48 -0400] "GET /blackjack-regeln-schweizerisch?path=%2Fhomepages%2F38%2Fd1014936368%2Fhtdocs%2Fclickandbuilds%2FHawkConstruction%2Fwp-content%2Fet-cache%2F968 HTTP/1.1" 429 267 hawk-cs.com "-" "Mozilla/5.0 AppleWebKit/537.36 (KHTML, like Gecko; compatible; ClaudeBot/1.0; +claudebot@anthropic.com)" "-"
216.73.216.0 - - [22/Mar/2026:01:33:48 -0400] "GET /blackjack-regeln-schweizerisch?path=%2Fhomepages%2F38%2Fd1014936368%2Fhtdocs%2Fclickandbuilds%2FHawkConstruction%2Fwp-content%2Fet-cache%2F1817 HTTP/1.1" 429 267 hawk-cs.com "-" "Mozilla/5.0 AppleWebKit/537.36 (KHTML, like Gecko; compatible; ClaudeBot/1.0; +claudebot@anthropic.com)" "-"
74.7.243.0 - - [22/Mar/2026:01:33:49 -0400] "GET /shop/murrain/rouncy06869160975.html HTTP/1.1" 429 267 hawk-cs.com "https://hawk-cs.com/sitemap-sub-2034.xml" "Mozilla/5.0 AppleWebKit/537.36 (KHTML, like Gecko; compatible; GPTBot/1.3; +https://openai.com/gptbot)" "-"
35.153.86.0 - - [22/Mar/2026:01:33:50 -0400] "GET /wp-json/wp/v2/categories/1?path=/homepages/31 HTTP/1.1" 429 267 hawk-cs.com "-" "Mozilla/5.0 AppleWebKit/537.36 (KHTML, like Gecko; compatible; Amazonbot/0.1; +https://developer.amazon.com/support/amazonbot) Chrome/119.0.6045.214 Safari/537.36" "-"
216.73.216.0 - - [22/Mar/2026:01:33:50 -0400] "GET /blackjack-regeln-schweizerisch?path=%2Fhomepages%2F38%2Fd1014936368%2Fhtdocs%2Fclickandbuilds%2FHawkConstruction%2Fwp-content%2Fet-cache%2F5145 HTTP/1.1" 429 267 hawk-cs.com "-" "Mozilla/5.0 AppleWebKit/537.36 (KHTML, like Gecko; compatible; ClaudeBot/1.0; +claudebot@anthropic.com)" "-"
66.249.64.0 - - [22/Mar/2026:01:33:51 -0400] "GET /shop/benni/farness131210018803.html HTTP/1.1" 200 218804 hawk-cs.com "-" "Mozilla/5.0 (Linux; Android 6.0.1; Nexus 5X Build/MMB29P) AppleWebKit/537.36 (KHTML, like Gecko) Chrome/145.0.7632.159 Mobile Safari/537.36 (compatible; Googlebot/2.1; +http://www.google.com/bot.html)" "-"
216.73.216.0 - - [22/Mar/2026:01:33:53 -0400] "GET /blackjack-regeln-schweizerisch?path=%2Fhomepages%2F38%2Fd1014936368%2Fhtdocs%2Fclickandbuilds%2FHawkConstruction%2Fwp-content%2Fet-cache%2F2196 HTTP/1.1" 429 267 hawk-cs.com "-" "Mozilla/5.0 AppleWebKit/537.36 (KHTML, like Gecko; compatible; ClaudeBot/1.0; +claudebot@anthropic.com)" "-"
3.225.45.0 - - [22/Mar/2026:01:33:53 -0400] "GET /wp-json/wp/v2/categories/1?path=/homepages/37 HTTP/1.1" 429 267 hawk-cs.com "-" "Mozilla/5.0 AppleWebKit/537.36 (KHTML, like Gecko; compatible; Amazonbot/0.1; +https://developer.amazon.com/support/amazonbot) Chrome/119.0.6045.214 Safari/537.36" "-"
66.249.64.0 - - [22/Mar/2026:01:33:54 -0400] "GET /shop/euterpe/chelaship154164691019.html HTTP/1.1" 200 221801 hawk-cs.com "-" "Mozilla/5.0 (Linux; Android 6.0.1; Nexus 5X Build/MMB29P) AppleWebKit/537.36 (KHTML, like Gecko) Chrome/145.0.7632.159 Mobile Safari/537.36 (compatible; Googlebot/2.1; +http://www.google.com/bot.html)" "-"
216.73.216.0 - - [22/Mar/2026:01:33:54 -0400] "GET /blackjack-regeln-schweizerisch?path=%2Fhomepages%2F38%2Fd1014936368%2Fhtdocs%2Fclickandbuilds%2FHawkConstruction%2Fwp-content%2Fet-cache%2F910 HTTP/1.1" 429 267 hawk-cs.com "-" "Mozilla/5.0 AppleWebKit/537.36 (KHTML, like Gecko; compatible; ClaudeBot/1.0; +claudebot@anthropic.com)" "-"
2a03:2880:f800:: - - [22/Mar/2026:01:33:54 -0400] "GET /shop/valiance/ecclesiarch003977789152.html?path=/homepages/16 HTTP/1.1" 429 267 hawk-cs.com "-" "meta-externalagent/1.1 (+https://developers.facebook.com/docs/sharing/webmasters/crawler)" "-"
2a03:2880:f800:: - - [22/Mar/2026:01:33:56 -0400] "GET /shop/conducible/urosteons023078409299.html?path=/homepages/38/d1014936368/.config HTTP/1.1" 429 267 hawk-cs.com "-" "meta-externalagent/1.1 (+https://developers.facebook.com/docs/sharing/webmasters/crawler)" "-"
216.73.216.0 - - [22/Mar/2026:01:33:56 -0400] "GET /blackjack-regeln-schweizerisch?path=%2Fhomepages%2F38%2Fd1014936368%2Fhtdocs%2Fclickandbuilds%2FHawkConstruction%2Fwp-content%2Fet-cache%2F6552 HTTP/1.1" 429 267 hawk-cs.com "-" "Mozilla/5.0 AppleWebKit/537.36 (KHTML, like Gecko; compatible; ClaudeBot/1.0; +claudebot@anthropic.com)" "-"
66.249.64.0 - - [22/Mar/2026:01:33:56 -0400] "GET /shop/goodden/sootier073274360637.html HTTP/1.1" 200 210923 hawk-cs.com "-" "Mozilla/5.0 (Linux; Android 6.0.1; Nexus 5X Build/MMB29P) AppleWebKit/537.36 (KHTML, like Gecko) Chrome/145.0.7632.159 Mobile Safari/537.36 (compatible; Googlebot/2.1; +http://www.google.com/bot.html)" "-"
216.73.216.0 - - [22/Mar/2026:01:33:57 -0400] "GET /blackjack-regeln-schweizerisch?path=%2Fhomepages%2F38%2Fd1014936368%2Fhtdocs%2Fclickandbuilds%2FHawkConstruction%2Fwp-content%2Fet-cache%2F2964 HTTP/1.1" 429 267 hawk-cs.com "-" "Mozilla/5.0 AppleWebKit/537.36 (KHTML, like Gecko; compatible; ClaudeBot/1.0; +claudebot@anthropic.com)" "-"
2a03:2880:f800:: - - [22/Mar/2026:01:33:57 -0400] "GET /shop/omander/tirailleur022839784894.html?path=/homepages HTTP/1.1" 429 267 hawk-cs.com "-" "meta-externalagent/1.1 (+https://developers.facebook.com/docs/sharing/webmasters/crawler)" "-"
216.73.216.0 - - [22/Mar/2026:01:33:57 -0400] "GET /blackjack-regeln-schweizerisch?path=%2Fhomepages%2F38%2Fd1014936368%2Fhtdocs%2Fclickandbuilds%2FHawkConstruction%2Fwp-content%2Fet-cache%2F2249 HTTP/1.1" 429 267 hawk-cs.com "-" "Mozilla/5.0 AppleWebKit/537.36 (KHTML, like Gecko; compatible; ClaudeBot/1.0; +claudebot@anthropic.com)" "-"
216.73.216.0 - - [22/Mar/2026:01:33:57 -0400] "GET /blackjack-regeln-schweizerisch?path=%2Fhomepages%2F38%2Fd1014936368%2Fhtdocs%2Fclickandbuilds%2FHawkConstruction%2Fwp-content%2Fet-cache%2F736 HTTP/1.1" 429 267 hawk-cs.com "-" "Mozilla/5.0 AppleWebKit/537.36 (KHTML, like Gecko; compatible; ClaudeBot/1.0; +claudebot@anthropic.com)" "-"
66.249.64.0 - - [22/Mar/2026:01:33:58 -0400] "GET /shop/alcoholometer/exaltment013749650850.html HTTP/1.1" 200 217813 hawk-cs.com "-" "Mozilla/5.0 (Linux; Android 6.0.1; Nexus 5X Build/MMB29P) AppleWebKit/537.36 (KHTML, like Gecko) Chrome/145.0.7632.159 Mobile Safari/537.36 (compatible; Googlebot/2.1; +http://www.google.com/bot.html)" "-"
216.73.216.0 - - [22/Mar/2026:01:33:58 -0400] "GET /blackjack-regeln-schweizerisch?path=%2Fhomepages%2F38%2Fd1014936368%2Fhtdocs%2Fclickandbuilds%2FHawkConstruction%2Fwp-content%2Fet-cache%2F5367 HTTP/1.1" 429 267 hawk-cs.com "-" "Mozilla/5.0 AppleWebKit/537.36 (KHTML, like Gecko; compatible; ClaudeBot/1.0; +claudebot@anthropic.com)" "-"
2a03:2880:f800:: - - [22/Mar/2026:01:33:58 -0400] "GET /shop/accensor/amove022306095825.html?path=/homepages/38/d1014936368/htdocs/clickandbuilds/HawkConstruction/.metadata HTTP/1.1" 429 267 hawk-cs.com "-" "meta-externalagent/1.1 (+https://developers.facebook.com/docs/sharing/webmasters/crawler)" "-"
34.194.95.0 - - [22/Mar/2026:01:33:58 -0400] "GET /wp-json/wp/v2/posts/879?path=/homepages/0 HTTP/1.1" 429 267 hawk-cs.com "-" "Mozilla/5.0 AppleWebKit/537.36 (KHTML, like Gecko; compatible; Amazonbot/0.1; +https://developer.amazon.com/support/amazonbot) Chrome/119.0.6045.214 Safari/537.36" "-"
216.73.216.0 - - [22/Mar/2026:01:33:58 -0400] "GET /blackjack-regeln-schweizerisch?path=%2Fhomepages%2F38%2Fd1014936368%2Fhtdocs%2Fclickandbuilds%2FHawkConstruction%2Fwp-content%2Fet-cache%2F2913 HTTP/1.1" 429 267 hawk-cs.com "-" "Mozilla/5.0 AppleWebKit/537.36 (KHTML, like Gecko; compatible; ClaudeBot/1.0; +claudebot@anthropic.com)" "-"
216.73.216.0 - - [22/Mar/2026:01:33:59 -0400] "GET /?path=%2F%2Fkunden%2Fhomepages%2F2%2Fd1013576575 HTTP/1.1" 429 267 hawk-cs.com "-" "Mozilla/5.0 AppleWebKit/537.36 (KHTML, like Gecko; compatible; ClaudeBot/1.0; +claudebot@anthropic.com)" "-"
2a03:2880:f800:: - - [22/Mar/2026:01:33:59 -0400] "GET /shop/coffea/integrable002444458556.html?path=/homepages/38/d1014802653 HTTP/1.1" 429 267 hawk-cs.com "-" "meta-externalagent/1.1 (+https://developers.facebook.com/docs/sharing/webmasters/crawler)" "-"
216.73.216.0 - - [22/Mar/2026:01:33:59 -0400] "GET /blackjack-regeln-schweizerisch?path=%2Fhomepages%2F38%2Fd1014936368%2Fhtdocs%2Fclickandbuilds%2FHawkConstruction%2Fwp-content%2Fet-cache%2F2145 HTTP/1.1" 429 267 hawk-cs.com "-" "Mozilla/5.0 AppleWebKit/537.36 (KHTML, like Gecko; compatible; ClaudeBot/1.0; +claudebot@anthropic.com)" "-"
66.249.64.0 - - [22/Mar/2026:01:34:00 -0400] "GET /shop/parasceve/balanite012953133594.html HTTP/1.1" 200 198468 hawk-cs.com "-" "Mozilla/5.0 (Linux; Android 6.0.1; Nexus 5X Build/MMB29P) AppleWebKit/537.36 (KHTML, like Gecko) Chrome/145.0.7632.159 Mobile Safari/537.36 (compatible; Googlebot/2.1; +http://www.google.com/bot.html)" "-"
216.73.216.0 - - [22/Mar/2026:01:34:00 -0400] "GET /blackjack-regeln-schweizerisch?path=%2Fhomepages%2F38%2Fd1014936368%2Fhtdocs%2Fclickandbuilds%2FHawkConstruction%2Fwp-content%2Fet-cache%2F2192 HTTP/1.1" 429 267 hawk-cs.com "-" "Mozilla/5.0 AppleWebKit/537.36 (KHTML, like Gecko; compatible; ClaudeBot/1.0; +claudebot@anthropic.com)" "-"
2a03:2880:f800:: - - [22/Mar/2026:01:34:00 -0400] "GET /shop/islamic/beaucatcher023162431806.html?path=/homepages/24 HTTP/1.1" 429 267 hawk-cs.com "-" "meta-externalagent/1.1 (+https://developers.facebook.com/docs/sharing/webmasters/crawler)" "-"
66.249.64.0 - - [22/Mar/2026:01:34:01 -0400] "GET /shop/transjordan/decidua092577234879.html HTTP/1.1" 200 223994 hawk-cs.com "-" "Mozilla/5.0 (Linux; Android 6.0.1; Nexus 5X Build/MMB29P) AppleWebKit/537.36 (KHTML, like Gecko) Chrome/145.0.7632.159 Mobile Safari/537.36 (compatible; Googlebot/2.1; +http://www.google.com/bot.html)" "-"
2a03:2880:f800:: - - [22/Mar/2026:01:34:02 -0400] "GET /shop/infecting/cherubim02966031011.html?path=/homepages/38/d1014936368/htdocs/clickandbuilds/HawkConstruction/.local HTTP/1.1" 429 267 hawk-cs.com "-" "meta-externalagent/1.1 (+https://developers.facebook.com/docs/sharing/webmasters/crawler)" "-"
3.226.106.0 - - [22/Mar/2026:01:34:02 -0400] "GET /?path=/homepages/38/d1014936368/htdocs/clickandbuilds/HawkConstruction/wp-includes/assets HTTP/1.1" 200 29331 hawk-cs.com "-" "Mozilla/5.0 AppleWebKit/537.36 (KHTML, like Gecko; compatible; Amazonbot/0.1; +https://developer.amazon.com/support/amazonbot) Chrome/119.0.6045.214 Safari/537.36" "-"
66.249.64.0 - - [22/Mar/2026:01:34:02 -0400] "GET /shop/inquietness/inking013431466939.html HTTP/1.1" 200 217759 hawk-cs.com "-" "Mozilla/5.0 (Linux; Android 6.0.1; Nexus 5X Build/MMB29P) AppleWebKit/537.36 (KHTML, like Gecko) Chrome/145.0.7632.159 Mobile Safari/537.36 (compatible; Googlebot/2.1; +http://www.google.com/bot.html)" "-"
216.73.216.0 - - [22/Mar/2026:01:34:02 -0400] "GET /blackjack-regeln-schweizerisch?path=%2Fhomepages%2F38%2Fd1014936368%2Fhtdocs%2Fclickandbuilds%2FHawkConstruction%2Fwp-content%2Fet-cache%2F320 HTTP/1.1" 429 267 hawk-cs.com "-" "Mozilla/5.0 AppleWebKit/537.36 (KHTML, like Gecko; compatible; ClaudeBot/1.0; +claudebot@anthropic.com)" "-"
2a03:2880:f800:: - - [22/Mar/2026:01:34:04 -0400] "GET /shop/fetterless/propterygial023038341930.html?path=//proc HTTP/1.1" 429 267 hawk-cs.com "-" "meta-externalagent/1.1 (+https://developers.facebook.com/docs/sharing/webmasters/crawler)" "-"
